000
CDUS41 KOKX 052135
CLIJFK


CLIMATE REPORT
NATIONAL WEATHER SERVICE NEW YORK NY
435 PM EST SUN FEB 5 2017


...................................

...THE KENNEDY NY CLIMATE SUMMARY FOR FEBRUARY 5 2017...
VALID TODAY AS OF 0400 PM LOCAL TIME.

CLIMATE NORMAL PERIOD 1981 TO 2010
CLIMATE RECORD PERIOD 1948 TO 2017


WEATHER ITEM   OBSERVED TIME   RECORD YEAR NORMAL DEPARTURE LAST
                VALUE   (LST)  VALUE       VALUE  FROM      YEAR
                                                  NORMAL
..................................................................
TEMPERATURE (F)
 TODAY
  MAXIMUM         41    359 PM  66    1991  40      1       43
  MINIMUM         30   1216 AM   7    1996  27      3       32
  AVERAGE         36                        34      2       38

PRECIPITATION (IN)
  TODAY            0.00          1.20 2014   0.09  -0.09     0.76
  MONTH TO DATE    T                         0.45  -0.45     1.24
  SINCE DEC 1      7.70                      7.00   0.70    10.62
  SINCE JAN 1      4.64                      3.61   1.03     5.83

SNOWFALL (IN)
  TODAY            0.0           4.6  2016   0.3   -0.3      4.6
  MONTH TO DATE    T                         1.5   -1.5      4.6
  SINCE OCT 1     15.0                      12.7    2.3     36.0
  SINCE JUL 1     15.0                      12.7    2.3     36.0
  SNOW DEPTH       0

DEGREE DAYS
 HEATING
  TODAY           29                        32     -3       27
  MONTH TO DATE  152                       160     -8       96
  SINCE DEC 1   1746                      2006   -260     1473
  SINCE JUL 1   2386                      2830   -444     2064

 COOLING
  TODAY            0                         0      0        0
  MONTH TO DATE    0                         0      0        0
  SINCE DEC 1      0                         0      0        0
  SINCE JAN 1      0                         0      0        0
..................................................................


WIND (MPH)
  HIGHEST WIND SPEED    25   HIGHEST WIND DIRECTION    SW (210)
  HIGHEST GUST SPEED    29   HIGHEST GUST DIRECTION    SW (210)
  AVERAGE WIND SPEED    13.2


SKY COVER
  AVERAGE SKY COVER 0.9


WEATHER CONDITIONS
 THE FOLLOWING WEATHER WAS RECORDED TODAY.
  NO SIGNIFICANT WEATHER WAS OBSERVED.


RELATIVE HUMIDITY (PERCENT)
 HIGHEST    69           700 AM
 LOWEST     43          1200 AM
 AVERAGE    56

..........................................................


THE KENNEDY NY CLIMATE NORMALS FOR TOMORROW
                         NORMAL    RECORD    YEAR
 MAXIMUM TEMPERATURE (F)   40        67      2008
 MINIMUM TEMPERATURE (F)   27         7      1995


SUNRISE AND SUNSET
FEBRUARY  5 2017......SUNRISE   701 AM EST   SUNSET   518 PM EST
FEBRUARY  6 2017......SUNRISE   700 AM EST   SUNSET   519 PM EST


-  INDICATES NEGATIVE NUMBERS.
R  INDICATES RECORD WAS SET OR TIED.
MM INDICATES DATA IS MISSING.
T  INDICATES TRACE AMOUNT.




$$
