000
CDUS41 KOKX 230621
CLIJFK


CLIMATE REPORT
NATIONAL WEATHER SERVICE NEW YORK NY
220 AM EDT TUE SEP 23 2014


...................................

...THE KENNEDY NY CLIMATE SUMMARY FOR SEPTEMBER 22 2014...

CLIMATE NORMAL PERIOD 1981 TO 2010
CLIMATE RECORD PERIOD 1949 TO 2014


WEATHER ITEM   OBSERVED TIME   RECORD YEAR NORMAL DEPARTURE LAST
                VALUE   (LST)  VALUE       VALUE  FROM      YEAR
                                                  NORMAL
..................................................................
TEMPERATURE (F)
 YESTERDAY
  MAXIMUM         73    241 PM  91    1980  73      0       72
  MINIMUM         55   1159 PM  41    1962  59     -4       55
  AVERAGE         64                        66     -2       64

PRECIPITATION (IN)
  YESTERDAY        T             1.18 1994   0.13  -0.13     1.16
  MONTH TO DATE    1.17                      2.48  -1.31     1.92
  SINCE SEP 1      1.17                      2.48  -1.31     1.92
  SINCE JAN 1     35.28                     31.44   3.84    28.11

SNOWFALL (IN)
  YESTERDAY        0.0          MM      MM   0.0    0.0      0.0
  MONTH TO DATE    0.0                       0.0    0.0      0.0
  SINCE OCT 1     45.6                      23.8   21.8     17.6
  SINCE JUL 1      0.0                       0.0    0.0      0.0
  SNOW DEPTH       0

DEGREE DAYS
 HEATING
  YESTERDAY        1                         2     -1        1
  MONTH TO DATE   10                        14     -4       21
  SINCE SEP 1     10                        14     -4       21
  SINCE JUL 1     10                        15     -5       21

 COOLING
  YESTERDAY        0                         3     -3        0
  MONTH TO DATE  140                       115     25      113
  SINCE SEP 1    140                       115     25      113
  SINCE JAN 1   1003                       976     27     1072
..................................................................


WIND (MPH)
  HIGHEST WIND SPEED    25   HIGHEST WIND DIRECTION    NW (320)
  HIGHEST GUST SPEED    31   HIGHEST GUST DIRECTION    NW (330)
  AVERAGE WIND SPEED    15.9


SKY COVER
  POSSIBLE SUNSHINE  MM
  AVERAGE SKY COVER 0.5


WEATHER CONDITIONS
 THE FOLLOWING WEATHER WAS RECORDED YESTERDAY.
  LIGHT RAIN


RELATIVE HUMIDITY (PERCENT)
 HIGHEST    73           300 AM
 LOWEST     38           400 PM
 AVERAGE    56

..........................................................


THE KENNEDY NY CLIMATE NORMALS FOR TODAY
                         NORMAL    RECORD    YEAR
 MAXIMUM TEMPERATURE (F)   73        90      1970
 MINIMUM TEMPERATURE (F)   58        43      1963


SUNRISE AND SUNSET
SEPTEMBER 23 2014.....SUNRISE   644 AM EDT   SUNSET   651 PM EDT
SEPTEMBER 24 2014.....SUNRISE   645 AM EDT   SUNSET   649 PM EDT


-  INDICATES NEGATIVE NUMBERS.
R  INDICATES RECORD WAS SET OR TIED.
MM INDICATES DATA IS MISSING.
T  INDICATES TRACE AMOUNT.




$$
