000
CDUS41 KOKX 150615
CLIJFK


CLIMATE REPORT
NATIONAL WEATHER SERVICE NEW YORK NY
215 AM EDT WED OCT 15 2014


...................................

...THE KENNEDY NY CLIMATE SUMMARY FOR OCTOBER 14 2014...

CLIMATE NORMAL PERIOD 1981 TO 2010
CLIMATE RECORD PERIOD 1949 TO 2014


WEATHER ITEM   OBSERVED TIME   RECORD YEAR NORMAL DEPARTURE LAST
                VALUE   (LST)  VALUE       VALUE  FROM      YEAR
                                                  NORMAL
..................................................................
TEMPERATURE (F)
 YESTERDAY
  MAXIMUM         75   1247 PM  82    1990  65     10       66
                                      1975
  MINIMUM         64    258 AM  37    1993  50     14       49
  AVERAGE         70                        58     12       58

PRECIPITATION (IN)
  YESTERDAY        0.00          4.66 2005   0.12  -0.12     0.00
  MONTH TO DATE    1.27                      1.72  -0.45     0.27
  SINCE SEP 1      2.70                      5.22  -2.52     2.19
  SINCE JAN 1     36.81                     34.18   2.63    28.38

SNOWFALL (IN)
  YESTERDAY        0.0          MM      MM   0.0    0.0      0.0
  MONTH TO DATE    0.0                       0.0    0.0      0.0
  SINCE OCT 1      0.0                       0.0    0.0      0.0
  SINCE JUL 1      0.0                       0.0    0.0      0.0
  SNOW DEPTH       0

DEGREE DAYS
 HEATING
  YESTERDAY        0                         8     -8        7
  MONTH TO DATE   61                        83    -22       25
  SINCE SEP 1     80                       121    -41       70
  SINCE JUL 1     80                       122    -42       70

 COOLING
  YESTERDAY        5                         0      5        0
  MONTH TO DATE   14                        12      2       37
  SINCE SEP 1    178                       142     36      150
  SINCE JAN 1   1041                      1003     38     1109
..................................................................


WIND (MPH)
  HIGHEST WIND SPEED    22   HIGHEST WIND DIRECTION     S (160)
  HIGHEST GUST SPEED    28   HIGHEST GUST DIRECTION     S (160)
  AVERAGE WIND SPEED    13.4


SKY COVER
  POSSIBLE SUNSHINE  MM
  AVERAGE SKY COVER 0.8


WEATHER CONDITIONS
 THE FOLLOWING WEATHER WAS RECORDED YESTERDAY.
  NO SIGNIFICANT WEATHER WAS OBSERVED.


RELATIVE HUMIDITY (PERCENT)
 HIGHEST    93           200 AM
 LOWEST     68          1100 AM
 AVERAGE    81

..........................................................


THE KENNEDY NY CLIMATE NORMALS FOR TODAY
                         NORMAL    RECORD    YEAR
 MAXIMUM TEMPERATURE (F)   65        82      1975
 MINIMUM TEMPERATURE (F)   50        37      1999


SUNRISE AND SUNSET
OCTOBER 15 2014.......SUNRISE   706 AM EDT   SUNSET   615 PM EDT
OCTOBER 16 2014.......SUNRISE   707 AM EDT   SUNSET   613 PM EDT


-  INDICATES NEGATIVE NUMBERS.
R  INDICATES RECORD WAS SET OR TIED.
MM INDICATES DATA IS MISSING.
T  INDICATES TRACE AMOUNT.




$$
