000
CDUS41 KOKX 260617
CLIJFK


CLIMATE REPORT
NATIONAL WEATHER SERVICE NEW YORK NY
216 AM EDT TUE MAY 26 2015


...................................

...THE KENNEDY NY CLIMATE SUMMARY FOR MAY 25 2015...

CLIMATE NORMAL PERIOD 1981 TO 2010
CLIMATE RECORD PERIOD 1949 TO 2015


WEATHER ITEM   OBSERVED TIME   RECORD YEAR NORMAL DEPARTURE LAST
                VALUE   (LST)  VALUE       VALUE  FROM      YEAR
                                                  NORMAL
..................................................................
TEMPERATURE (F)
 YESTERDAY
  MAXIMUM         77    155 PM  91    1991  71      6       78
  MINIMUM         57    432 AM  41    1967  56      1       56
  AVERAGE         67                        63      4       67

PRECIPITATION (IN)
  YESTERDAY        0.00          0.95 1997   0.14  -0.14     0.00
  MONTH TO DATE    0.44                      3.08  -2.64     3.57
  SINCE MAR 1      6.93                     10.73  -3.80    14.81
  SINCE JAN 1     14.59                     16.48  -1.89    22.41

SNOWFALL (IN)
  YESTERDAY        0.0          MM      MM   0.0    0.0      0.0
  MONTH TO DATE    0.0                       0.0    0.0      0.0
  SINCE OCT 1     44.2                      23.8   20.4     45.6
  SINCE JUL 1     44.2                      23.8   20.4     45.6
  SNOW DEPTH       0

DEGREE DAYS
 HEATING
  YESTERDAY        0                         3     -3        0
  MONTH TO DATE   77                       151    -74       83
  SINCE MAR 1   1279                      1291    -12     1375
  SINCE JUL 1   4971                      4802    169     5082

 COOLING
  YESTERDAY        2                         2      0        2
  MONTH TO DATE   32                        18     14       15
  SINCE MAR 1     32                        21     11       15
  SINCE JAN 1     32                        21     11       15
..................................................................


WIND (MPH)
  HIGHEST WIND SPEED    31   HIGHEST WIND DIRECTION     S (190)
  HIGHEST GUST SPEED    39   HIGHEST GUST DIRECTION     S (190)
  AVERAGE WIND SPEED    12.7


SKY COVER
  POSSIBLE SUNSHINE  MM
  AVERAGE SKY COVER 0.6


WEATHER CONDITIONS
 THE FOLLOWING WEATHER WAS RECORDED YESTERDAY.
  NO SIGNIFICANT WEATHER WAS OBSERVED.


RELATIVE HUMIDITY (PERCENT)
 HIGHEST    86           500 AM
 LOWEST     50           200 PM
 AVERAGE    68

..........................................................


THE KENNEDY NY CLIMATE NORMALS FOR TODAY
                         NORMAL    RECORD    YEAR
 MAXIMUM TEMPERATURE (F)   72        91      2010
                                             1965
 MINIMUM TEMPERATURE (F)   56        42      1967


SUNRISE AND SUNSET
MAY 26 2015...........SUNRISE   530 AM EDT   SUNSET   815 PM EDT
MAY 27 2015...........SUNRISE   529 AM EDT   SUNSET   816 PM EDT


-  INDICATES NEGATIVE NUMBERS.
R  INDICATES RECORD WAS SET OR TIED.
MM INDICATES DATA IS MISSING.
T  INDICATES TRACE AMOUNT.




$$
