000
CDUS41 KOKX 220619
CLIJFK


CLIMATE REPORT
NATIONAL WEATHER SERVICE NEW YORK NY
219 AM EDT FRI JUL 22 2016


...................................

...THE KENNEDY NY CLIMATE SUMMARY FOR JULY 21 2016...

CLIMATE NORMAL PERIOD 1981 TO 2010
CLIMATE RECORD PERIOD 1948 TO 2016


WEATHER ITEM   OBSERVED TIME   RECORD YEAR NORMAL DEPARTURE LAST
                VALUE   (LST)  VALUE       VALUE  FROM      YEAR
                                                  NORMAL
..................................................................
TEMPERATURE (F)
 YESTERDAY
  MAXIMUM         85    114 PM  99    1991  84      1       89
  MINIMUM         70    441 AM  58    1965  69      1       76
  AVERAGE         78                        76      2       83

PRECIPITATION (IN)
  YESTERDAY        0.00          2.45 1948   0.13  -0.13      T
  MONTH TO DATE    2.31                      2.71  -0.40     1.34
  SINCE JUN 1      3.92                      6.57  -2.65     6.33
  SINCE JAN 1     18.90                     23.91  -5.01    20.94

SNOWFALL (IN)
  YESTERDAY        0.0          MM      MM   0.0    0.0      0.0
  MONTH TO DATE    0.0                       0.0    0.0      0.0
  SINCE OCT 1     41.4                      23.8   17.6     44.2
  SINCE JUL 1      0.0                       0.0    0.0      0.0
  SNOW DEPTH       0

DEGREE DAYS
 HEATING
  YESTERDAY        0                         0      0        0
  MONTH TO DATE    0                         0      0        0
  SINCE JUN 1      3                        21    -18       29
  SINCE JUL 1      0                         0      0        0

 COOLING
  YESTERDAY       13                        11      2       18
  MONTH TO DATE  264                       224     40      269
  SINCE JUN 1    482                       407     75      494
  SINCE JAN 1    533                       442     91      554
..................................................................


WIND (MPH)
  HIGHEST WIND SPEED    26   HIGHEST WIND DIRECTION     S (190)
  HIGHEST GUST SPEED    33   HIGHEST GUST DIRECTION     S (190)
  AVERAGE WIND SPEED    14.2


SKY COVER
  POSSIBLE SUNSHINE  MM
  AVERAGE SKY COVER 0.4


WEATHER CONDITIONS
 THE FOLLOWING WEATHER WAS RECORDED YESTERDAY.
  NO SIGNIFICANT WEATHER WAS OBSERVED.


RELATIVE HUMIDITY (PERCENT)
 HIGHEST    82           800 PM
 LOWEST     47          1100 AM
 AVERAGE    65

..........................................................


THE KENNEDY NY CLIMATE NORMALS FOR TODAY
                         NORMAL    RECORD    YEAR
 MAXIMUM TEMPERATURE (F)   84       103      2011
 MINIMUM TEMPERATURE (F)   69        59      1966


SUNRISE AND SUNSET
JULY 22 2016..........SUNRISE   543 AM EDT   SUNSET   819 PM EDT
JULY 23 2016..........SUNRISE   544 AM EDT   SUNSET   819 PM EDT


-  INDICATES NEGATIVE NUMBERS.
R  INDICATES RECORD WAS SET OR TIED.
MM INDICATES DATA IS MISSING.
T  INDICATES TRACE AMOUNT.




$$
