000
CDUS41 KOKX 242032
CLIJFK


CLIMATE REPORT
NATIONAL WEATHER SERVICE NEW YORK NY
432 PM EDT FRI JUL 24 2015


...................................

...THE KENNEDY NY CLIMATE SUMMARY FOR JULY 24 2015...
VALID TODAY AS OF 0400 PM LOCAL TIME.

CLIMATE NORMAL PERIOD 1981 TO 2010
CLIMATE RECORD PERIOD 1949 TO 2015


WEATHER ITEM   OBSERVED TIME   RECORD YEAR NORMAL DEPARTURE LAST
                VALUE   (LST)  VALUE       VALUE  FROM      YEAR
                                                  NORMAL
..................................................................
TEMPERATURE (F)
 TODAY
  MAXIMUM         87   1151 AM  97    2010  84      3       83
  MINIMUM         68    412 AM  58    1997  69     -1       72
                                      1985
  AVERAGE         78                        76      2       78

PRECIPITATION (IN)
  TODAY            0.00          3.27 1997   0.13  -0.13     0.00
  MONTH TO DATE    1.34                      3.11  -1.77     4.22
  SINCE JUN 1      6.33                      6.97  -0.64     6.83
  SINCE JAN 1     20.94                     24.31  -3.37    29.27

SNOWFALL (IN)
  TODAY            0.0          MM      MM   0.0    0.0      0.0
  MONTH TO DATE    0.0                       0.0    0.0      0.0
  SINCE OCT 1     44.2                      23.8   20.4     45.6
  SINCE JUL 1      0.0                       0.0    0.0      0.0
  SNOW DEPTH       0

DEGREE DAYS
 HEATING
  TODAY            0                         0      0        0
  MONTH TO DATE    0                         0      0        0
  SINCE JUN 1     29                        21      8        0
  SINCE JUL 1      0                         0      0        0

 COOLING
  TODAY           13                        11      2       13
  MONTH TO DATE  312                       257     55      265
  SINCE JUN 1    537                       440     97      473
  SINCE JAN 1    597                       475    122      505
..................................................................


WIND (MPH)
  HIGHEST WIND SPEED    16   HIGHEST WIND DIRECTION    NE (60)
  HIGHEST GUST SPEED    28   HIGHEST GUST DIRECTION     E (80)
  AVERAGE WIND SPEED     7.2


SKY COVER
  AVERAGE SKY COVER 0.4


WEATHER CONDITIONS
 THE FOLLOWING WEATHER WAS RECORDED TODAY.
  NO SIGNIFICANT WEATHER WAS OBSERVED.


RELATIVE HUMIDITY (PERCENT)
 HIGHEST    57           200 AM
 LOWEST     24          1200 PM
 AVERAGE    41

..........................................................


THE KENNEDY NY CLIMATE NORMALS FOR TOMORROW
                         NORMAL    RECORD    YEAR
 MAXIMUM TEMPERATURE (F)   84        93      2010
 MINIMUM TEMPERATURE (F)   69        59      1997
                                             1992


SUNRISE AND SUNSET
JULY 24 2015..........SUNRISE   544 AM EDT   SUNSET   818 PM EDT
JULY 25 2015..........SUNRISE   545 AM EDT   SUNSET   818 PM EDT


-  INDICATES NEGATIVE NUMBERS.
R  INDICATES RECORD WAS SET OR TIED.
MM INDICATES DATA IS MISSING.
T  INDICATES TRACE AMOUNT.




$$
