000
CDUS41 KOKX 190630
CLIJFK


CLIMATE REPORT
NATIONAL WEATHER SERVICE NEW YORK NY
230 AM EDT THU MAR 19 2015


...................................

...THE KENNEDY NY CLIMATE SUMMARY FOR MARCH 18 2015...

CLIMATE NORMAL PERIOD 1981 TO 2010
CLIMATE RECORD PERIOD 1949 TO 2015


WEATHER ITEM   OBSERVED TIME   RECORD YEAR NORMAL DEPARTURE LAST
                VALUE   (LST)  VALUE       VALUE  FROM      YEAR
                                                  NORMAL
..................................................................
TEMPERATURE (F)
 YESTERDAY
  MAXIMUM         41    325 PM  79    2011  50     -9       43
  MINIMUM         30   1143 PM   9    1967  35     -5       25
  AVERAGE         36                        42     -6       34

PRECIPITATION (IN)
  YESTERDAY        T             1.30 1983   0.12  -0.12     0.00
  MONTH TO DATE    3.90                      2.07   1.83     0.20
  SINCE MAR 1      3.90                      2.07   1.83     0.20
  SINCE JAN 1     11.56                      7.82   3.74     7.80

SNOWFALL (IN)
  YESTERDAY        T             2.9  1949   0.1   -0.1      0.0
  MONTH TO DATE   10.1                       2.6    7.5      0.6
  SINCE OCT 1     41.2                      22.1   19.1     45.5
  SINCE JUL 1     41.2                      22.1   19.1     45.5
  SNOW DEPTH       0

DEGREE DAYS
 HEATING
  YESTERDAY       29                        23      6       31
  MONTH TO DATE  501                       454     47      529
  SINCE MAR 1    501                       454     47      529
  SINCE JUL 1   4193                      3965    228     4236

 COOLING
  YESTERDAY        0                         0      0        0
  MONTH TO DATE    0                         0      0        0
  SINCE MAR 1      0                         0      0        0
  SINCE JAN 1      0                         0      0        0
..................................................................


WIND (MPH)
  HIGHEST WIND SPEED    36   HIGHEST WIND DIRECTION    NW (310)
  HIGHEST GUST SPEED    44   HIGHEST GUST DIRECTION    NW (320)
  AVERAGE WIND SPEED    18.7


SKY COVER
  POSSIBLE SUNSHINE  MM
  AVERAGE SKY COVER 0.4


WEATHER CONDITIONS
 THE FOLLOWING WEATHER WAS RECORDED YESTERDAY.
  NO SIGNIFICANT WEATHER WAS OBSERVED.


RELATIVE HUMIDITY (PERCENT)
 HIGHEST    43           600 AM
 LOWEST     25           400 PM
 AVERAGE    34

..........................................................


THE KENNEDY NY CLIMATE NORMALS FOR TODAY
                         NORMAL    RECORD    YEAR
 MAXIMUM TEMPERATURE (F)   50        69      2010
 MINIMUM TEMPERATURE (F)   35         7      1967


SUNRISE AND SUNSET
MARCH 19 2015.........SUNRISE   701 AM EDT   SUNSET   706 PM EDT
MARCH 20 2015.........SUNRISE   659 AM EDT   SUNSET   707 PM EDT


-  INDICATES NEGATIVE NUMBERS.
R  INDICATES RECORD WAS SET OR TIED.
MM INDICATES DATA IS MISSING.
T  INDICATES TRACE AMOUNT.




$$
