000
CDUS41 KOKX 182036
CLIJFK


CLIMATE REPORT
NATIONAL WEATHER SERVICE NEW YORK NY
436 PM EDT MON APR 18 2016


...................................

...THE KENNEDY NY CLIMATE SUMMARY FOR APRIL 18 2016...
VALID TODAY AS OF 0400 PM LOCAL TIME.

CLIMATE NORMAL PERIOD 1981 TO 2010
CLIMATE RECORD PERIOD 1949 TO 2016


WEATHER ITEM   OBSERVED TIME   RECORD YEAR NORMAL DEPARTURE LAST
                VALUE   (LST)  VALUE       VALUE  FROM      YEAR
                                                  NORMAL
..................................................................
TEMPERATURE (F)
 TODAY
  MAXIMUM         78   1247 PM  86    2002  60     18       73
  MINIMUM         45    352 AM  35    2003  44      1       51
  AVERAGE         62                        52     10       62

PRECIPITATION (IN)
  TODAY            0.00          0.56 1997   0.13  -0.13     0.00
  MONTH TO DATE    1.03                      2.40  -1.37     0.49
  SINCE MAR 1      2.42                      6.18  -3.76     5.37
  SINCE JAN 1     11.06                     11.93  -0.87    13.03

SNOWFALL (IN)
  TODAY            0.0          MM      MM   0.0    0.0      0.0
  MONTH TO DATE    T                         0.7   -0.7      0.0
  SINCE OCT 1     41.4                      23.7   17.7     44.2
  SINCE JUL 1     41.4                      23.7   17.7     44.2
  SNOW DEPTH       0

DEGREE DAYS
 HEATING
  TODAY            3                        13    -10        3
  MONTH TO DATE  308                       285     23      238
  SINCE MAR 1    841                      1010   -169     1075
  SINCE JUL 1   3595                      4521   -926     4767

 COOLING
  TODAY            0                         0      0        0
  MONTH TO DATE    0                         0      0        0
  SINCE MAR 1      0                         0      0        0
  SINCE JAN 1      0                         0      0        0
..................................................................


WIND (MPH)
  HIGHEST WIND SPEED    18   HIGHEST WIND DIRECTION     N (20)
  HIGHEST GUST SPEED    23   HIGHEST GUST DIRECTION     N (20)
  AVERAGE WIND SPEED     8.1


SKY COVER
  AVERAGE SKY COVER 0.4


WEATHER CONDITIONS
 THE FOLLOWING WEATHER WAS RECORDED TODAY.
  NO SIGNIFICANT WEATHER WAS OBSERVED.


RELATIVE HUMIDITY (PERCENT)
 HIGHEST    71           500 AM
 LOWEST     14          1100 AM
 AVERAGE    43

..........................................................


THE KENNEDY NY CLIMATE NORMALS FOR TOMORROW
                         NORMAL    RECORD    YEAR
 MAXIMUM TEMPERATURE (F)   60        84      1985
 MINIMUM TEMPERATURE (F)   45        34      2001


SUNRISE AND SUNSET
APRIL 18 2016.........SUNRISE   611 AM EDT   SUNSET   738 PM EDT
APRIL 19 2016.........SUNRISE   610 AM EDT   SUNSET   739 PM EDT


-  INDICATES NEGATIVE NUMBERS.
R  INDICATES RECORD WAS SET OR TIED.
MM INDICATES DATA IS MISSING.
T  INDICATES TRACE AMOUNT.




$$
