000
CDUS41 KOKX 110621
CLIJFK


CLIMATE REPORT
NATIONAL WEATHER SERVICE NEW YORK NY
121 AM EST THU DEC 11 2014


...................................

...THE KENNEDY NY CLIMATE SUMMARY FOR DECEMBER 10 2014...

CLIMATE NORMAL PERIOD 1981 TO 2010
CLIMATE RECORD PERIOD 1949 TO 2014


WEATHER ITEM   OBSERVED TIME   RECORD YEAR NORMAL DEPARTURE LAST
                VALUE   (LST)  VALUE       VALUE  FROM      YEAR
                                                  NORMAL
..................................................................
TEMPERATURE (F)
 YESTERDAY
  MAXIMUM         42    333 AM  58    2008  46     -4       38
                                      1987
  MINIMUM         34    854 PM   9    1968  33      1       30
  AVERAGE         38                        39     -1       34

PRECIPITATION (IN)
  YESTERDAY        0.11          0.88 1969   0.12  -0.01     0.28
  MONTH TO DATE    5.30                      1.18   4.12     1.31
  SINCE DEC 1      5.30                      1.18   4.12     1.31
  SINCE JAN 1     49.01                     40.56   8.45    32.29

SNOWFALL (IN)
  YESTERDAY        0.3           2.1  2013   0.1    0.2      2.1
  MONTH TO DATE    0.3                       0.9   -0.6      2.8
  SINCE OCT 1      0.4                       1.1   -0.7      3.0
  SINCE JUL 1      0.4                       1.1   -0.7      3.0
  SNOW DEPTH       0

DEGREE DAYS
 HEATING
  YESTERDAY       27                        26      1       31
  MONTH TO DATE  228                       242    -14      234
  SINCE DEC 1    228                       242    -14      234
  SINCE JUL 1   1012                      1066    -54     1048

 COOLING
  YESTERDAY        0                         0      0        0
  MONTH TO DATE    0                         0      0        0
  SINCE DEC 1      0                         0      0        0
  SINCE JAN 1   1050                      1005     45     1111
..................................................................


WIND (MPH)
  HIGHEST WIND SPEED    24   HIGHEST WIND DIRECTION     W (290)
  HIGHEST GUST SPEED    30   HIGHEST GUST DIRECTION    NW (300)
  AVERAGE WIND SPEED    16.4


SKY COVER
  POSSIBLE SUNSHINE  MM
  AVERAGE SKY COVER 1.0


WEATHER CONDITIONS
 THE FOLLOWING WEATHER WAS RECORDED YESTERDAY.
  RAIN
  LIGHT RAIN
  LIGHT SNOW
  FOG
  HAZE


RELATIVE HUMIDITY (PERCENT)
 HIGHEST    89           500 PM
 LOWEST     64          1100 PM
 AVERAGE    77

..........................................................


THE KENNEDY NY CLIMATE NORMALS FOR TODAY
                         NORMAL    RECORD    YEAR
 MAXIMUM TEMPERATURE (F)   45        67      1971
 MINIMUM TEMPERATURE (F)   33        13      1988
                                             1977


SUNRISE AND SUNSET
DECEMBER 11 2014......SUNRISE   709 AM EST   SUNSET   428 PM EST
DECEMBER 12 2014......SUNRISE   710 AM EST   SUNSET   428 PM EST


-  INDICATES NEGATIVE NUMBERS.
R  INDICATES RECORD WAS SET OR TIED.
MM INDICATES DATA IS MISSING.
T  INDICATES TRACE AMOUNT.




$$
