000
CDUS41 KOKX 042032
CLIJFK


CLIMATE REPORT
NATIONAL WEATHER SERVICE NEW YORK NY
432 PM EDT FRI APR 4 2014


...................................

...THE KENNEDY NY CLIMATE SUMMARY FOR APRIL 4 2014...
VALID TODAY AS OF 0400 PM LOCAL TIME.

CLIMATE NORMAL PERIOD 1981 TO 2010
CLIMATE RECORD PERIOD 1949 TO 2014


WEATHER ITEM   OBSERVED TIME   RECORD YEAR NORMAL DEPARTURE LAST
                VALUE   (LST)  VALUE       VALUE  FROM      YEAR
                                                  NORMAL
..................................................................
TEMPERATURE (F)
 TODAY
  MAXIMUM         45   1221 AM  73    2010  55    -10       45
  MINIMUM         41    259 PM  29    1995  40      1       32
                                      1975
  AVERAGE         43                        48     -5       39

PRECIPITATION (IN)
  TODAY            0.06          1.36 1987   0.14  -0.08     0.00
  MONTH TO DATE    0.17                      0.54  -0.37      T
  SINCE MAR 1      4.43                      4.32   0.11     2.32
  SINCE JAN 1     12.03                     10.07   1.96     7.44

SNOWFALL (IN)
  TODAY            0.0          MM      MM   0.0    0.0      0.0
  MONTH TO DATE    0.0                       0.2   -0.2      0.0
  SINCE OCT 1     45.5                      23.2   22.3     17.6
  SINCE JUL 1     45.5                      23.2   22.3     17.6
  SNOW DEPTH       0

DEGREE DAYS
 HEATING
  TODAY           22                        18      4       26
  MONTH TO DATE   76                        73      3       91
  SINCE MAR 1    926                       798    128      857
  SINCE JUL 1   4633                      4309    324     4187

 COOLING
  TODAY            0                         0      0        0
  MONTH TO DATE    0                         0      0        0
  SINCE MAR 1      0                         0      0        0
  SINCE JAN 1      0                         0      0        0
..................................................................


WIND (MPH)
  HIGHEST WIND SPEED    23   HIGHEST WIND DIRECTION     E (90)
  HIGHEST GUST SPEED    30   HIGHEST GUST DIRECTION     E (80)
  AVERAGE WIND SPEED    12.6


SKY COVER
  AVERAGE SKY COVER 1.0


WEATHER CONDITIONS
 THE FOLLOWING WEATHER WAS RECORDED TODAY.
  LIGHT RAIN
  FOG
  HAZE


RELATIVE HUMIDITY (PERCENT)
 HIGHEST    89           300 AM
 LOWEST     76           600 AM
 AVERAGE    83

..........................................................


THE KENNEDY NY CLIMATE NORMALS FOR TOMORROW
                         NORMAL    RECORD    YEAR
 MAXIMUM TEMPERATURE (F)   55        73      1988
 MINIMUM TEMPERATURE (F)   40        24      1995


SUNRISE AND SUNSET
APRIL  4 2014.........SUNRISE   634 AM EDT   SUNSET   723 PM EDT
APRIL  5 2014.........SUNRISE   632 AM EDT   SUNSET   724 PM EDT


-  INDICATES NEGATIVE NUMBERS.
R  INDICATES RECORD WAS SET OR TIED.
MM INDICATES DATA IS MISSING.
T  INDICATES TRACE AMOUNT.




$$
