000
CDUS41 KOKX 062137
CLIJFK


CLIMATE REPORT
NATIONAL WEATHER SERVICE NEW YORK NY
436 PM EST SAT JAN 6 2018


...................................

...THE KENNEDY NY CLIMATE SUMMARY FOR JANUARY 6 2018...
VALID TODAY AS OF 0400 PM LOCAL TIME.

CLIMATE NORMAL PERIOD 1981 TO 2010
CLIMATE RECORD PERIOD 1948 TO 2018


WEATHER ITEM   OBSERVED TIME   RECORD YEAR NORMAL DEPARTURE LAST
                VALUE   (LST)  VALUE       VALUE  FROM      YEAR
                                                  NORMAL
..................................................................
TEMPERATURE (F)
 TODAY
  MAXIMUM         14    343 PM  71    2007  39    -25       36
  MINIMUM          8R   647 AM   9    1996  27    -19       27
                                      1988
  AVERAGE         11                        33    -22       32

PRECIPITATION (IN)
  TODAY            0.00          1.36 1962   0.11  -0.11     0.03
  MONTH TO DATE    0.49                      0.64  -0.15     0.80
  SINCE DEC 1      2.14                      4.03  -1.89     3.86
  SINCE JAN 1      0.49                      0.64  -0.15     0.80

SNOWFALL (IN)
  TODAY            0.0           4.7  1989   0.2   -0.2      1.1
  MONTH TO DATE    8.0                       1.2    6.8      1.1
  SINCE OCT 1     14.7                       6.1    8.6      4.4
  SINCE JUL 1     14.7                       6.1    8.6      4.4
  SNOW DEPTH       8

DEGREE DAYS
 HEATING
  TODAY           54                        32     22       33
  MONTH TO DATE  288                       190     98      155
  SINCE DEC 1   1212                      1035    177      937
  SINCE JUL 1   1897                      1859     38     1577

 COOLING
  TODAY            0                         0      0        0
  MONTH TO DATE    0                         0      0        0
  SINCE DEC 1      0                         0      0        0
  SINCE JAN 1      0                         0      0        0
..................................................................


WIND (MPH)
  HIGHEST WIND SPEED    30   HIGHEST WIND DIRECTION     W (280)
  HIGHEST GUST SPEED    39   HIGHEST GUST DIRECTION     W (270)
  AVERAGE WIND SPEED    22.4


SKY COVER
  AVERAGE SKY COVER 0.3


WEATHER CONDITIONS
 THE FOLLOWING WEATHER WAS RECORDED TODAY.
  NO SIGNIFICANT WEATHER WAS OBSERVED.


RELATIVE HUMIDITY (PERCENT)
 HIGHEST    63           600 AM
 LOWEST     38          1200 PM
 AVERAGE    51

..........................................................


THE KENNEDY NY CLIMATE NORMALS FOR TOMORROW
                         NORMAL    RECORD    YEAR
 MAXIMUM TEMPERATURE (F)   39        61      2012
 MINIMUM TEMPERATURE (F)   27         6      2014


SUNRISE AND SUNSET
JANUARY  6 2018.......SUNRISE   719 AM EST   SUNSET   443 PM EST
JANUARY  7 2018.......SUNRISE   719 AM EST   SUNSET   444 PM EST


-  INDICATES NEGATIVE NUMBERS.
R  INDICATES RECORD WAS SET OR TIED.
MM INDICATES DATA IS MISSING.
T  INDICATES TRACE AMOUNT.




$$
