000
CDUS41 KOKX 122031
CLIJFK


CLIMATE REPORT
NATIONAL WEATHER SERVICE NEW YORK NY
431 PM EDT FRI MAY 12 2017


...................................

...THE KENNEDY NY CLIMATE SUMMARY FOR MAY 12 2017...
VALID TODAY AS OF 0400 PM LOCAL TIME.

CLIMATE NORMAL PERIOD 1981 TO 2010
CLIMATE RECORD PERIOD 1948 TO 2017


WEATHER ITEM   OBSERVED TIME   RECORD YEAR NORMAL DEPARTURE LAST
                VALUE   (LST)  VALUE       VALUE  FROM      YEAR
                                                  NORMAL
..................................................................
TEMPERATURE (F)
 TODAY
  MAXIMUM         61   1010 AM  89    1991  67     -6       75
  MINIMUM         47    448 AM  43    1963  52     -5       51
  AVERAGE         54                        59     -5       63

PRECIPITATION (IN)
  TODAY            0.00          1.00 2006   0.11  -0.11     0.00
  MONTH TO DATE    1.85                      1.39   0.46     1.88
  SINCE MAR 1     11.70                      9.04   2.66     4.51
  SINCE JAN 1     17.92                     14.79   3.13    13.15

SNOWFALL (IN)
  TODAY            0.0          MM      MM   0.0    0.0      0.0
  MONTH TO DATE    0.0                       0.0    0.0      0.0
  SINCE OCT 1     30.9                      23.8    7.1     41.4
  SINCE JUL 1     30.9                      23.8    7.1     41.4
  SNOW DEPTH       0

DEGREE DAYS
 HEATING
  TODAY           11                         6      5        2
  MONTH TO DATE  105                        92     13      127
  SINCE MAR 1   1193                      1232    -39     1071
  SINCE JUL 1   4111                      4743   -632     3825

 COOLING
  TODAY            0                         1     -1        0
  MONTH TO DATE    3                         3      0        0
  SINCE MAR 1     15                         6      9        0
  SINCE JAN 1     15                         6      9        0
..................................................................


WIND (MPH)
  HIGHEST WIND SPEED    17   HIGHEST WIND DIRECTION     S (160)
  HIGHEST GUST SPEED    23   HIGHEST GUST DIRECTION    SE (150)
  AVERAGE WIND SPEED     8.4


SKY COVER
  AVERAGE SKY COVER 0.7


WEATHER CONDITIONS
 THE FOLLOWING WEATHER WAS RECORDED TODAY.
  NO SIGNIFICANT WEATHER WAS OBSERVED.


RELATIVE HUMIDITY (PERCENT)
 HIGHEST    93          1200 AM
 LOWEST     57          1000 AM
 AVERAGE    75

..........................................................


THE KENNEDY NY CLIMATE NORMALS FOR TOMORROW
                         NORMAL    RECORD    YEAR
 MAXIMUM TEMPERATURE (F)   68        82      2004
 MINIMUM TEMPERATURE (F)   52        42      1962


SUNRISE AND SUNSET
MAY 12 2017...........SUNRISE   541 AM EDT   SUNSET   803 PM EDT
MAY 13 2017...........SUNRISE   540 AM EDT   SUNSET   804 PM EDT


-  INDICATES NEGATIVE NUMBERS.
R  INDICATES RECORD WAS SET OR TIED.
MM INDICATES DATA IS MISSING.
T  INDICATES TRACE AMOUNT.




$$
