000
CDUS41 KOKX 100616
CLIJFK


CLIMATE REPORT
NATIONAL WEATHER SERVICE NEW YORK NY
215 AM EDT MON APR 10 2017


...................................

...THE KENNEDY NY CLIMATE SUMMARY FOR APRIL 9 2017...

CLIMATE NORMAL PERIOD 1981 TO 2010
CLIMATE RECORD PERIOD 1948 TO 2017


WEATHER ITEM   OBSERVED TIME   RECORD YEAR NORMAL DEPARTURE LAST
                VALUE   (LST)  VALUE       VALUE  FROM      YEAR
                                                  NORMAL
..................................................................
TEMPERATURE (F)
 YESTERDAY
  MAXIMUM         61   1206 PM  83    2013  57      4       45
  MINIMUM         40    504 AM  26    1977  42     -2       33
  AVERAGE         51                        49      2       39

PRECIPITATION (IN)
  YESTERDAY        0.00          3.15 1980   0.14  -0.14     0.09
  MONTH TO DATE    2.05                      1.21   0.84     0.86
  SINCE MAR 1      7.84                      4.99   2.85     2.25
  SINCE JAN 1     14.06                     10.74   3.32    10.89

SNOWFALL (IN)
  YESTERDAY        0.0           3.1  1996   0.0    0.0       T
  MONTH TO DATE    0.0                       0.4   -0.4       T
  SINCE OCT 1     30.9                      23.4    7.5     41.4
  SINCE JUL 1     30.9                      23.4    7.5     41.4
  SNOW DEPTH       0

DEGREE DAYS
 HEATING
  YESTERDAY       14                        16     -2       26
  MONTH TO DATE  140                       156    -16      178
  SINCE MAR 1    928                       881     47      711
  SINCE JUL 1   3846                      4392   -546     3465

 COOLING
  YESTERDAY        0                         0      0        0
  MONTH TO DATE    0                         0      0        0
  SINCE MAR 1      0                         0      0        0
  SINCE JAN 1      0                         0      0        0
..................................................................


WIND (MPH)
  HIGHEST WIND SPEED    25   HIGHEST WIND DIRECTION     S (180)
  HIGHEST GUST SPEED    31   HIGHEST GUST DIRECTION     S (180)
  AVERAGE WIND SPEED    10.4


SKY COVER
  POSSIBLE SUNSHINE  MM
  AVERAGE SKY COVER 0.4


WEATHER CONDITIONS
 THE FOLLOWING WEATHER WAS RECORDED YESTERDAY.
  NO SIGNIFICANT WEATHER WAS OBSERVED.


RELATIVE HUMIDITY (PERCENT)
 HIGHEST    77           900 PM
 LOWEST     29          1200 PM
 AVERAGE    53

..........................................................


THE KENNEDY NY CLIMATE NORMALS FOR TODAY
                         NORMAL    RECORD    YEAR
 MAXIMUM TEMPERATURE (F)   57        72      2008
                                             1991
 MINIMUM TEMPERATURE (F)   42        28      1997


SUNRISE AND SUNSET
APRIL 10 2017.........SUNRISE   624 AM EDT   SUNSET   729 PM EDT
APRIL 11 2017.........SUNRISE   622 AM EDT   SUNSET   731 PM EDT


-  INDICATES NEGATIVE NUMBERS.
R  INDICATES RECORD WAS SET OR TIED.
MM INDICATES DATA IS MISSING.
T  INDICATES TRACE AMOUNT.




$$
