000
CDUS41 KOKX 090618
CLIJFK


CLIMATE REPORT
NATIONAL WEATHER SERVICE NEW YORK NY
218 AM EDT TUE MAY 9 2017


...................................

...THE KENNEDY NY CLIMATE SUMMARY FOR MAY 8 2017...

CLIMATE NORMAL PERIOD 1981 TO 2010
CLIMATE RECORD PERIOD 1948 TO 2017


WEATHER ITEM   OBSERVED TIME   RECORD YEAR NORMAL DEPARTURE LAST
                VALUE   (LST)  VALUE       VALUE  FROM      YEAR
                                                  NORMAL
..................................................................
TEMPERATURE (F)
 YESTERDAY
  MAXIMUM         61    242 PM  86    1964  66     -5       68
  MINIMUM         42    326 AM  40    1967  50     -8       48
  AVERAGE         52                        58     -6       58

PRECIPITATION (IN)
  YESTERDAY        0.00          1.54 2013   0.11  -0.11     0.11
  MONTH TO DATE    1.85                      0.92   0.93     1.88
  SINCE MAR 1     11.70                      8.57   3.13     4.51
  SINCE JAN 1     17.92                     14.32   3.60    13.15

SNOWFALL (IN)
  YESTERDAY        0.0          MM      MM   0.0    0.0      0.0
  MONTH TO DATE    0.0                       0.0    0.0      0.0
  SINCE OCT 1     30.9                      23.8    7.1     41.4
  SINCE JUL 1     30.9                      23.8    7.1     41.4
  SNOW DEPTH       0

DEGREE DAYS
 HEATING
  YESTERDAY       13                         7      6        7
  MONTH TO DATE   64                        66     -2      105
  SINCE MAR 1   1152                      1206    -54     1049
  SINCE JUL 1   4070                      4717   -647     3803

 COOLING
  YESTERDAY        0                         0      0        0
  MONTH TO DATE    3                         0      3        0
  SINCE MAR 1     15                         3     12        0
  SINCE JAN 1     15                         3     12        0
..................................................................


WIND (MPH)
  HIGHEST WIND SPEED    24   HIGHEST WIND DIRECTION     W (280)
  HIGHEST GUST SPEED    34   HIGHEST GUST DIRECTION     W (270)
  AVERAGE WIND SPEED    11.9


SKY COVER
  POSSIBLE SUNSHINE  MM
  AVERAGE SKY COVER 0.6


WEATHER CONDITIONS
 THE FOLLOWING WEATHER WAS RECORDED YESTERDAY.
  NO SIGNIFICANT WEATHER WAS OBSERVED.


RELATIVE HUMIDITY (PERCENT)
 HIGHEST    66          1200 AM
 LOWEST     28           300 PM
 AVERAGE    47

..........................................................


THE KENNEDY NY CLIMATE NORMALS FOR TODAY
                         NORMAL    RECORD    YEAR
 MAXIMUM TEMPERATURE (F)   66        86      2000
 MINIMUM TEMPERATURE (F)   51        38      1977


SUNRISE AND SUNSET
MAY  9 2017...........SUNRISE   544 AM EDT   SUNSET   800 PM EDT
MAY 10 2017...........SUNRISE   543 AM EDT   SUNSET   801 PM EDT


-  INDICATES NEGATIVE NUMBERS.
R  INDICATES RECORD WAS SET OR TIED.
MM INDICATES DATA IS MISSING.
T  INDICATES TRACE AMOUNT.




$$
