000
CDUS41 KOKX 130632
CLIJFK


CLIMATE REPORT
NATIONAL WEATHER SERVICE NEW YORK NY
231 AM EDT SAT AUG 13 2016


...................................

...THE KENNEDY NY CLIMATE SUMMARY FOR AUGUST 12 2016...

CLIMATE NORMAL PERIOD 1981 TO 2010
CLIMATE RECORD PERIOD 1948 TO 2016


WEATHER ITEM   OBSERVED TIME   RECORD YEAR NORMAL DEPARTURE LAST
                VALUE   (LST)  VALUE       VALUE  FROM      YEAR
                                                  NORMAL
..................................................................
TEMPERATURE (F)
 YESTERDAY
  MAXIMUM         90        MM  92    1970  83      7       88
  MINIMUM         75        MM  55    1979  68      7       73
  AVERAGE         83                        75      8       81

PRECIPITATION (IN)
  YESTERDAY        0.01          1.45 1989   0.11  -0.10      T
  MONTH TO DATE    0.30                      1.54  -1.24     1.14
  SINCE JUN 1      7.97                      9.48  -1.51     8.44
  SINCE JAN 1     22.95                     26.82  -3.87    23.05

SNOWFALL (IN)
  YESTERDAY        0.0          MM      MM   0.0    0.0      0.0
  MONTH TO DATE    0.0                       0.0    0.0      0.0
  SINCE OCT 1     41.4                      23.8   17.6     44.2
  SINCE JUL 1      0.0                       0.0    0.0      0.0
  SNOW DEPTH       0

DEGREE DAYS
 HEATING
  YESTERDAY        0                         0      0        0
  MONTH TO DATE    0                         0      0        0
  SINCE JUN 1      3                        21    -18       29
  SINCE JUL 1      0                         0      0        0

 COOLING
  YESTERDAY       18                        10      8       16
  MONTH TO DATE  149                       131     18      165
  SINCE JUN 1    795                       651    144      813
  SINCE JAN 1    846                       686    160      873
..................................................................


WIND (MPH)
  HIGHEST WIND SPEED    22   HIGHEST WIND DIRECTION    SW (240)
  HIGHEST GUST SPEED    30   HIGHEST GUST DIRECTION    NW (300)
  AVERAGE WIND SPEED    12.0


SKY COVER
  POSSIBLE SUNSHINE  MM
  AVERAGE SKY COVER 0.7


WEATHER CONDITIONS
 THE FOLLOWING WEATHER WAS RECORDED YESTERDAY.
  LIGHT RAIN


RELATIVE HUMIDITY (PERCENT)
 HIGHEST    91
 LOWEST     64
 AVERAGE    78

..........................................................


THE KENNEDY NY CLIMATE NORMALS FOR TODAY
                         NORMAL    RECORD    YEAR
 MAXIMUM TEMPERATURE (F)   82        92      2005
                                             2002
 MINIMUM TEMPERATURE (F)   68        56      1979


SUNRISE AND SUNSET
AUGUST 13 2016........SUNRISE   604 AM EDT   SUNSET   755 PM EDT
AUGUST 14 2016........SUNRISE   605 AM EDT   SUNSET   754 PM EDT


-  INDICATES NEGATIVE NUMBERS.
R  INDICATES RECORD WAS SET OR TIED.
MM INDICATES DATA IS MISSING.
T  INDICATES TRACE AMOUNT.




$$
