000
CDUS41 KOKX 092133
CLIJFK


CLIMATE REPORT
NATIONAL WEATHER SERVICE NEW YORK NY
433 PM EST TUE DEC 9 2014


...................................

...THE KENNEDY NY CLIMATE SUMMARY FOR DECEMBER 9 2014...
VALID TODAY AS OF 0400 PM LOCAL TIME.

CLIMATE NORMAL PERIOD 1981 TO 2010
CLIMATE RECORD PERIOD 1949 TO 2014


WEATHER ITEM   OBSERVED TIME   RECORD YEAR NORMAL DEPARTURE LAST
                VALUE   (LST)  VALUE       VALUE  FROM      YEAR
                                                  NORMAL
..................................................................
TEMPERATURE (F)
 TODAY
  MAXIMUM         48    350 PM  64    1991  46      2       42
  MINIMUM         37   1202 AM  14    1968  34      3       32
  AVERAGE         43                        40      3       37

PRECIPITATION (IN)
  TODAY            2.95R         1.65 1978   0.12   2.83     0.25
  MONTH TO DATE    5.10                      1.06   4.04     1.03
  SINCE DEC 1      5.10                      1.06   4.04     1.03
  SINCE JAN 1     48.81                     40.44   8.37    32.01

SNOWFALL (IN)
  TODAY            0.0           1.7  1962   0.1   -0.1       T
  MONTH TO DATE    T                         0.8   -0.8      0.7
  SINCE OCT 1      0.1                       1.0   -0.9      0.9
  SINCE JUL 1      0.1                       1.0   -0.9      0.9
  SNOW DEPTH       0

DEGREE DAYS
 HEATING
  TODAY           22                        25     -3       28
  MONTH TO DATE  201                       216    -15      203
  SINCE DEC 1    201                       216    -15      203
  SINCE JUL 1    985                      1040    -55     1017

 COOLING
  TODAY            0                         0      0        0
  MONTH TO DATE    0                         0      0        0
  SINCE DEC 1      0                         0      0        0
  SINCE JAN 1   1050                      1005     45     1111
..................................................................


WIND (MPH)
  HIGHEST WIND SPEED    38   HIGHEST WIND DIRECTION    NE (40)
  HIGHEST GUST SPEED    47   HIGHEST GUST DIRECTION    NE (40)
  AVERAGE WIND SPEED    23.4


SKY COVER
  AVERAGE SKY COVER 1.0


WEATHER CONDITIONS
 THE FOLLOWING WEATHER WAS RECORDED TODAY.
  HEAVY RAIN
  RAIN
  LIGHT RAIN
  FOG


RELATIVE HUMIDITY (PERCENT)
 HIGHEST    92           500 AM
 LOWEST     76          1200 AM
 AVERAGE    84

..........................................................


THE KENNEDY NY CLIMATE NORMALS FOR TOMORROW
                         NORMAL    RECORD    YEAR
 MAXIMUM TEMPERATURE (F)   46        58      2008
                                             1987
 MINIMUM TEMPERATURE (F)   33         9      1968


SUNRISE AND SUNSET
DECEMBER  9 2014......SUNRISE   707 AM EST   SUNSET   428 PM EST
DECEMBER 10 2014......SUNRISE   708 AM EST   SUNSET   428 PM EST


-  INDICATES NEGATIVE NUMBERS.
R  INDICATES RECORD WAS SET OR TIED.
MM INDICATES DATA IS MISSING.
T  INDICATES TRACE AMOUNT.




$$
