000
CDUS41 KOKX 150622
CLIJFK


CLIMATE REPORT
NATIONAL WEATHER SERVICE NEW YORK NY
222 AM EDT SUN MAY 15 2016


...................................

...THE KENNEDY NY CLIMATE SUMMARY FOR MAY 14 2016...

CLIMATE NORMAL PERIOD 1981 TO 2010
CLIMATE RECORD PERIOD 1949 TO 2016


WEATHER ITEM   OBSERVED TIME   RECORD YEAR NORMAL DEPARTURE LAST
                VALUE   (LST)  VALUE       VALUE  FROM      YEAR
                                                  NORMAL
..................................................................
TEMPERATURE (F)
 YESTERDAY
  MAXIMUM         70   1213 PM  87    1991  68      2       71
  MINIMUM         56    532 AM  39    1987  52      4       51
  AVERAGE         63                        60      3       61

PRECIPITATION (IN)
  YESTERDAY        T             2.03 1978   0.12  -0.12     0.00
  MONTH TO DATE    2.13                      1.63   0.50     0.03
  SINCE MAR 1      4.76                      9.28  -4.52     6.52
  SINCE JAN 1     13.40                     15.03  -1.63    14.18

SNOWFALL (IN)
  YESTERDAY        0.0          MM      MM   0.0    0.0      0.0
  MONTH TO DATE    0.0                       0.0    0.0      0.0
  SINCE OCT 1     41.4                      23.8   17.6     44.2
  SINCE JUL 1     41.4                      23.8   17.6     44.2
  SNOW DEPTH       0

DEGREE DAYS
 HEATING
  YESTERDAY        2                         6     -4        4
  MONTH TO DATE  135                       104     31       54
  SINCE MAR 1   1079                      1244   -165     1256
  SINCE JUL 1   3833                      4755   -922     4948

 COOLING
  YESTERDAY        0                         1     -1        0
  MONTH TO DATE    0                         5     -5       21
  SINCE MAR 1      0                         8     -8       21
  SINCE JAN 1      0                         8     -8       21
..................................................................


WIND (MPH)
  HIGHEST WIND SPEED    26   HIGHEST WIND DIRECTION     W (260)
  HIGHEST GUST SPEED    36   HIGHEST GUST DIRECTION     W (260)
  AVERAGE WIND SPEED    10.3


SKY COVER
  POSSIBLE SUNSHINE  MM
  AVERAGE SKY COVER 0.7


WEATHER CONDITIONS
 THE FOLLOWING WEATHER WAS RECORDED YESTERDAY.
  LIGHT RAIN
  FOG
  HAZE


RELATIVE HUMIDITY (PERCENT)
 HIGHEST    93           100 AM
 LOWEST     53          1100 AM
 AVERAGE    73

..........................................................


THE KENNEDY NY CLIMATE NORMALS FOR TODAY
                         NORMAL    RECORD    YEAR
 MAXIMUM TEMPERATURE (F)   68        82      2007
 MINIMUM TEMPERATURE (F)   52        44      1966


SUNRISE AND SUNSET
MAY 15 2016...........SUNRISE   538 AM EDT   SUNSET   806 PM EDT
MAY 16 2016...........SUNRISE   537 AM EDT   SUNSET   807 PM EDT


-  INDICATES NEGATIVE NUMBERS.
R  INDICATES RECORD WAS SET OR TIED.
MM INDICATES DATA IS MISSING.
T  INDICATES TRACE AMOUNT.




$$
