000
CDUS41 KOKX 060619
CLIJFK


CLIMATE REPORT
NATIONAL WEATHER SERVICE NEW YORK NY
119 AM EST TUE FEB 6 2018


...................................

...THE KENNEDY NY CLIMATE SUMMARY FOR FEBRUARY 5 2018...

CLIMATE NORMAL PERIOD 1981 TO 2010
CLIMATE RECORD PERIOD 1948 TO 2018


WEATHER ITEM   OBSERVED TIME   RECORD YEAR NORMAL DEPARTURE LAST
                VALUE   (LST)  VALUE       VALUE  FROM      YEAR
                                                  NORMAL
..................................................................
TEMPERATURE (F)
 YESTERDAY
  MAXIMUM         43   1218 AM  66    1991  40      3       42
  MINIMUM         23   1124 PM   7    1996  27     -4       30
  AVERAGE         33                        34     -1       36

PRECIPITATION (IN)
  YESTERDAY        T             1.20 2014   0.09  -0.09     0.00
  MONTH TO DATE    1.22                      0.45   0.77      T
  SINCE DEC 1      4.71                      7.00  -2.29     7.70
  SINCE JAN 1      3.06                      3.61  -0.55     4.64

SNOWFALL (IN)
  YESTERDAY        0.0           4.6  2016   0.3   -0.3      0.0
  MONTH TO DATE    T                         1.5   -1.5       T
  SINCE OCT 1     16.4                      12.7    3.7     15.0
  SINCE JUL 1     16.4                      12.7    3.7     15.0
  SNOW DEPTH       0

DEGREE DAYS
 HEATING
  YESTERDAY       32                        32      0       29
  MONTH TO DATE  165                       160      5      152
  SINCE DEC 1   2162                      2006    156     1746
  SINCE JUL 1   2847                      2830     17     2386

 COOLING
  YESTERDAY        0                         0      0        0
  MONTH TO DATE    0                         0      0        0
  SINCE DEC 1      0                         0      0        0
  SINCE JAN 1      0                         0      0        0
..................................................................


WIND (MPH)
  HIGHEST WIND SPEED    32   HIGHEST WIND DIRECTION    NW (310)
  HIGHEST GUST SPEED    39   HIGHEST GUST DIRECTION    NW (310)
  AVERAGE WIND SPEED    15.5


SKY COVER
  POSSIBLE SUNSHINE  MM
  AVERAGE SKY COVER 0.4


WEATHER CONDITIONS
 THE FOLLOWING WEATHER WAS RECORDED YESTERDAY.
  LIGHT RAIN
  FOG


RELATIVE HUMIDITY (PERCENT)
 HIGHEST   100          1200 AM
 LOWEST     35           200 PM
 AVERAGE    68

..........................................................


THE KENNEDY NY CLIMATE NORMALS FOR TODAY
                         NORMAL    RECORD    YEAR
 MAXIMUM TEMPERATURE (F)   40        67      2008
 MINIMUM TEMPERATURE (F)   27         7      1995


SUNRISE AND SUNSET
FEBRUARY  6 2018......SUNRISE   700 AM EST   SUNSET   519 PM EST
FEBRUARY  7 2018......SUNRISE   659 AM EST   SUNSET   520 PM EST


-  INDICATES NEGATIVE NUMBERS.
R  INDICATES RECORD WAS SET OR TIED.
MM INDICATES DATA IS MISSING.
T  INDICATES TRACE AMOUNT.




$$
