000
CDUS41 KOKX 140619
CLIJFK


CLIMATE REPORT
NATIONAL WEATHER SERVICE NEW YORK NY
219 AM EDT THU JUL 14 2016


...................................

...THE KENNEDY NY CLIMATE SUMMARY FOR JULY 13 2016...

CLIMATE NORMAL PERIOD 1981 TO 2010
CLIMATE RECORD PERIOD 1948 TO 2016


WEATHER ITEM   OBSERVED TIME   RECORD YEAR NORMAL DEPARTURE LAST
                VALUE   (LST)  VALUE       VALUE  FROM      YEAR
                                                  NORMAL
..................................................................
TEMPERATURE (F)
 YESTERDAY
  MAXIMUM         82   1218 PM  94    1992  83     -1       84
  MINIMUM         70    513 AM  58    1990  69      1       72
  AVERAGE         76                        76      0       78

PRECIPITATION (IN)
  YESTERDAY        T             1.95 1975   0.14  -0.14     0.00
  MONTH TO DATE    1.78                      1.60   0.18     1.15
  SINCE JUN 1      3.39                      5.46  -2.07     6.14
  SINCE JAN 1     18.37                     22.80  -4.43    20.75

SNOWFALL (IN)
  YESTERDAY        0.0          MM      MM   0.0    0.0      0.0
  MONTH TO DATE    0.0                       0.0    0.0      0.0
  SINCE OCT 1     41.4                      23.8   17.6     44.2
  SINCE JUL 1      0.0                       0.0    0.0      0.0
  SNOW DEPTH       0

DEGREE DAYS
 HEATING
  YESTERDAY        0                         0      0        0
  MONTH TO DATE    0                         0      0        0
  SINCE JUN 1      3                        21    -18       29
  SINCE JUL 1      0                         0      0        0

 COOLING
  YESTERDAY       11                        11      0       13
  MONTH TO DATE  142                       136      6      157
  SINCE JUN 1    360                       319     41      382
  SINCE JAN 1    411                       354     57      442
..................................................................


WIND (MPH)
  HIGHEST WIND SPEED    22   HIGHEST WIND DIRECTION     S (180)
  HIGHEST GUST SPEED    27   HIGHEST GUST DIRECTION     S (170)
  AVERAGE WIND SPEED    11.1


SKY COVER
  POSSIBLE SUNSHINE  MM
  AVERAGE SKY COVER 0.6


WEATHER CONDITIONS
 THE FOLLOWING WEATHER WAS RECORDED YESTERDAY.
  LIGHT RAIN


RELATIVE HUMIDITY (PERCENT)
 HIGHEST    93           900 PM
 LOWEST     58           300 PM
 AVERAGE    76

..........................................................


THE KENNEDY NY CLIMATE NORMALS FOR TODAY
                         NORMAL    RECORD    YEAR
 MAXIMUM TEMPERATURE (F)   83        95      1983
 MINIMUM TEMPERATURE (F)   69        61      1999


SUNRISE AND SUNSET
JULY 14 2016..........SUNRISE   537 AM EDT   SUNSET   825 PM EDT
JULY 15 2016..........SUNRISE   537 AM EDT   SUNSET   825 PM EDT


-  INDICATES NEGATIVE NUMBERS.
R  INDICATES RECORD WAS SET OR TIED.
MM INDICATES DATA IS MISSING.
T  INDICATES TRACE AMOUNT.




$$
