000
CDUS41 KOKX 040623
CLIJFK


CLIMATE REPORT
NATIONAL WEATHER SERVICE NEW YORK NY
222 AM EDT MON SEP 4 2017


...................................

...THE KENNEDY NY CLIMATE SUMMARY FOR SEPTEMBER 3 2017...

CLIMATE NORMAL PERIOD 1981 TO 2010
CLIMATE RECORD PERIOD 1948 TO 2017


WEATHER ITEM   OBSERVED TIME   RECORD YEAR NORMAL DEPARTURE LAST
                VALUE   (LST)  VALUE       VALUE  FROM      YEAR
                                                  NORMAL
..................................................................
TEMPERATURE (F)
 YESTERDAY
  MAXIMUM         73    450 PM  93    2015  79     -6       77
                                      1993
  MINIMUM         59   1255 AM  52    1967  65     -6       68
  AVERAGE         66                        72     -6       73

PRECIPITATION (IN)
  YESTERDAY        0.46          1.51 1974   0.11   0.35     0.00
  MONTH TO DATE    1.00                      0.33   0.67     0.50
  SINCE SEP 1      1.00                      0.33   0.67     0.50
  SINCE JAN 1     34.25                     29.29   4.96    23.77

SNOWFALL (IN)
  YESTERDAY        0.0          MM      MM   0.0    0.0      0.0
  MONTH TO DATE    0.0                       0.0    0.0      0.0
  SINCE OCT 1     30.9                      23.8    7.1     41.4
  SINCE JUL 1      0.0                       0.0    0.0      0.0
  SNOW DEPTH       0

DEGREE DAYS
 HEATING
  YESTERDAY        0                         0      0        0
  MONTH TO DATE    4                         0      4        0
  SINCE SEP 1      4                         0      4        0
  SINCE JUL 1      4                         1      3        0

 COOLING
  YESTERDAY        1                         7     -6        8
  MONTH TO DATE    1                        22    -21       27
  SINCE SEP 1      1                        22    -21       27
  SINCE JAN 1    924                       883     41     1164
..................................................................


WIND (MPH)
  HIGHEST WIND SPEED    22   HIGHEST WIND DIRECTION     E (90)
  HIGHEST GUST SPEED    27   HIGHEST GUST DIRECTION     E (100)
  AVERAGE WIND SPEED    14.0


SKY COVER
  POSSIBLE SUNSHINE  MM
  AVERAGE SKY COVER 0.8


WEATHER CONDITIONS
 THE FOLLOWING WEATHER WAS RECORDED YESTERDAY.
  RAIN
  LIGHT RAIN
  FOG
  HAZE


RELATIVE HUMIDITY (PERCENT)
 HIGHEST   100          1200 AM
 LOWEST     61           500 PM
 AVERAGE    81

..........................................................


THE KENNEDY NY CLIMATE NORMALS FOR TODAY
                         NORMAL    RECORD    YEAR
 MAXIMUM TEMPERATURE (F)   79        93      1985
 MINIMUM TEMPERATURE (F)   65        53      1997
                                             1965


SUNRISE AND SUNSET
SEPTEMBER  4 2017.....SUNRISE   625 AM EDT   SUNSET   722 PM EDT
SEPTEMBER  5 2017.....SUNRISE   626 AM EDT   SUNSET   720 PM EDT


-  INDICATES NEGATIVE NUMBERS.
R  INDICATES RECORD WAS SET OR TIED.
MM INDICATES DATA IS MISSING.
T  INDICATES TRACE AMOUNT.




$$
