000
CDUS41 KOKX 300616
CLIJFK


CLIMATE REPORT
NATIONAL WEATHER SERVICE NEW YORK NY
115 AM EST THU NOV 30 2017


...................................

...THE KENNEDY NY CLIMATE SUMMARY FOR NOVEMBER 29 2017...

CLIMATE NORMAL PERIOD 1981 TO 2010
CLIMATE RECORD PERIOD 1948 TO 2017


WEATHER ITEM   OBSERVED TIME   RECORD YEAR NORMAL DEPARTURE LAST
                VALUE   (LST)  VALUE       VALUE  FROM      YEAR
                                                  NORMAL
..................................................................
TEMPERATURE (F)
 YESTERDAY
  MAXIMUM         64R   251 PM  64    1991  50     14       60
  MINIMUM         40   1144 PM  25    1989  37      3       52
  AVERAGE         52                        43      9       56

PRECIPITATION (IN)
  YESTERDAY        0.00          1.55 1971   0.12  -0.12     1.42
  MONTH TO DATE    1.79                      3.18  -1.39     3.00
  SINCE SEP 1      8.20                     10.30  -2.10     9.20
  SINCE JAN 1     41.45                     39.26   2.19    32.47

SNOWFALL (IN)
  YESTERDAY        0.0           2.6  1995   0.0    0.0      0.0
  MONTH TO DATE    T                         0.2   -0.2       T
  SINCE OCT 1      T                         0.2   -0.2       T
  SINCE JUL 1      T                         0.2   -0.2       T
  SNOW DEPTH       0

DEGREE DAYS
 HEATING
  YESTERDAY       13                        22     -9        9
  MONTH TO DATE  539                       505     34      416
  SINCE SEP 1    664                       803   -139      630
  SINCE JUL 1    664                       804   -140      630

 COOLING
  YESTERDAY        0                         0      0        0
  MONTH TO DATE    1                         0      1        0
  SINCE SEP 1    251                       144    107      225
  SINCE JAN 1   1174                      1005    169     1362
..................................................................


WIND (MPH)
  HIGHEST WIND SPEED    26   HIGHEST WIND DIRECTION    NW (330)
  HIGHEST GUST SPEED    32   HIGHEST GUST DIRECTION     N (340)
  AVERAGE WIND SPEED    14.5


SKY COVER
  POSSIBLE SUNSHINE  MM
  AVERAGE SKY COVER 0.2


WEATHER CONDITIONS
 THE FOLLOWING WEATHER WAS RECORDED YESTERDAY.
  NO SIGNIFICANT WEATHER WAS OBSERVED.


RELATIVE HUMIDITY (PERCENT)
 HIGHEST   100           500 AM
 LOWEST     22           400 PM
 AVERAGE    61

..........................................................


THE KENNEDY NY CLIMATE NORMALS FOR TODAY
                         NORMAL    RECORD    YEAR
 MAXIMUM TEMPERATURE (F)   49        64      2005
 MINIMUM TEMPERATURE (F)   36        19      1976


SUNRISE AND SUNSET
NOVEMBER 30 2017......SUNRISE   659 AM EST   SUNSET   429 PM EST
DECEMBER  1 2017......SUNRISE   700 AM EST   SUNSET   429 PM EST


-  INDICATES NEGATIVE NUMBERS.
R  INDICATES RECORD WAS SET OR TIED.
MM INDICATES DATA IS MISSING.
T  INDICATES TRACE AMOUNT.




$$
