000
CDUS41 KOKX 112033
CLIJFK


CLIMATE REPORT
NATIONAL WEATHER SERVICE NEW YORK NY
433 PM EDT WED MAY 11 2016


...................................

...THE KENNEDY NY CLIMATE SUMMARY FOR MAY 11 2016...
VALID TODAY AS OF 0400 PM LOCAL TIME.

CLIMATE NORMAL PERIOD 1981 TO 2010
CLIMATE RECORD PERIOD 1949 TO 2016


WEATHER ITEM   OBSERVED TIME   RECORD YEAR NORMAL DEPARTURE LAST
                VALUE   (LST)  VALUE       VALUE  FROM      YEAR
                                                  NORMAL
..................................................................
TEMPERATURE (F)
 TODAY
  MAXIMUM         71    948 AM  85    1993  67      4       77
                                      1970
  MINIMUM         48    309 AM  40    1966  51     -3       62
  AVERAGE         60                        59      1       70

PRECIPITATION (IN)
  TODAY            0.00          1.09 1998   0.12  -0.12     0.00
  MONTH TO DATE    1.88                      1.28   0.60     0.02
  SINCE MAR 1      4.51                      8.93  -4.42     6.51
  SINCE JAN 1     13.15                     14.68  -1.53    14.17

SNOWFALL (IN)
  TODAY            0.0          MM      MM   0.0    0.0      0.0
  MONTH TO DATE    0.0                       0.0    0.0      0.0
  SINCE OCT 1     41.4                      23.8   17.6     44.2
  SINCE JUL 1     41.4                      23.8   17.6     44.2
  SNOW DEPTH       0

DEGREE DAYS
 HEATING
  TODAY            5                         6     -1        0
  MONTH TO DATE  125                        86     39       49
  SINCE MAR 1   1069                      1226   -157     1251
  SINCE JUL 1   3823                      4737   -914     4943

 COOLING
  TODAY            0                         1     -1        5
  MONTH TO DATE    0                         2     -2       10
  SINCE MAR 1      0                         5     -5       10
  SINCE JAN 1      0                         5     -5       10
..................................................................


WIND (MPH)
  HIGHEST WIND SPEED    15   HIGHEST WIND DIRECTION     S (180)
  HIGHEST GUST SPEED    17   HIGHEST GUST DIRECTION     S (200)
  AVERAGE WIND SPEED     7.3


SKY COVER
  AVERAGE SKY COVER 0.8


WEATHER CONDITIONS
 THE FOLLOWING WEATHER WAS RECORDED TODAY.
  NO SIGNIFICANT WEATHER WAS OBSERVED.


RELATIVE HUMIDITY (PERCENT)
 HIGHEST    86           300 AM
 LOWEST     24           200 PM
 AVERAGE    55

..........................................................


THE KENNEDY NY CLIMATE NORMALS FOR TOMORROW
                         NORMAL    RECORD    YEAR
 MAXIMUM TEMPERATURE (F)   67        89      1991
 MINIMUM TEMPERATURE (F)   52        43      1963


SUNRISE AND SUNSET
MAY 11 2016...........SUNRISE   542 AM EDT   SUNSET   802 PM EDT
MAY 12 2016...........SUNRISE   541 AM EDT   SUNSET   803 PM EDT


-  INDICATES NEGATIVE NUMBERS.
R  INDICATES RECORD WAS SET OR TIED.
MM INDICATES DATA IS MISSING.
T  INDICATES TRACE AMOUNT.




$$
