000
CDUS41 KOKX 122055
CLIJFK


CLIMATE REPORT
NATIONAL WEATHER SERVICE NEW YORK NY
454 PM EDT TUE AUG 12 2014


...................................

...THE KENNEDY NY CLIMATE SUMMARY FOR AUGUST 12 2014...
VALID TODAY AS OF 0400 PM LOCAL TIME.

CLIMATE NORMAL PERIOD 1981 TO 2010
CLIMATE RECORD PERIOD 1949 TO 2014


WEATHER ITEM   OBSERVED TIME   RECORD YEAR NORMAL DEPARTURE LAST
                VALUE   (LST)  VALUE       VALUE  FROM      YEAR
                                                  NORMAL
..................................................................
TEMPERATURE (F)
 TODAY
  MAXIMUM         80   1213 PM  92    1970  83     -3       80
  MINIMUM         73    450 AM  55    1979  68      5       69
  AVERAGE         77                        75      2       75

PRECIPITATION (IN)
  TODAY            T             1.45 1989   0.11  -0.11     0.48
  MONTH TO DATE    0.49                      1.54  -1.05     1.86
  SINCE JUN 1      7.93                      9.48  -1.55    12.07
  SINCE JAN 1     30.37                     26.82   3.55    25.32

SNOWFALL (IN)
  TODAY            0.0          MM      MM   0.0    0.0      0.0
  MONTH TO DATE    0.0                       0.0    0.0      0.0
  SINCE OCT 1     45.6                      23.8   21.8     17.6
  SINCE JUL 1      0.0                       0.0    0.0      0.0
  SNOW DEPTH       0

DEGREE DAYS
 HEATING
  TODAY            0                         0      0        0
  MONTH TO DATE    0                         0      0        0
  SINCE JUN 1      0                        21    -21       10
  SINCE JUL 1      0                         0      0        0

 COOLING
  TODAY           12                        10      2       10
  MONTH TO DATE  131                       131      0      119
  SINCE JUN 1    672                       651     21      754
  SINCE JAN 1    704                       686     18      780
..................................................................


WIND (MPH)
  HIGHEST WIND SPEED    21   HIGHEST WIND DIRECTION    SE (140)
  HIGHEST GUST SPEED    28   HIGHEST GUST DIRECTION    SE (120)
  AVERAGE WIND SPEED    12.8


SKY COVER
  AVERAGE SKY COVER 0.9


WEATHER CONDITIONS
 THE FOLLOWING WEATHER WAS RECORDED TODAY.
  NO SIGNIFICANT WEATHER WAS OBSERVED.


RELATIVE HUMIDITY (PERCENT)
 HIGHEST    76           200 PM
 LOWEST     67          1000 AM
 AVERAGE    72

..........................................................


THE KENNEDY NY CLIMATE NORMALS FOR TOMORROW
                         NORMAL    RECORD    YEAR
 MAXIMUM TEMPERATURE (F)   82        92      2005
                                             2002
 MINIMUM TEMPERATURE (F)   68        56      1979


SUNRISE AND SUNSET
AUGUST 12 2014........SUNRISE   603 AM EDT   SUNSET   757 PM EDT
AUGUST 13 2014........SUNRISE   604 AM EDT   SUNSET   756 PM EDT


-  INDICATES NEGATIVE NUMBERS.
R  INDICATES RECORD WAS SET OR TIED.
MM INDICATES DATA IS MISSING.
T  INDICATES TRACE AMOUNT.




$$
