000
CDUS41 KOKX 092147
CLIJFK


CLIMATE REPORT
NATIONAL WEATHER SERVICE NEW YORK NY
446 PM EST THU MAR 9 2017


...................................

...THE KENNEDY NY CLIMATE SUMMARY FOR MARCH 9 2017...
VALID TODAY AS OF 0400 PM LOCAL TIME.

CLIMATE NORMAL PERIOD 1981 TO 2010
CLIMATE RECORD PERIOD 1948 TO 2017


WEATHER ITEM   OBSERVED TIME   RECORD YEAR NORMAL DEPARTURE LAST
                VALUE   (LST)  VALUE       VALUE  FROM      YEAR
                                                  NORMAL
..................................................................
TEMPERATURE (F)
 TODAY
  MAXIMUM         64    359 PM  67    1973  47     17       62
  MINIMUM         46    608 AM  13    1996  32     14       41
  AVERAGE         55                        40     15       52

PRECIPITATION (IN)
  TODAY            0.00          2.16 1998   0.11  -0.11     0.00
  MONTH TO DATE    0.17                      1.01  -0.84     0.29
  SINCE MAR 1      0.17                      1.01  -0.84     0.29
  SINCE JAN 1      6.39                      6.76  -0.37     8.93

SNOWFALL (IN)
  TODAY            0.0           5.0  1984   0.1   -0.1      0.0
  MONTH TO DATE    0.0                       1.5   -1.5      1.4
  SINCE OCT 1     23.4                      21.0    2.4     40.9
  SINCE JUL 1     23.4                      21.0    2.4     40.9
  SNOW DEPTH       0

DEGREE DAYS
 HEATING
  TODAY           10                        25    -15       13
  MONTH TO DATE  206                       237    -31      208
  SINCE MAR 1    206                       237    -31      208
  SINCE JUL 1   3124                      3748   -624     2962

 COOLING
  TODAY            0                         0      0        0
  MONTH TO DATE    0                         0      0        0
  SINCE MAR 1      0                         0      0        0
  SINCE JAN 1      0                         0      0        0
..................................................................


WIND (MPH)
  HIGHEST WIND SPEED    32   HIGHEST WIND DIRECTION     W (270)
  HIGHEST GUST SPEED    41   HIGHEST GUST DIRECTION     W (270)
  AVERAGE WIND SPEED    21.2


SKY COVER
  AVERAGE SKY COVER 0.1


WEATHER CONDITIONS
 THE FOLLOWING WEATHER WAS RECORDED TODAY.
  NO SIGNIFICANT WEATHER WAS OBSERVED.


RELATIVE HUMIDITY (PERCENT)
 HIGHEST    50          1200 AM
 LOWEST     16          1100 AM
 AVERAGE    33

..........................................................


THE KENNEDY NY CLIMATE NORMALS FOR TOMORROW
                         NORMAL    RECORD    YEAR
 MAXIMUM TEMPERATURE (F)   47        71      2006
 MINIMUM TEMPERATURE (F)   33        12      1984


SUNRISE AND SUNSET
MARCH  9 2017.........SUNRISE   616 AM EST   SUNSET   556 PM EST
MARCH 10 2017.........SUNRISE   615 AM EST   SUNSET   557 PM EST


-  INDICATES NEGATIVE NUMBERS.
R  INDICATES RECORD WAS SET OR TIED.
MM INDICATES DATA IS MISSING.
T  INDICATES TRACE AMOUNT.




$$
