853
CDUS41 KOKX 182043
CLIJFK


CLIMATE REPORT
NATIONAL WEATHER SERVICE NEW YORK NY
437 PM EDT THU MAY 18 2017


...................................

...THE KENNEDY NY CLIMATE SUMMARY FOR MAY 18 2017...
VALID TODAY AS OF 0400 PM LOCAL TIME.

CLIMATE NORMAL PERIOD 1981 TO 2010
CLIMATE RECORD PERIOD 1948 TO 2017


WEATHER ITEM   OBSERVED TIME   RECORD YEAR NORMAL DEPARTURE LAST
                VALUE   (LST)  VALUE       VALUE  FROM      YEAR
                                                  NORMAL
..................................................................
TEMPERATURE (F)
 TODAY
  MAXIMUM         85    227 PM  88    1977  69     16       66
  MINIMUM         65    109 AM  42    2003  53     12       52
                                      1973
  AVERAGE         75                        61     14       59

PRECIPITATION (IN)
  TODAY            0.00          2.12 1988   0.12  -0.12     0.02
  MONTH TO DATE    3.51                      2.12   1.39     2.15
  SINCE MAR 1     13.36                      9.77   3.59     4.78
  SINCE JAN 1     19.58                     15.52   4.06    13.42

SNOWFALL (IN)
  TODAY            0.0          MM      MM   0.0    0.0      0.0
  MONTH TO DATE    0.0                       0.0    0.0      0.0
  SINCE OCT 1     30.9                      23.8    7.1     41.4
  SINCE JUL 1     30.9                      23.8    7.1     41.4
  SNOW DEPTH       0

DEGREE DAYS
 HEATING
  TODAY            0                         5     -5        6
  MONTH TO DATE  129                       124      5      167
  SINCE MAR 1   1217                      1264    -47     1111
  SINCE JUL 1   4135                      4775   -640     3865

 COOLING
  TODAY           10                         1      9        0
  MONTH TO DATE   18                         9      9        0
  SINCE MAR 1     30                        12     18        0
  SINCE JAN 1     30                        12     18        0
..................................................................


WIND (MPH)
  HIGHEST WIND SPEED    18   HIGHEST WIND DIRECTION     S (190)
  HIGHEST GUST SPEED    22   HIGHEST GUST DIRECTION     S (190)
  AVERAGE WIND SPEED     9.7


SKY COVER
  AVERAGE SKY COVER 0.6


WEATHER CONDITIONS
 THE FOLLOWING WEATHER WAS RECORDED TODAY.
  NO SIGNIFICANT WEATHER WAS OBSERVED.


RELATIVE HUMIDITY (PERCENT)
 HIGHEST    93           400 AM
 LOWEST     51           200 PM
 AVERAGE    72

..........................................................


THE KENNEDY NY CLIMATE NORMALS FOR TOMORROW
                         NORMAL    RECORD    YEAR
 MAXIMUM TEMPERATURE (F)   69        91      1962
 MINIMUM TEMPERATURE (F)   54        42      2002
                                             1976


SUNRISE AND SUNSET
MAY 18 2017...........SUNRISE   535 AM EDT   SUNSET   808 PM EDT
MAY 19 2017...........SUNRISE   535 AM EDT   SUNSET   809 PM EDT


-  INDICATES NEGATIVE NUMBERS.
R  INDICATES RECORD WAS SET OR TIED.
MM INDICATES DATA IS MISSING.
T  INDICATES TRACE AMOUNT.




$$
