000
CDUS41 KOKX 020618
CLIJFK


CLIMATE REPORT
NATIONAL WEATHER SERVICE NEW YORK NY
218 AM EDT WED APR 2 2014


...................................

...THE KENNEDY NY CLIMATE SUMMARY FOR APRIL 1 2014...

CLIMATE NORMAL PERIOD 1981 TO 2010
CLIMATE RECORD PERIOD 1949 TO 2014


WEATHER ITEM   OBSERVED TIME   RECORD YEAR NORMAL DEPARTURE LAST
                VALUE   (LST)  VALUE       VALUE  FROM      YEAR
                                                  NORMAL
..................................................................
TEMPERATURE (F)
 YESTERDAY
  MAXIMUM         57   1240 PM  75    1978  54      3       63
  MINIMUM         37    435 AM  26    1969  39     -2       37
                                      1964
  AVERAGE         47                        46      1       50

PRECIPITATION (IN)
  YESTERDAY        0.00          1.62 1993   0.13  -0.13      T
  MONTH TO DATE    0.00                      0.13  -0.13      T
  SINCE MAR 1      4.26                      3.91   0.35     2.32
  SINCE JAN 1     11.86                      9.66   2.20     7.44

SNOWFALL (IN)
  YESTERDAY        0.0           1.5  1997   0.1   -0.1      0.0
  MONTH TO DATE    0.0                       0.1   -0.1      0.0
  SINCE OCT 1     45.5                      23.1   22.4     17.6
  SINCE JUL 1     45.5                      23.1   22.4     17.6
  SNOW DEPTH       0

DEGREE DAYS
 HEATING
  YESTERDAY       18                        19     -1       15
  MONTH TO DATE   18                        19     -1       15
  SINCE MAR 1    868                       744    124      781
  SINCE JUL 1   4575                      4255    320     4111

 COOLING
  YESTERDAY        0                         0      0        0
  MONTH TO DATE    0                         0      0        0
  SINCE MAR 1      0                         0      0        0
  SINCE JAN 1      0                         0      0        0
..................................................................


WIND (MPH)
  HIGHEST WIND SPEED    16   HIGHEST WIND DIRECTION     S (190)
  HIGHEST GUST SPEED    25   HIGHEST GUST DIRECTION     E (90)
  AVERAGE WIND SPEED    10.0


SKY COVER
  POSSIBLE SUNSHINE  MM
  AVERAGE SKY COVER 0.3


WEATHER CONDITIONS
 THE FOLLOWING WEATHER WAS RECORDED YESTERDAY.
  NO SIGNIFICANT WEATHER WAS OBSERVED.


RELATIVE HUMIDITY (PERCENT)
 HIGHEST    76          1100 PM
 LOWEST     35          1200 PM
 AVERAGE    56

..........................................................


THE KENNEDY NY CLIMATE NORMALS FOR TODAY
                         NORMAL    RECORD    YEAR
 MAXIMUM TEMPERATURE (F)   54        73      1986
                                             1963
 MINIMUM TEMPERATURE (F)   39        27      1964


SUNRISE AND SUNSET
APRIL  2 2014.........SUNRISE   637 AM EDT   SUNSET   721 PM EDT
APRIL  3 2014.........SUNRISE   636 AM EDT   SUNSET   722 PM EDT


-  INDICATES NEGATIVE NUMBERS.
R  INDICATES RECORD WAS SET OR TIED.
MM INDICATES DATA IS MISSING.
T  INDICATES TRACE AMOUNT.




$$
