000
CDUS41 KOKX 072037
CLIJFK


CLIMATE REPORT
NATIONAL WEATHER SERVICE NEW YORK NY
436 PM EDT FRI APR 7 2017


...................................

...THE KENNEDY NY CLIMATE SUMMARY FOR APRIL 7 2017...
VALID TODAY AS OF 0400 PM LOCAL TIME.

CLIMATE NORMAL PERIOD 1981 TO 2010
CLIMATE RECORD PERIOD 1948 TO 2017


WEATHER ITEM   OBSERVED TIME   RECORD YEAR NORMAL DEPARTURE LAST
                VALUE   (LST)  VALUE       VALUE  FROM      YEAR
                                                  NORMAL
..................................................................
TEMPERATURE (F)
 TODAY
  MAXIMUM         52   1231 AM  87    2010  56     -4       59
  MINIMUM         45   1202 PM  20    1982  41      4       48
  AVERAGE         49                        48      1       54

PRECIPITATION (IN)
  TODAY            T             0.85 1971   0.13  -0.13     0.06
  MONTH TO DATE    2.05                      0.93   1.12     0.77
  SINCE MAR 1      7.84                      4.71   3.13     2.16
  SINCE JAN 1     14.06                     10.46   3.60    10.80

SNOWFALL (IN)
  TODAY            0.0           5.4  2003   0.0    0.0      0.0
  MONTH TO DATE    0.0                       0.3   -0.3       T
  SINCE OCT 1     30.9                      23.3    7.6     41.4
  SINCE JUL 1     30.9                      23.3    7.6     41.4
  SNOW DEPTH       0

DEGREE DAYS
 HEATING
  TODAY           16                        17     -1       11
  MONTH TO DATE  109                       124    -15      132
  SINCE MAR 1    897                       849     48      665
  SINCE JUL 1   3815                      4360   -545     3419

 COOLING
  TODAY            0                         0      0        0
  MONTH TO DATE    0                         0      0        0
  SINCE MAR 1      0                         0      0        0
  SINCE JAN 1      0                         0      0        0
..................................................................


WIND (MPH)
  HIGHEST WIND SPEED    25   HIGHEST WIND DIRECTION     W (270)
  HIGHEST GUST SPEED    31   HIGHEST GUST DIRECTION     W (270)
  AVERAGE WIND SPEED    19.0


SKY COVER
  AVERAGE SKY COVER 0.7


WEATHER CONDITIONS
 THE FOLLOWING WEATHER WAS RECORDED TODAY.
  LIGHT RAIN


RELATIVE HUMIDITY (PERCENT)
 HIGHEST    86           100 AM
 LOWEST     56           300 PM
 AVERAGE    71

..........................................................


THE KENNEDY NY CLIMATE NORMALS FOR TOMORROW
                         NORMAL    RECORD    YEAR
 MAXIMUM TEMPERATURE (F)   57        82      1959
 MINIMUM TEMPERATURE (F)   41        26      1982


SUNRISE AND SUNSET
APRIL  7 2017.........SUNRISE   629 AM EDT   SUNSET   726 PM EDT
APRIL  8 2017.........SUNRISE   627 AM EDT   SUNSET   727 PM EDT


-  INDICATES NEGATIVE NUMBERS.
R  INDICATES RECORD WAS SET OR TIED.
MM INDICATES DATA IS MISSING.
T  INDICATES TRACE AMOUNT.




$$
