000
CDUS41 KOKX 092032
CLIJFK


CLIMATE REPORT
NATIONAL WEATHER SERVICE NEW YORK NY
431 PM EDT TUE SEP 9 2014


...................................

...THE KENNEDY NY CLIMATE SUMMARY FOR SEPTEMBER 9 2014...
VALID TODAY AS OF 0400 PM LOCAL TIME.

CLIMATE NORMAL PERIOD 1981 TO 2010
CLIMATE RECORD PERIOD 1949 TO 2014


WEATHER ITEM   OBSERVED TIME   RECORD YEAR NORMAL DEPARTURE LAST
                VALUE   (LST)  VALUE       VALUE  FROM      YEAR
                                                  NORMAL
..................................................................
TEMPERATURE (F)
 TODAY
  MAXIMUM         75   1203 PM  93    1959  78     -3       72
  MINIMUM         64    547 AM  51    1986  63      1       54
                                      1949
  AVERAGE         70                        70      0       63

PRECIPITATION (IN)
  TODAY            T             0.77 2008   0.11  -0.11     0.00
  MONTH TO DATE    0.04                      0.96  -0.92     0.03
  SINCE SEP 1      0.04                      0.96  -0.92     0.03
  SINCE JAN 1     34.15                     29.92   4.23    26.22

SNOWFALL (IN)
  TODAY            0.0          MM      MM   0.0    0.0      0.0
  MONTH TO DATE    0.0                       0.0    0.0      0.0
  SINCE OCT 1     45.6                      23.8   21.8     17.6
  SINCE JUL 1      0.0                       0.0    0.0      0.0
  SNOW DEPTH       0

DEGREE DAYS
 HEATING
  TODAY            0                         0      0        2
  MONTH TO DATE    0                         0      0        3
  SINCE SEP 1      0                         0      0        3
  SINCE JUL 1      0                         1     -1        3

 COOLING
  TODAY            5                         6     -1        0
  MONTH TO DATE  106                        61     45       68
  SINCE SEP 1    106                        61     45       68
  SINCE JAN 1    969                       922     47     1027
..................................................................


WIND (MPH)
  HIGHEST WIND SPEED    17   HIGHEST WIND DIRECTION    NE (60)
  HIGHEST GUST SPEED    25   HIGHEST GUST DIRECTION    NE (40)
  AVERAGE WIND SPEED    11.8


SKY COVER
  AVERAGE SKY COVER 0.7


WEATHER CONDITIONS
 THE FOLLOWING WEATHER WAS RECORDED TODAY.
  NO SIGNIFICANT WEATHER WAS OBSERVED.


RELATIVE HUMIDITY (PERCENT)
 HIGHEST    67           300 AM
 LOWEST     58          1200 AM
 AVERAGE    63

..........................................................


THE KENNEDY NY CLIMATE NORMALS FOR TOMORROW
                         NORMAL    RECORD    YEAR
 MAXIMUM TEMPERATURE (F)   77        98      1983
 MINIMUM TEMPERATURE (F)   63        50      1978


SUNRISE AND SUNSET
SEPTEMBER  9 2014.....SUNRISE   630 AM EDT   SUNSET   714 PM EDT
SEPTEMBER 10 2014.....SUNRISE   631 AM EDT   SUNSET   713 PM EDT


-  INDICATES NEGATIVE NUMBERS.
R  INDICATES RECORD WAS SET OR TIED.
MM INDICATES DATA IS MISSING.
T  INDICATES TRACE AMOUNT.




$$
