000
CDUS41 KOKX 040622
CLIJFK


CLIMATE REPORT
NATIONAL WEATHER SERVICE NEW YORK NY
121 AM EST SAT FEB 4 2017


...................................

...THE KENNEDY NY CLIMATE SUMMARY FOR FEBRUARY 3 2017...

CLIMATE NORMAL PERIOD 1981 TO 2010
CLIMATE RECORD PERIOD 1948 TO 2017


WEATHER ITEM   OBSERVED TIME   RECORD YEAR NORMAL DEPARTURE LAST
                VALUE   (LST)  VALUE       VALUE  FROM      YEAR
                                                  NORMAL
..................................................................
TEMPERATURE (F)
 YESTERDAY
  MAXIMUM         34    303 PM  62    1991  40     -6       56
  MINIMUM         26    645 AM   6    1961  27     -1       39
  AVERAGE         30                        33     -3       48

PRECIPITATION (IN)
  YESTERDAY        0.00          1.44 1972   0.09  -0.09     0.44
  MONTH TO DATE    T                         0.27  -0.27     0.44
  SINCE DEC 1      7.70                      6.82   0.88     9.82
  SINCE JAN 1      4.64                      3.43   1.21     5.03

SNOWFALL (IN)
  YESTERDAY        0.0           6.7  2014   0.3   -0.3      0.0
  MONTH TO DATE    T                         0.9   -0.9      0.0
  SINCE OCT 1     15.0                      12.1    2.9     31.4
  SINCE JUL 1     15.0                      12.1    2.9     31.4
  SNOW DEPTH       0

DEGREE DAYS
 HEATING
  YESTERDAY       35                        32      3       17
  MONTH TO DATE   87                        96     -9       53
  SINCE DEC 1   1681                      1942   -261     1430
  SINCE JUL 1   2321                      2766   -445     2021

 COOLING
  YESTERDAY        0                         0      0        0
  MONTH TO DATE    0                         0      0        0
  SINCE DEC 1      0                         0      0        0
  SINCE JAN 1      0                         0      0        0
..................................................................


WIND (MPH)
  HIGHEST WIND SPEED    29   HIGHEST WIND DIRECTION    NW (310)
  HIGHEST GUST SPEED    35   HIGHEST GUST DIRECTION     W (280)
  AVERAGE WIND SPEED    13.1


SKY COVER
  POSSIBLE SUNSHINE  MM
  AVERAGE SKY COVER 0.6


WEATHER CONDITIONS
 THE FOLLOWING WEATHER WAS RECORDED YESTERDAY.
  NO SIGNIFICANT WEATHER WAS OBSERVED.


RELATIVE HUMIDITY (PERCENT)
 HIGHEST    46           600 AM
 LOWEST     31          1000 PM
 AVERAGE    39

..........................................................


THE KENNEDY NY CLIMATE NORMALS FOR TODAY
                         NORMAL    RECORD    YEAR
 MAXIMUM TEMPERATURE (F)   40        68      1991
 MINIMUM TEMPERATURE (F)   27         9      1996


SUNRISE AND SUNSET
FEBRUARY  4 2017......SUNRISE   702 AM EST   SUNSET   517 PM EST
FEBRUARY  5 2017......SUNRISE   701 AM EST   SUNSET   518 PM EST


-  INDICATES NEGATIVE NUMBERS.
R  INDICATES RECORD WAS SET OR TIED.
MM INDICATES DATA IS MISSING.
T  INDICATES TRACE AMOUNT.




$$
