000
CDUS41 KOKX 100644
CLIJFK


CLIMATE REPORT
NATIONAL WEATHER SERVICE NEW YORK NY
244 AM EDT SUN JUL 10 2016


...................................

...THE KENNEDY NY CLIMATE SUMMARY FOR JULY 9 2016...

CLIMATE NORMAL PERIOD 1981 TO 2010
CLIMATE RECORD PERIOD 1948 TO 2016


WEATHER ITEM   OBSERVED TIME   RECORD YEAR NORMAL DEPARTURE LAST
                VALUE   (LST)  VALUE       VALUE  FROM      YEAR
                                                  NORMAL
..................................................................
TEMPERATURE (F)
 YESTERDAY
  MAXIMUM         72    132 PM 101    1993  83    -11       77
  MINIMUM         66    650 AM  55    1963  68     -2       72
  AVERAGE         69                        76     -7       75

PRECIPITATION (IN)
  YESTERDAY        0.25          0.88 1992   0.12   0.13     0.32
  MONTH TO DATE    1.78                      1.06   0.72     1.15
  SINCE JUN 1      3.39                      4.92  -1.53     6.14
  SINCE JAN 1     18.37                     22.26  -3.89    20.75

SNOWFALL (IN)
  YESTERDAY        0.0          MM      MM   0.0    0.0      0.0
  MONTH TO DATE    0.0                       0.0    0.0      0.0
  SINCE OCT 1     41.4                      23.8   17.6     44.2
  SINCE JUL 1      0.0                       0.0    0.0      0.0
  SNOW DEPTH       0

DEGREE DAYS
 HEATING
  YESTERDAY        0                         0      0        0
  MONTH TO DATE    0                         0      0        0
  SINCE JUN 1      3                        21    -18       29
  SINCE JUL 1      0                         0      0        0

 COOLING
  YESTERDAY        4                        11     -7       10
  MONTH TO DATE  102                        92     10      102
  SINCE JUN 1    320                       275     45      327
  SINCE JAN 1    371                       310     61      387
..................................................................


WIND (MPH)
  HIGHEST WIND SPEED    17   HIGHEST WIND DIRECTION     E (110)
  HIGHEST GUST SPEED    21   HIGHEST GUST DIRECTION    SE (120)
  AVERAGE WIND SPEED    11.4


SKY COVER
  POSSIBLE SUNSHINE  MM
  AVERAGE SKY COVER 1.0


WEATHER CONDITIONS
 THE FOLLOWING WEATHER WAS RECORDED YESTERDAY.
  THUNDERSTORM
  RAIN
  LIGHT RAIN
  FOG


RELATIVE HUMIDITY (PERCENT)
 HIGHEST    93           900 PM
 LOWEST     76           900 AM
 AVERAGE    85

..........................................................


THE KENNEDY NY CLIMATE NORMALS FOR TODAY
                         NORMAL    RECORD    YEAR
 MAXIMUM TEMPERATURE (F)   83       100      1993
 MINIMUM TEMPERATURE (F)   68        58      2009
                                             1963


SUNRISE AND SUNSET
JULY 10 2016..........SUNRISE   534 AM EDT   SUNSET   827 PM EDT
JULY 11 2016..........SUNRISE   534 AM EDT   SUNSET   827 PM EDT


-  INDICATES NEGATIVE NUMBERS.
R  INDICATES RECORD WAS SET OR TIED.
MM INDICATES DATA IS MISSING.
T  INDICATES TRACE AMOUNT.




$$
