000
CDUS41 KOKX 142049
CLIJFK


CLIMATE REPORT
NATIONAL WEATHER SERVICE NEW YORK NY
449 PM EDT SUN AUG 14 2016


...................................

...THE KENNEDY NY CLIMATE SUMMARY FOR AUGUST 14 2016...
VALID TODAY AS OF 0400 PM LOCAL TIME.

CLIMATE NORMAL PERIOD 1981 TO 2010
CLIMATE RECORD PERIOD 1948 TO 2016


WEATHER ITEM   OBSERVED TIME   RECORD YEAR NORMAL DEPARTURE LAST
                VALUE   (LST)  VALUE       VALUE  FROM      YEAR
                                                  NORMAL
..................................................................
TEMPERATURE (F)
 TODAY
  MAXIMUM         95R   200 PM  93    2003  82     13       86
  MINIMUM         82    500 AM  57    1964  68     14       66
                                      1961
  AVERAGE         89                        75     14       76

PRECIPITATION (IN)
  TODAY            0.00          7.80 2011   0.12  -0.12     0.00
  MONTH TO DATE    0.30                      1.78  -1.48     1.14
  SINCE JUN 1      7.97                      9.72  -1.75     8.44
  SINCE JAN 1     22.95                     27.06  -4.11    23.05

SNOWFALL (IN)
  TODAY            0.0          MM      MM   0.0    0.0      0.0
  MONTH TO DATE    0.0                       0.0    0.0      0.0
  SINCE OCT 1     41.4                      23.8   17.6     44.2
  SINCE JUL 1      0.0                       0.0    0.0      0.0
  SNOW DEPTH       0

DEGREE DAYS
 HEATING
  TODAY            0                         0      0        0
  MONTH TO DATE    0                         0      0        0
  SINCE JUN 1      3                        21    -18       29
  SINCE JUL 1      0                         0      0        0

 COOLING
  TODAY           24                        10     14       11
  MONTH TO DATE  195                       151     44      189
  SINCE JUN 1    841                       671    170      837
  SINCE JAN 1    892                       706    186      897
..................................................................


WIND (MPH)
  HIGHEST WIND SPEED    17   HIGHEST WIND DIRECTION    SW (230)
  HIGHEST GUST SPEED    28   HIGHEST GUST DIRECTION    SW (240)
  AVERAGE WIND SPEED     9.6


SKY COVER
  AVERAGE SKY COVER 0.5


WEATHER CONDITIONS
 THE FOLLOWING WEATHER WAS RECORDED TODAY.
  NO SIGNIFICANT WEATHER WAS OBSERVED.


RELATIVE HUMIDITY (PERCENT)
 HIGHEST    74          1200 AM
 LOWEST     52          1100 AM
 AVERAGE    63

..........................................................


THE KENNEDY NY CLIMATE NORMALS FOR TOMORROW
                         NORMAL    RECORD    YEAR
 MAXIMUM TEMPERATURE (F)   82        98      1988
 MINIMUM TEMPERATURE (F)   68        57      1964


SUNRISE AND SUNSET
AUGUST 14 2016........SUNRISE   605 AM EDT   SUNSET   754 PM EDT
AUGUST 15 2016........SUNRISE   606 AM EDT   SUNSET   752 PM EDT


-  INDICATES NEGATIVE NUMBERS.
R  INDICATES RECORD WAS SET OR TIED.
MM INDICATES DATA IS MISSING.
T  INDICATES TRACE AMOUNT.




$$
