000
CDUS41 KOKX 270619
CLIJFK


CLIMATE REPORT
NATIONAL WEATHER SERVICE NEW YORK NY
219 AM EDT MON JUL 27 2015


...................................

...THE KENNEDY NY CLIMATE SUMMARY FOR JULY 26 2015...

CLIMATE NORMAL PERIOD 1981 TO 2010
CLIMATE RECORD PERIOD 1949 TO 2015


WEATHER ITEM   OBSERVED TIME   RECORD YEAR NORMAL DEPARTURE LAST
                VALUE   (LST)  VALUE       VALUE  FROM      YEAR
                                                  NORMAL
..................................................................
TEMPERATURE (F)
 YESTERDAY
  MAXIMUM         87    138 PM  94    1982  84      3       81
  MINIMUM         71    428 AM  58    1976  69      2       69
                                      1964
  AVERAGE         79                        76      3       75

PRECIPITATION (IN)
  YESTERDAY        T             3.11 2000   0.14  -0.14     0.09
  MONTH TO DATE    1.34                      3.38  -2.04     4.31
  SINCE JUN 1      6.33                      7.24  -0.91     6.92
  SINCE JAN 1     20.94                     24.58  -3.64    29.36

SNOWFALL (IN)
  YESTERDAY        0.0          MM      MM   0.0    0.0      0.0
  MONTH TO DATE    0.0                       0.0    0.0      0.0
  SINCE OCT 1     44.2                      23.8   20.4     45.6
  SINCE JUL 1      0.0                       0.0    0.0      0.0
  SNOW DEPTH       0

DEGREE DAYS
 HEATING
  YESTERDAY        0                         0      0        0
  MONTH TO DATE    0                         0      0        0
  SINCE JUN 1     29                        21      8        0
  SINCE JUL 1      0                         0      0        0

 COOLING
  YESTERDAY       14                        11      3       10
  MONTH TO DATE  338                       279     59      285
  SINCE JUN 1    563                       462    101      493
  SINCE JAN 1    623                       497    126      525
..................................................................


WIND (MPH)
  HIGHEST WIND SPEED    26   HIGHEST WIND DIRECTION     S (180)
  HIGHEST GUST SPEED    33   HIGHEST GUST DIRECTION     S (190)
  AVERAGE WIND SPEED    13.4


SKY COVER
  POSSIBLE SUNSHINE  MM
  AVERAGE SKY COVER 0.7


WEATHER CONDITIONS
 THE FOLLOWING WEATHER WAS RECORDED YESTERDAY.
  LIGHT RAIN


RELATIVE HUMIDITY (PERCENT)
 HIGHEST    79          1200 AM
 LOWEST     46           100 PM
 AVERAGE    63

..........................................................


THE KENNEDY NY CLIMATE NORMALS FOR TODAY
                         NORMAL    RECORD    YEAR
 MAXIMUM TEMPERATURE (F)   83        97      1963
 MINIMUM TEMPERATURE (F)   69        59      2001


SUNRISE AND SUNSET
JULY 27 2015..........SUNRISE   547 AM EDT   SUNSET   816 PM EDT
JULY 28 2015..........SUNRISE   548 AM EDT   SUNSET   815 PM EDT


-  INDICATES NEGATIVE NUMBERS.
R  INDICATES RECORD WAS SET OR TIED.
MM INDICATES DATA IS MISSING.
T  INDICATES TRACE AMOUNT.




$$
