000
CDUS41 KOKX 080617
CLIJFK


CLIMATE REPORT
NATIONAL WEATHER SERVICE NEW YORK NY
117 AM EST THU FEB 8 2018


...................................

...THE KENNEDY NY CLIMATE SUMMARY FOR FEBRUARY 7 2018...

CLIMATE NORMAL PERIOD 1981 TO 2010
CLIMATE RECORD PERIOD 1948 TO 2018


WEATHER ITEM   OBSERVED TIME   RECORD YEAR NORMAL DEPARTURE LAST
                VALUE   (LST)  VALUE       VALUE  FROM      YEAR
                                                  NORMAL
..................................................................
TEMPERATURE (F)
 YESTERDAY
  MAXIMUM         46    640 PM  53    1990  40      6       44
  MINIMUM         27    209 AM   7    1993  27      0       35
  AVERAGE         37                        34      3       40

PRECIPITATION (IN)
  YESTERDAY        0.84          1.36 1971   0.08   0.76     0.10
  MONTH TO DATE    2.06                      0.62   1.44     0.10
  SINCE DEC 1      5.55                      7.17  -1.62     7.80
  SINCE JAN 1      3.90                      3.78   0.12     4.74

SNOWFALL (IN)
  YESTERDAY        0.3           9.3  1967   0.3    0.0      0.0
  MONTH TO DATE    0.3                       2.1   -1.8       T
  SINCE OCT 1     16.7                      13.3    3.4     15.0
  SINCE JUL 1     16.7                      13.3    3.4     15.0
  SNOW DEPTH       0

DEGREE DAYS
 HEATING
  YESTERDAY       28                        31     -3       25
  MONTH TO DATE  227                       222      5      200
  SINCE DEC 1   2224                      2068    156     1794
  SINCE JUL 1   2909                      2892     17     2434

 COOLING
  YESTERDAY        0                         0      0        0
  MONTH TO DATE    0                         0      0        0
  SINCE DEC 1      0                         0      0        0
  SINCE JAN 1      0                         0      0        0
..................................................................


WIND (MPH)
  HIGHEST WIND SPEED    35   HIGHEST WIND DIRECTION    NW (310)
  HIGHEST GUST SPEED    46   HIGHEST GUST DIRECTION    NW (310)
  AVERAGE WIND SPEED    12.6


SKY COVER
  POSSIBLE SUNSHINE  MM
  AVERAGE SKY COVER 0.8


WEATHER CONDITIONS
 THE FOLLOWING WEATHER WAS RECORDED YESTERDAY.
  RAIN
  LIGHT RAIN
  LT FREEZING RAIN
  SNOW
  LIGHT SNOW
  SLEET
  FOG


RELATIVE HUMIDITY (PERCENT)
 HIGHEST   100           100 PM
 LOWEST     69          1200 AM
 AVERAGE    85

..........................................................


THE KENNEDY NY CLIMATE NORMALS FOR TODAY
                         NORMAL    RECORD    YEAR
 MAXIMUM TEMPERATURE (F)   41        65      2017
 MINIMUM TEMPERATURE (F)   27        -2      1963


SUNRISE AND SUNSET
FEBRUARY  8 2018......SUNRISE   658 AM EST   SUNSET   522 PM EST
FEBRUARY  9 2018......SUNRISE   656 AM EST   SUNSET   523 PM EST


-  INDICATES NEGATIVE NUMBERS.
R  INDICATES RECORD WAS SET OR TIED.
MM INDICATES DATA IS MISSING.
T  INDICATES TRACE AMOUNT.




$$
