000
CDUS41 KOKX 280620
CLIJFK


CLIMATE REPORT
NATIONAL WEATHER SERVICE NEW YORK NY
220 AM EDT FRI AUG 28 2015


...................................

...THE KENNEDY NY CLIMATE SUMMARY FOR AUGUST 27 2015...

CLIMATE NORMAL PERIOD 1981 TO 2010
CLIMATE RECORD PERIOD 1949 TO 2015


WEATHER ITEM   OBSERVED TIME   RECORD YEAR NORMAL DEPARTURE LAST
                VALUE   (LST)  VALUE       VALUE  FROM      YEAR
                                                  NORMAL
..................................................................
TEMPERATURE (F)
 YESTERDAY
  MAXIMUM         83    320 PM 101    1948  81      2       86
  MINIMUM         68    554 AM  59    1989  67      1       67
                                      1969
  AVERAGE         76                        74      2       77

PRECIPITATION (IN)
  YESTERDAY        0.00          2.69 2011   0.10  -0.10     0.00
  MONTH TO DATE    3.63                      3.27   0.36     4.09
  SINCE JUN 1     10.93                     11.21  -0.28    11.53
  SINCE JAN 1     25.54                     28.55  -3.01    33.97

SNOWFALL (IN)
  YESTERDAY        0.0          MM      MM   0.0    0.0      0.0
  MONTH TO DATE    0.0                       0.0    0.0      0.0
  SINCE OCT 1     44.2                      23.8   20.4     45.6
  SINCE JUL 1      0.0                       0.0    0.0      0.0
  SNOW DEPTH       0

DEGREE DAYS
 HEATING
  YESTERDAY        0                         0      0        0
  MONTH TO DATE    0                         0      0        0
  SINCE JUN 1     29                        21      8        0
  SINCE JUL 1      0                         0      0        0

 COOLING
  YESTERDAY       11                         9      2       12
  MONTH TO DATE  376                       275    101      253
  SINCE JUN 1   1024                       795    229      794
  SINCE JAN 1   1084                       830    254      826
..................................................................


WIND (MPH)
  HIGHEST WIND SPEED    17   HIGHEST WIND DIRECTION    NW (330)
  HIGHEST GUST SPEED    22   HIGHEST GUST DIRECTION    NW (330)
  AVERAGE WIND SPEED     9.4


SKY COVER
  POSSIBLE SUNSHINE  MM
  AVERAGE SKY COVER 0.5


WEATHER CONDITIONS
 THE FOLLOWING WEATHER WAS RECORDED YESTERDAY.
  NO SIGNIFICANT WEATHER WAS OBSERVED.


RELATIVE HUMIDITY (PERCENT)
 HIGHEST    63           600 AM
 LOWEST     34           200 PM
 AVERAGE    49

..........................................................


THE KENNEDY NY CLIMATE NORMALS FOR TODAY
                         NORMAL    RECORD    YEAR
 MAXIMUM TEMPERATURE (F)   80        98      1973
                                             1948
 MINIMUM TEMPERATURE (F)   66        53      1986


SUNRISE AND SUNSET
AUGUST 28 2015........SUNRISE   618 AM EDT   SUNSET   734 PM EDT
AUGUST 29 2015........SUNRISE   619 AM EDT   SUNSET   732 PM EDT


-  INDICATES NEGATIVE NUMBERS.
R  INDICATES RECORD WAS SET OR TIED.
MM INDICATES DATA IS MISSING.
T  INDICATES TRACE AMOUNT.




$$
