000
CDUS41 KOKX 072030
CLIJFK


CLIMATE REPORT
NATIONAL WEATHER SERVICE NEW YORK NY
430 PM EDT SUN SEP 7 2014


...................................

...THE KENNEDY NY CLIMATE SUMMARY FOR SEPTEMBER 7 2014...
VALID TODAY AS OF 0400 PM LOCAL TIME.

CLIMATE NORMAL PERIOD 1981 TO 2010
CLIMATE RECORD PERIOD 1949 TO 2014


WEATHER ITEM   OBSERVED TIME   RECORD YEAR NORMAL DEPARTURE LAST
                VALUE   (LST)  VALUE       VALUE  FROM      YEAR
                                                  NORMAL
..................................................................
TEMPERATURE (F)
 TODAY
  MAXIMUM         82    138 PM  93    1983  78      4       78
  MINIMUM         66    557 AM  47    1962  64      2       58
  AVERAGE         74                        71      3       68

PRECIPITATION (IN)
  TODAY            T             0.98 1974   0.10  -0.10     0.00
  MONTH TO DATE    0.04                      0.75  -0.71     0.03
  SINCE SEP 1      0.04                      0.75  -0.71     0.03
  SINCE JAN 1     34.15                     29.71   4.44    26.22

SNOWFALL (IN)
  TODAY            0.0          MM      MM   0.0    0.0      0.0
  MONTH TO DATE    0.0                       0.0    0.0      0.0
  SINCE OCT 1     45.6                      23.8   21.8     17.6
  SINCE JUL 1      0.0                       0.0    0.0      0.0
  SNOW DEPTH       0

DEGREE DAYS
 HEATING
  TODAY            0                         0      0        0
  MONTH TO DATE    0                         0      0        1
  SINCE SEP 1      0                         0      0        1
  SINCE JUL 1      0                         1     -1        1

 COOLING
  TODAY            9                         6      3        3
  MONTH TO DATE   94                        49     45       58
  SINCE SEP 1     94                        49     45       58
  SINCE JAN 1    957                       910     47     1017
..................................................................


WIND (MPH)
  HIGHEST WIND SPEED    18   HIGHEST WIND DIRECTION     N (350)
  HIGHEST GUST SPEED    23   HIGHEST GUST DIRECTION     N (20)
  AVERAGE WIND SPEED     9.7


SKY COVER
  AVERAGE SKY COVER 0.7


WEATHER CONDITIONS
 THE FOLLOWING WEATHER WAS RECORDED TODAY.
  NO SIGNIFICANT WEATHER WAS OBSERVED.


RELATIVE HUMIDITY (PERCENT)
 HIGHEST    78           100 AM
 LOWEST     36           300 PM
 AVERAGE    57

..........................................................


THE KENNEDY NY CLIMATE NORMALS FOR TOMORROW
                         NORMAL    RECORD    YEAR
 MAXIMUM TEMPERATURE (F)   78        92      2010
 MINIMUM TEMPERATURE (F)   64        50      1962


SUNRISE AND SUNSET
SEPTEMBER  7 2014.....SUNRISE   628 AM EDT   SUNSET   718 PM EDT
SEPTEMBER  8 2014.....SUNRISE   629 AM EDT   SUNSET   716 PM EDT


-  INDICATES NEGATIVE NUMBERS.
R  INDICATES RECORD WAS SET OR TIED.
MM INDICATES DATA IS MISSING.
T  INDICATES TRACE AMOUNT.




$$
