000
CDUS41 KOKX 221405
CLIJFK


CLIMATE REPORT
NATIONAL WEATHER SERVICE NEW YORK NY
905 AM EST TUE NOV 22 2016


...................................

...THE KENNEDY NY CLIMATE SUMMARY FOR NOVEMBER 21 2016...

CLIMATE NORMAL PERIOD 1981 TO 2010
CLIMATE RECORD PERIOD 1948 TO 2016


WEATHER ITEM   OBSERVED TIME   RECORD YEAR NORMAL DEPARTURE LAST
                VALUE   (LST)  VALUE       VALUE  FROM      YEAR
                                                  NORMAL
..................................................................
TEMPERATURE (F)
 YESTERDAY
  MAXIMUM         42    817 PM  66    1991  52    -10       55
  MINIMUM         38    838 AM  19    1987  39     -1       42
  AVERAGE         40                        46     -6       49

PRECIPITATION (IN)
  YESTERDAY        T             0.69 1975   0.11  -0.11     0.00
  MONTH TO DATE    1.58                      2.24  -0.66     1.18
  SINCE SEP 1      7.78                      9.36  -1.58     7.96
  SINCE JAN 1     31.05                     38.32  -7.27    33.50

SNOWFALL (IN)
  YESTERDAY        T            MM      MM   0.0    0.0      0.0
  MONTH TO DATE    T                         0.0    0.0      0.0
  SINCE OCT 1      T                         0.0    0.0      0.0
  SINCE JUL 1      T                         0.0    0.0      0.0
  SNOW DEPTH       0

DEGREE DAYS
 HEATING
  YESTERDAY       25                        19      6       16
  MONTH TO DATE  271                       338    -67      201
  SINCE SEP 1    485                       636   -151      423
  SINCE JUL 1    485                       637   -152      423

 COOLING
  YESTERDAY        0                         0      0        0
  MONTH TO DATE    0                         0      0        4
  SINCE SEP 1    225                       144     81      254
  SINCE JAN 1   1362                      1005    357     1387
..................................................................


WIND (MPH)
  HIGHEST WIND SPEED    35   HIGHEST WIND DIRECTION    NW (300)
  HIGHEST GUST SPEED    50   HIGHEST GUST DIRECTION     W (280)
  AVERAGE WIND SPEED    24.2


SKY COVER
  POSSIBLE SUNSHINE  MM
  AVERAGE SKY COVER 0.8


WEATHER CONDITIONS
 THE FOLLOWING WEATHER WAS RECORDED YESTERDAY.
  LIGHT SNOW


RELATIVE HUMIDITY (PERCENT)
 HIGHEST    52           300 AM
 LOWEST     34           800 PM
 AVERAGE    43

..........................................................


THE KENNEDY NY CLIMATE NORMALS FOR TODAY
                         NORMAL    RECORD    YEAR
 MAXIMUM TEMPERATURE (F)   52        67      1983
 MINIMUM TEMPERATURE (F)   39        20      1987


SUNRISE AND SUNSET
NOVEMBER 22 2016......SUNRISE   650 AM EST   SUNSET   432 PM EST
NOVEMBER 23 2016......SUNRISE   651 AM EST   SUNSET   432 PM EST


-  INDICATES NEGATIVE NUMBERS.
R  INDICATES RECORD WAS SET OR TIED.
MM INDICATES DATA IS MISSING.
T  INDICATES TRACE AMOUNT.




$$
