000
CDUS41 KOKX 120618
CLIJFK


CLIMATE REPORT
NATIONAL WEATHER SERVICE NEW YORK NY
217 AM EDT MON JUN 12 2017


...................................

...THE KENNEDY NY CLIMATE SUMMARY FOR JUNE 11 2017...

CLIMATE NORMAL PERIOD 1981 TO 2010
CLIMATE RECORD PERIOD 1948 TO 2017


WEATHER ITEM   OBSERVED TIME   RECORD YEAR NORMAL DEPARTURE LAST
                VALUE   (LST)  VALUE       VALUE  FROM      YEAR
                                                  NORMAL
..................................................................
TEMPERATURE (F)
 YESTERDAY
  MAXIMUM         87   1209 PM  93    1984  77     10       87
  MINIMUM         66    353 AM  48    1980  62      4       58
  AVERAGE         77                        69      8       73

PRECIPITATION (IN)
  YESTERDAY        0.00          0.48 2000   0.14  -0.14      T
  MONTH TO DATE    0.56                      1.57  -1.01     1.34
  SINCE JUN 1      0.56                      1.57  -1.01     1.34
  SINCE JAN 1     22.46                     18.91   3.55    16.32

SNOWFALL (IN)
  YESTERDAY        0.0          MM      MM   0.0    0.0      0.0
  MONTH TO DATE    0.0                       0.0    0.0      0.0
  SINCE OCT 1     30.9                      23.8    7.1     41.4
  SINCE JUL 1     30.9                      23.8    7.1     41.4
  SNOW DEPTH       0

DEGREE DAYS
 HEATING
  YESTERDAY        0                         1     -1        0
  MONTH TO DATE   20                        16      4        3
  SINCE JUN 1     20                        16      4        3
  SINCE JUL 1   4197                      4834   -637     3893

 COOLING
  YESTERDAY       12                         5      7        8
  MONTH TO DATE   32                        42    -10       55
  SINCE JUN 1     32                        42    -10       55
  SINCE JAN 1     82                        77      5      106
..................................................................


WIND (MPH)
  HIGHEST WIND SPEED    21   HIGHEST WIND DIRECTION     S (190)
  HIGHEST GUST SPEED    26   HIGHEST GUST DIRECTION     S (190)
  AVERAGE WIND SPEED    10.6


SKY COVER
  POSSIBLE SUNSHINE  MM
  AVERAGE SKY COVER 0.5


WEATHER CONDITIONS
 THE FOLLOWING WEATHER WAS RECORDED YESTERDAY.
  NO SIGNIFICANT WEATHER WAS OBSERVED.


RELATIVE HUMIDITY (PERCENT)
 HIGHEST    93           100 AM
 LOWEST     51          1200 PM
 AVERAGE    72

..........................................................


THE KENNEDY NY CLIMATE NORMALS FOR TODAY
                         NORMAL    RECORD    YEAR
 MAXIMUM TEMPERATURE (F)   77        91      1970
 MINIMUM TEMPERATURE (F)   62        49      1980


SUNRISE AND SUNSET
JUNE 12 2017..........SUNRISE   524 AM EDT   SUNSET   827 PM EDT
JUNE 13 2017..........SUNRISE   524 AM EDT   SUNSET   827 PM EDT


-  INDICATES NEGATIVE NUMBERS.
R  INDICATES RECORD WAS SET OR TIED.
MM INDICATES DATA IS MISSING.
T  INDICATES TRACE AMOUNT.




$$
