458
CDUS41 KOKX 160624
CLIJFK


CLIMATE REPORT
NATIONAL WEATHER SERVICE NEW YORK NY
223 AM EDT THU MAR 16 2017


...................................

...THE KENNEDY NY CLIMATE SUMMARY FOR MARCH 15 2017...

CLIMATE NORMAL PERIOD 1981 TO 2010
CLIMATE RECORD PERIOD 1948 TO 2017


WEATHER ITEM   OBSERVED TIME   RECORD YEAR NORMAL DEPARTURE LAST
                VALUE   (LST)  VALUE       VALUE  FROM      YEAR
                                                  NORMAL
..................................................................
TEMPERATURE (F)
 YESTERDAY
  MAXIMUM         28    916 PM  65    1986  49    -21       57
  MINIMUM         22    629 AM  15    1993  34    -12       45
  AVERAGE         25                        41    -16       51

PRECIPITATION (IN)
  YESTERDAY        T             0.50 1999   0.12  -0.12      T
  MONTH TO DATE    2.37                      1.69   0.68     0.78
  SINCE MAR 1      2.37                      1.69   0.68     0.78
  SINCE JAN 1      8.59                      7.44   1.15     9.42

SNOWFALL (IN)
  YESTERDAY        T             2.3  1999   0.1   -0.1      0.0
  MONTH TO DATE    7.5                       2.3    5.2      1.4
  SINCE OCT 1     30.9                      21.8    9.1     40.9
  SINCE JUL 1     30.9                      21.8    9.1     40.9
  SNOW DEPTH       4

DEGREE DAYS
 HEATING
  YESTERDAY       40                        24     16       14
  MONTH TO DATE  427                       384     43      277
  SINCE MAR 1    427                       384     43      277
  SINCE JUL 1   3345                      3895   -550     3031

 COOLING
  YESTERDAY        0                         0      0        0
  MONTH TO DATE    0                         0      0        0
  SINCE MAR 1      0                         0      0        0
  SINCE JAN 1      0                         0      0        0
..................................................................


WIND (MPH)
  HIGHEST WIND SPEED    32   HIGHEST WIND DIRECTION     W (290)
  HIGHEST GUST SPEED    42   HIGHEST GUST DIRECTION     W (290)
  AVERAGE WIND SPEED    21.2


SKY COVER
  POSSIBLE SUNSHINE  MM
  AVERAGE SKY COVER 0.7


WEATHER CONDITIONS
 THE FOLLOWING WEATHER WAS RECORDED YESTERDAY.
  LIGHT SNOW


RELATIVE HUMIDITY (PERCENT)
 HIGHEST    62           200 PM
 LOWEST     42           800 PM
 AVERAGE    52

..........................................................


THE KENNEDY NY CLIMATE NORMALS FOR TODAY
                         NORMAL    RECORD    YEAR
 MAXIMUM TEMPERATURE (F)   49        68      2002
 MINIMUM TEMPERATURE (F)   34        18      1992


SUNRISE AND SUNSET
MARCH 16 2017.........SUNRISE   705 AM EDT   SUNSET   703 PM EDT
MARCH 17 2017.........SUNRISE   703 AM EDT   SUNSET   704 PM EDT


-  INDICATES NEGATIVE NUMBERS.
R  INDICATES RECORD WAS SET OR TIED.
MM INDICATES DATA IS MISSING.
T  INDICATES TRACE AMOUNT.




$$
