000
CDUS41 KOKX 122042
CLIJFK


CLIMATE REPORT
NATIONAL WEATHER SERVICE NEW YORK NY
442 PM EDT SAT JUL 12 2014


...................................

...THE KENNEDY NY CLIMATE SUMMARY FOR JULY 12 2014...
VALID TODAY AS OF 0400 PM LOCAL TIME.

CLIMATE NORMAL PERIOD 1981 TO 2010
CLIMATE RECORD PERIOD 1949 TO 2014


WEATHER ITEM   OBSERVED TIME   RECORD YEAR NORMAL DEPARTURE LAST
                VALUE   (LST)  VALUE       VALUE  FROM      YEAR
                                                  NORMAL
..................................................................
TEMPERATURE (F)
 TODAY
  MAXIMUM         82   1225 PM  98    2011  83     -1       79
  MINIMUM         66    342 AM  58    1973  69     -3       70
  AVERAGE         74                        76     -2       75

PRECIPITATION (IN)
  TODAY            0.00          1.41 2006   0.14  -0.14     0.27
  MONTH TO DATE    1.23                      1.46  -0.23     1.65
  SINCE JUN 1      3.84                      5.32  -1.48     9.60
  SINCE JAN 1     26.28                     22.66   3.62    22.85

SNOWFALL (IN)
  TODAY            0.0          MM      MM   0.0    0.0      0.0
  MONTH TO DATE    0.0                       0.0    0.0      0.0
  SINCE OCT 1     45.6                      23.8   21.8     17.6
  SINCE JUL 1      0.0                       0.0    0.0      0.0
  SNOW DEPTH       0

DEGREE DAYS
 HEATING
  TODAY            0                         0      0        0
  MONTH TO DATE    0                         0      0        0
  SINCE JUN 1      0                        21    -21       10
  SINCE JUL 1      0                         0      0        0

 COOLING
  TODAY            9                        11     -2       10
  MONTH TO DATE  138                       125     13      167
  SINCE JUN 1    346                       308     38      347
  SINCE JAN 1    378                       343     35      373
..................................................................


WIND (MPH)
  HIGHEST WIND SPEED    16   HIGHEST WIND DIRECTION    SE (150)
  HIGHEST GUST SPEED    18   HIGHEST GUST DIRECTION     S (160)
  AVERAGE WIND SPEED     5.9


SKY COVER
  AVERAGE SKY COVER 0.5


WEATHER CONDITIONS
 THE FOLLOWING WEATHER WAS RECORDED TODAY.
  FOG
  HAZE


RELATIVE HUMIDITY (PERCENT)
 HIGHEST    97           600 AM
 LOWEST     51          1000 AM
 AVERAGE    74

..........................................................


THE KENNEDY NY CLIMATE NORMALS FOR TOMORROW
                         NORMAL    RECORD    YEAR
 MAXIMUM TEMPERATURE (F)   83        94      1992
 MINIMUM TEMPERATURE (F)   69        58      1990


SUNRISE AND SUNSET
JULY 12 2014..........SUNRISE   535 AM EDT   SUNSET   826 PM EDT
JULY 13 2014..........SUNRISE   535 AM EDT   SUNSET   826 PM EDT


-  INDICATES NEGATIVE NUMBERS.
R  INDICATES RECORD WAS SET OR TIED.
MM INDICATES DATA IS MISSING.
T  INDICATES TRACE AMOUNT.




$$
