000
CDUS41 KOKX 190635
CLIJFK


CLIMATE REPORT
NATIONAL WEATHER SERVICE NEW YORK NY
135 AM EST THU FEB 19 2015


...................................

...THE KENNEDY NY CLIMATE SUMMARY FOR FEBRUARY 18 2015...

CLIMATE NORMAL PERIOD 1981 TO 2010
CLIMATE RECORD PERIOD 1949 TO 2015


WEATHER ITEM   OBSERVED TIME   RECORD YEAR NORMAL DEPARTURE LAST
                VALUE   (LST)  VALUE       VALUE  FROM      YEAR
                                                  NORMAL
..................................................................
TEMPERATURE (F)
 YESTERDAY
  MAXIMUM         31   1159 AM  67    2011  42    -11       40
  MINIMUM         15    329 AM   2    1979  29    -14       26
  AVERAGE         23                        35    -12       33

PRECIPITATION (IN)
  YESTERDAY        T             1.67 1960   0.10  -0.10     0.15
  MONTH TO DATE    1.56                      1.61  -0.05     4.07
  SINCE DEC 1     13.91                      8.16   5.75    11.58
  SINCE JAN 1      6.87                      4.77   2.10     7.08

SNOWFALL (IN)
  YESTERDAY        T             2.1  2000   0.3   -0.3      1.6
  MONTH TO DATE    8.9                       5.5    3.4     20.5
  SINCE OCT 1     26.4                      16.7    9.7     44.4
  SINCE JUL 1     26.4                      16.7    9.7     44.4
  SNOW DEPTH       3

DEGREE DAYS
 HEATING
  YESTERDAY       42                        30     12       32
  MONTH TO DATE  715                       557    158      635
  SINCE DEC 1   2495                      2403     92     2587
  SINCE JUL 1   3279                      3227     52     3401

 COOLING
  YESTERDAY        0                         0      0        0
  MONTH TO DATE    0                         0      0        0
  SINCE DEC 1      0                         0      0        0
  SINCE JAN 1      0                         0      0        0
..................................................................


WIND (MPH)
  HIGHEST WIND SPEED    17   HIGHEST WIND DIRECTION     W (250)
  HIGHEST GUST SPEED    23   HIGHEST GUST DIRECTION     W (250)
  AVERAGE WIND SPEED     5.7


SKY COVER
  POSSIBLE SUNSHINE  MM
  AVERAGE SKY COVER 0.7


WEATHER CONDITIONS
 THE FOLLOWING WEATHER WAS RECORDED YESTERDAY.
  LIGHT SNOW


RELATIVE HUMIDITY (PERCENT)
 HIGHEST    92           800 AM
 LOWEST     43          1200 PM
 AVERAGE    68

..........................................................


THE KENNEDY NY CLIMATE NORMALS FOR TODAY
                         NORMAL    RECORD    YEAR
 MAXIMUM TEMPERATURE (F)   43        66      1997
 MINIMUM TEMPERATURE (F)   29        11      1959


SUNRISE AND SUNSET
FEBRUARY 19 2015......SUNRISE   644 AM EST   SUNSET   535 PM EST
FEBRUARY 20 2015......SUNRISE   643 AM EST   SUNSET   536 PM EST


-  INDICATES NEGATIVE NUMBERS.
R  INDICATES RECORD WAS SET OR TIED.
MM INDICATES DATA IS MISSING.
T  INDICATES TRACE AMOUNT.




$$
