000
CDUS41 KOKX 140616
CLIJFK


CLIMATE REPORT
NATIONAL WEATHER SERVICE NEW YORK NY
216 AM EDT TUE OCT 14 2014


...................................

...THE KENNEDY NY CLIMATE SUMMARY FOR OCTOBER 13 2014...

CLIMATE NORMAL PERIOD 1981 TO 2010
CLIMATE RECORD PERIOD 1949 TO 2014


WEATHER ITEM   OBSERVED TIME   RECORD YEAR NORMAL DEPARTURE LAST
                VALUE   (LST)  VALUE       VALUE  FROM      YEAR
                                                  NORMAL
..................................................................
TEMPERATURE (F)
 YESTERDAY
  MAXIMUM         66   1159 PM  79    1995  65      1       68
  MINIMUM         46   1206 AM  37    2012  50     -4       51
  AVERAGE         56                        58     -2       60

PRECIPITATION (IN)
  YESTERDAY        0.08          1.93 2005   0.12  -0.04     0.00
  MONTH TO DATE    1.27                      1.60  -0.33     0.27
  SINCE SEP 1      2.70                      5.10  -2.40     2.19
  SINCE JAN 1     36.81                     34.06   2.75    28.38

SNOWFALL (IN)
  YESTERDAY        0.0          MM      MM   0.0    0.0      0.0
  MONTH TO DATE    0.0                       0.0    0.0      0.0
  SINCE OCT 1      0.0                       0.0    0.0      0.0
  SINCE JUL 1      0.0                       0.0    0.0      0.0
  SNOW DEPTH       0

DEGREE DAYS
 HEATING
  YESTERDAY        9                         8      1        5
  MONTH TO DATE   61                        75    -14       18
  SINCE SEP 1     80                       113    -33       63
  SINCE JUL 1     80                       114    -34       63

 COOLING
  YESTERDAY        0                         0      0        0
  MONTH TO DATE    9                        12     -3       37
  SINCE SEP 1    173                       142     31      150
  SINCE JAN 1   1036                      1003     33     1109
..................................................................


WIND (MPH)
  HIGHEST WIND SPEED    15   HIGHEST WIND DIRECTION     S (180)
  HIGHEST GUST SPEED    18   HIGHEST GUST DIRECTION     S (190)
  AVERAGE WIND SPEED     5.8


SKY COVER
  POSSIBLE SUNSHINE  MM
  AVERAGE SKY COVER 0.9


WEATHER CONDITIONS
 THE FOLLOWING WEATHER WAS RECORDED YESTERDAY.
  LIGHT RAIN
  FOG
  HAZE


RELATIVE HUMIDITY (PERCENT)
 HIGHEST    93           900 PM
 LOWEST     60          1000 AM
 AVERAGE    77

..........................................................


THE KENNEDY NY CLIMATE NORMALS FOR TODAY
                         NORMAL    RECORD    YEAR
 MAXIMUM TEMPERATURE (F)   65        82      1990
                                             1975
 MINIMUM TEMPERATURE (F)   50        37      1993


SUNRISE AND SUNSET
OCTOBER 14 2014.......SUNRISE   705 AM EDT   SUNSET   617 PM EDT
OCTOBER 15 2014.......SUNRISE   706 AM EDT   SUNSET   615 PM EDT


-  INDICATES NEGATIVE NUMBERS.
R  INDICATES RECORD WAS SET OR TIED.
MM INDICATES DATA IS MISSING.
T  INDICATES TRACE AMOUNT.




$$
