000
CDUS41 KOKX 180622
CLIJFK


CLIMATE REPORT
NATIONAL WEATHER SERVICE NEW YORK NY
122 AM EST SUN JAN 18 2015


...................................

...THE KENNEDY NY CLIMATE SUMMARY FOR JANUARY 17 2015...

CLIMATE NORMAL PERIOD 1981 TO 2010
CLIMATE RECORD PERIOD 1949 TO 2015


WEATHER ITEM   OBSERVED TIME   RECORD YEAR NORMAL DEPARTURE LAST
                VALUE   (LST)  VALUE       VALUE  FROM      YEAR
                                                  NORMAL
..................................................................
TEMPERATURE (F)
 YESTERDAY
  MAXIMUM         32    843 PM  55    1973  39     -7       45
  MINIMUM         18    750 AM  -1    1982  26     -8       28
                                      1977
  AVERAGE         25                        32     -7       37

PRECIPITATION (IN)
  YESTERDAY        0.00          1.18 1994   0.10  -0.10     0.00
  MONTH TO DATE    2.25                      1.81   0.44     2.32
  SINCE DEC 1      9.29                      5.20   4.09     6.82
  SINCE JAN 1      2.25                      1.81   0.44     2.32

SNOWFALL (IN)
  YESTERDAY        0.0           5.9  1985   0.2   -0.2      0.0
  MONTH TO DATE    2.4                       3.4   -1.0      8.0
  SINCE OCT 1      2.8                       8.3   -5.5     14.9
  SINCE JUL 1      2.8                       8.3   -5.5     14.9
  SNOW DEPTH       0

DEGREE DAYS
 HEATING
  YESTERDAY       40                        33      7       28
  MONTH TO DATE  594                       547     47      568
  SINCE DEC 1   1316                      1392    -76     1396
  SINCE JUL 1   2100                      2216   -116     2210

 COOLING
  YESTERDAY        0                         0      0        0
  MONTH TO DATE    0                         0      0        0
  SINCE DEC 1      0                         0      0        0
  SINCE JAN 1      0                         0      0        0
..................................................................


WIND (MPH)
  HIGHEST WIND SPEED    21   HIGHEST WIND DIRECTION    NW (320)
  HIGHEST GUST SPEED    26   HIGHEST GUST DIRECTION    NW (330)
  AVERAGE WIND SPEED    10.5


SKY COVER
  POSSIBLE SUNSHINE  MM
  AVERAGE SKY COVER 0.3


WEATHER CONDITIONS
 THE FOLLOWING WEATHER WAS RECORDED YESTERDAY.
  NO SIGNIFICANT WEATHER WAS OBSERVED.


RELATIVE HUMIDITY (PERCENT)
 HIGHEST    63          1100 PM
 LOWEST     32          1200 PM
 AVERAGE    48

..........................................................


THE KENNEDY NY CLIMATE NORMALS FOR TODAY
                         NORMAL    RECORD    YEAR
 MAXIMUM TEMPERATURE (F)   39        59      1990
                                             1986
 MINIMUM TEMPERATURE (F)   26         0      1982


SUNRISE AND SUNSET
JANUARY 18 2015.......SUNRISE   716 AM EST   SUNSET   456 PM EST
JANUARY 19 2015.......SUNRISE   715 AM EST   SUNSET   457 PM EST


-  INDICATES NEGATIVE NUMBERS.
R  INDICATES RECORD WAS SET OR TIED.
MM INDICATES DATA IS MISSING.
T  INDICATES TRACE AMOUNT.




$$
