000
CDUS41 KOKX 102037
CLIJFK


CLIMATE REPORT
NATIONAL WEATHER SERVICE NEW YORK NY
437 PM EDT WED MAY 10 2017


...................................

...THE KENNEDY NY CLIMATE SUMMARY FOR MAY 10 2017...
VALID TODAY AS OF 0400 PM LOCAL TIME.

CLIMATE NORMAL PERIOD 1981 TO 2010
CLIMATE RECORD PERIOD 1948 TO 2017


WEATHER ITEM   OBSERVED TIME   RECORD YEAR NORMAL DEPARTURE LAST
                VALUE   (LST)  VALUE       VALUE  FROM      YEAR
                                                  NORMAL
..................................................................
TEMPERATURE (F)
 TODAY
  MAXIMUM         60    255 PM  90    1979  67     -7       61
  MINIMUM         50   1251 AM  34    1966  51     -1       48
  AVERAGE         55                        59     -4       55

PRECIPITATION (IN)
  TODAY            0.00          1.69 1989   0.12  -0.12      T
  MONTH TO DATE    1.85                      1.16   0.69     1.88
  SINCE MAR 1     11.70                      8.81   2.89     4.51
  SINCE JAN 1     17.92                     14.56   3.36    13.15

SNOWFALL (IN)
  TODAY            0.0          MM      MM   0.0    0.0      0.0
  MONTH TO DATE    0.0                       0.0    0.0      0.0
  SINCE OCT 1     30.9                      23.8    7.1     41.4
  SINCE JUL 1     30.9                      23.8    7.1     41.4
  SNOW DEPTH       0

DEGREE DAYS
 HEATING
  TODAY           10                         7      3       10
  MONTH TO DATE   84                        80      4      120
  SINCE MAR 1   1172                      1220    -48     1064
  SINCE JUL 1   4090                      4731   -641     3818

 COOLING
  TODAY            0                         1     -1        0
  MONTH TO DATE    3                         1      2        0
  SINCE MAR 1     15                         4     11        0
  SINCE JAN 1     15                         4     11        0
..................................................................


WIND (MPH)
  HIGHEST WIND SPEED    13   HIGHEST WIND DIRECTION     S (200)
  HIGHEST GUST SPEED    16   HIGHEST GUST DIRECTION     S (200)
  AVERAGE WIND SPEED     5.5


SKY COVER
  AVERAGE SKY COVER 0.8


WEATHER CONDITIONS
 THE FOLLOWING WEATHER WAS RECORDED TODAY.
  NO SIGNIFICANT WEATHER WAS OBSERVED.


RELATIVE HUMIDITY (PERCENT)
 HIGHEST    83           200 AM
 LOWEST     51           900 AM
 AVERAGE    67

..........................................................


THE KENNEDY NY CLIMATE NORMALS FOR TOMORROW
                         NORMAL    RECORD    YEAR
 MAXIMUM TEMPERATURE (F)   67        85      1993
                                             1970
 MINIMUM TEMPERATURE (F)   51        40      1966


SUNRISE AND SUNSET
MAY 10 2017...........SUNRISE   543 AM EDT   SUNSET   801 PM EDT
MAY 11 2017...........SUNRISE   542 AM EDT   SUNSET   802 PM EDT


-  INDICATES NEGATIVE NUMBERS.
R  INDICATES RECORD WAS SET OR TIED.
MM INDICATES DATA IS MISSING.
T  INDICATES TRACE AMOUNT.




$$
