000
CDUS41 KOKX 210622
CLIJFK


CLIMATE REPORT
NATIONAL WEATHER SERVICE NEW YORK NY
122 AM EST SAT FEB 21 2015


...................................

...THE KENNEDY NY CLIMATE SUMMARY FOR FEBRUARY 20 2015...

CLIMATE NORMAL PERIOD 1981 TO 2010
CLIMATE RECORD PERIOD 1949 TO 2015


WEATHER ITEM   OBSERVED TIME   RECORD YEAR NORMAL DEPARTURE LAST
                VALUE   (LST)  VALUE       VALUE  FROM      YEAR
                                                  NORMAL
..................................................................
TEMPERATURE (F)
 YESTERDAY
  MAXIMUM         21    426 PM  61    1949  43    -22       44
  MINIMUM          3R   707 AM   7    1950  29    -26       33
  AVERAGE         12                        36    -24       39

PRECIPITATION (IN)
  YESTERDAY        0.00          1.09 1981   0.09  -0.09     0.02
  MONTH TO DATE    1.56                      1.79  -0.23     4.40
  SINCE DEC 1     13.91                      8.34   5.57    11.91
  SINCE JAN 1      6.87                      4.95   1.92     7.41

SNOWFALL (IN)
  YESTERDAY        0.0           1.0  1977   0.3   -0.3      0.0
  MONTH TO DATE    8.9                       6.1    2.8     20.5
  SINCE OCT 1     26.4                      17.3    9.1     44.4
  SINCE JUL 1     26.4                      17.3    9.1     44.4
  SNOW DEPTH       2

DEGREE DAYS
 HEATING
  YESTERDAY       53                        29     24       26
  MONTH TO DATE  815                       615    200      690
  SINCE DEC 1   2595                      2461    134     2642
  SINCE JUL 1   3379                      3285     94     3456

 COOLING
  YESTERDAY        0                         0      0        0
  MONTH TO DATE    0                         0      0        0
  SINCE DEC 1      0                         0      0        0
  SINCE JAN 1      0                         0      0        0
..................................................................


WIND (MPH)
  HIGHEST WIND SPEED    31   HIGHEST WIND DIRECTION     W (290)
  HIGHEST GUST SPEED    40   HIGHEST GUST DIRECTION    NW (300)
  AVERAGE WIND SPEED    18.7


SKY COVER
  POSSIBLE SUNSHINE  MM
  AVERAGE SKY COVER 0.1


WEATHER CONDITIONS
 THE FOLLOWING WEATHER WAS RECORDED YESTERDAY.
  NO SIGNIFICANT WEATHER WAS OBSERVED.


RELATIVE HUMIDITY (PERCENT)
 HIGHEST    44           800 AM
 LOWEST     31           400 PM
 AVERAGE    38

..........................................................


THE KENNEDY NY CLIMATE NORMALS FOR TODAY
                         NORMAL    RECORD    YEAR
 MAXIMUM TEMPERATURE (F)   43        63      2002
 MINIMUM TEMPERATURE (F)   29         5      1968


SUNRISE AND SUNSET
FEBRUARY 21 2015......SUNRISE   641 AM EST   SUNSET   537 PM EST
FEBRUARY 22 2015......SUNRISE   640 AM EST   SUNSET   538 PM EST


-  INDICATES NEGATIVE NUMBERS.
R  INDICATES RECORD WAS SET OR TIED.
MM INDICATES DATA IS MISSING.
T  INDICATES TRACE AMOUNT.




$$
