000
CDUS41 KOKX 230618
CLIJFK


CLIMATE REPORT
NATIONAL WEATHER SERVICE NEW YORK NY
218 AM EDT SUN AUG 23 2015


...................................

...THE KENNEDY NY CLIMATE SUMMARY FOR AUGUST 22 2015...

CLIMATE NORMAL PERIOD 1981 TO 2010
CLIMATE RECORD PERIOD 1949 TO 2015


WEATHER ITEM   OBSERVED TIME   RECORD YEAR NORMAL DEPARTURE LAST
                VALUE   (LST)  VALUE       VALUE  FROM      YEAR
                                                  NORMAL
..................................................................
TEMPERATURE (F)
 YESTERDAY
  MAXIMUM         86    402 PM  93    1976  81      5       78
  MINIMUM         70   1136 PM  56    1982  67      3       67
  AVERAGE         78                        74      4       73

PRECIPITATION (IN)
  YESTERDAY        0.00          2.00 1994   0.12  -0.12     0.13
  MONTH TO DATE    3.62                      2.72   0.90     4.09
  SINCE JUN 1     10.92                     10.66   0.26    11.53
  SINCE JAN 1     25.53                     28.00  -2.47    33.97

SNOWFALL (IN)
  YESTERDAY        0.0          MM      MM   0.0    0.0      0.0
  MONTH TO DATE    0.0                       0.0    0.0      0.0
  SINCE OCT 1     44.2                      23.8   20.4     45.6
  SINCE JUL 1      0.0                       0.0    0.0      0.0
  SNOW DEPTH       0

DEGREE DAYS
 HEATING
  YESTERDAY        0                         0      0        0
  MONTH TO DATE    0                         0      0        0
  SINCE JUN 1     29                        21      8        0
  SINCE JUL 1      0                         0      0        0

 COOLING
  YESTERDAY       13                         9      4        8
  MONTH TO DATE  315                       230     85      209
  SINCE JUN 1    963                       750    213      750
  SINCE JAN 1   1023                       785    238      782
..................................................................


WIND (MPH)
  HIGHEST WIND SPEED    18   HIGHEST WIND DIRECTION     N (360)
  HIGHEST GUST SPEED    23   HIGHEST GUST DIRECTION     N (20)
  AVERAGE WIND SPEED     8.8


SKY COVER
  POSSIBLE SUNSHINE  MM
  AVERAGE SKY COVER 0.6


WEATHER CONDITIONS
 THE FOLLOWING WEATHER WAS RECORDED YESTERDAY.
  NO SIGNIFICANT WEATHER WAS OBSERVED.


RELATIVE HUMIDITY (PERCENT)
 HIGHEST    61           100 AM
 LOWEST     34           200 PM
 AVERAGE    48

..........................................................


THE KENNEDY NY CLIMATE NORMALS FOR TODAY
                         NORMAL    RECORD    YEAR
 MAXIMUM TEMPERATURE (F)   81        91      1978
 MINIMUM TEMPERATURE (F)   67        57      1994


SUNRISE AND SUNSET
AUGUST 23 2015........SUNRISE   613 AM EDT   SUNSET   742 PM EDT
AUGUST 24 2015........SUNRISE   614 AM EDT   SUNSET   740 PM EDT


-  INDICATES NEGATIVE NUMBERS.
R  INDICATES RECORD WAS SET OR TIED.
MM INDICATES DATA IS MISSING.
T  INDICATES TRACE AMOUNT.




$$
