000
CDUS41 KOKX 180616
CLIJFK


CLIMATE REPORT
NATIONAL WEATHER SERVICE NEW YORK NY
115 AM EST FRI NOV 18 2016


...................................

...THE KENNEDY NY CLIMATE SUMMARY FOR NOVEMBER 17 2016...

CLIMATE NORMAL PERIOD 1981 TO 2010
CLIMATE RECORD PERIOD 1948 TO 2016


WEATHER ITEM   OBSERVED TIME   RECORD YEAR NORMAL DEPARTURE LAST
                VALUE   (LST)  VALUE       VALUE  FROM      YEAR
                                                  NORMAL
..................................................................
TEMPERATURE (F)
 YESTERDAY
  MAXIMUM         63    258 PM  64    2006  54      9       53
                                      1987
  MINIMUM         49    230 AM  26    1959  40      9       40
  AVERAGE         56                        47      9       47

PRECIPITATION (IN)
  YESTERDAY        0.00          1.37 2014   0.11  -0.11     0.00
  MONTH TO DATE    1.24                      1.79  -0.55     0.60
  SINCE SEP 1      7.44                      8.91  -1.47     7.38
  SINCE JAN 1     30.71                     37.87  -7.16    32.92

SNOWFALL (IN)
  YESTERDAY        0.0           0.2  1980   0.0    0.0      0.0
  MONTH TO DATE    0.0                       0.0    0.0      0.0
  SINCE OCT 1      0.0                       0.0    0.0      0.0
  SINCE JUL 1      0.0                       0.0    0.0      0.0
  SNOW DEPTH       0

DEGREE DAYS
 HEATING
  YESTERDAY        9                        18     -9       18
  MONTH TO DATE  199                       263    -64      157
  SINCE SEP 1    413                       561   -148      379
  SINCE JUL 1    413                       562   -149      379

 COOLING
  YESTERDAY        0                         0      0        0
  MONTH TO DATE    0                         0      0        4
  SINCE SEP 1    225                       144     81      254
  SINCE JAN 1   1362                      1005    357     1387
..................................................................


WIND (MPH)
  HIGHEST WIND SPEED    24   HIGHEST WIND DIRECTION     N (360)
  HIGHEST GUST SPEED    29   HIGHEST GUST DIRECTION     N (360)
  AVERAGE WIND SPEED    11.4


SKY COVER
  POSSIBLE SUNSHINE  MM
  AVERAGE SKY COVER 0.2


WEATHER CONDITIONS
 THE FOLLOWING WEATHER WAS RECORDED YESTERDAY.
  NO SIGNIFICANT WEATHER WAS OBSERVED.


RELATIVE HUMIDITY (PERCENT)
 HIGHEST    71           600 AM
 LOWEST     39           100 PM
 AVERAGE    55

..........................................................


THE KENNEDY NY CLIMATE NORMALS FOR TODAY
                         NORMAL    RECORD    YEAR
 MAXIMUM TEMPERATURE (F)   54        69      1975
 MINIMUM TEMPERATURE (F)   40        21      1959


SUNRISE AND SUNSET
NOVEMBER 18 2016......SUNRISE   646 AM EST   SUNSET   435 PM EST
NOVEMBER 19 2016......SUNRISE   647 AM EST   SUNSET   434 PM EST


-  INDICATES NEGATIVE NUMBERS.
R  INDICATES RECORD WAS SET OR TIED.
MM INDICATES DATA IS MISSING.
T  INDICATES TRACE AMOUNT.




$$
