000
CDUS41 KOKX 132033
CLIJFK


CLIMATE REPORT
NATIONAL WEATHER SERVICE NEW YORK NY
433 PM EDT WED APR 13 2016


...................................

...THE KENNEDY NY CLIMATE SUMMARY FOR APRIL 13 2016...
VALID TODAY AS OF 0400 PM LOCAL TIME.

CLIMATE NORMAL PERIOD 1981 TO 2010
CLIMATE RECORD PERIOD 1949 TO 2016


WEATHER ITEM   OBSERVED TIME   RECORD YEAR NORMAL DEPARTURE LAST
                VALUE   (LST)  VALUE       VALUE  FROM      YEAR
                                                  NORMAL
..................................................................
TEMPERATURE (F)
 TODAY
  MAXIMUM         55   1224 PM  85    1977  58     -3       62
  MINIMUM         37    312 AM  30    1950  43     -6       43
  AVERAGE         46                        50     -4       53

PRECIPITATION (IN)
  TODAY            0.00          2.43 2004   0.13  -0.13     0.00
  MONTH TO DATE    1.03                      1.76  -0.73     0.34
  SINCE MAR 1      2.42                      5.54  -3.12     5.22
  SINCE JAN 1     11.06                     11.29  -0.23    12.88

SNOWFALL (IN)
  TODAY            0.0          MM      MM   0.0    0.0      0.0
  MONTH TO DATE    T                         0.5   -0.5      0.0
  SINCE OCT 1     41.4                      23.5   17.9     44.2
  SINCE JUL 1     41.4                      23.5   17.9     44.2
  SNOW DEPTH       0

DEGREE DAYS
 HEATING
  TODAY           19                        15      4       12
  MONTH TO DATE  250                       217     33      209
  SINCE MAR 1    783                       942   -159     1046
  SINCE JUL 1   3537                      4453   -916     4738

 COOLING
  TODAY            0                         0      0        0
  MONTH TO DATE    0                         0      0        0
  SINCE MAR 1      0                         0      0        0
  SINCE JAN 1      0                         0      0        0
..................................................................


WIND (MPH)
  HIGHEST WIND SPEED    21   HIGHEST WIND DIRECTION     N (360)
  HIGHEST GUST SPEED    26   HIGHEST GUST DIRECTION     N (340)
  AVERAGE WIND SPEED     9.1


SKY COVER
  AVERAGE SKY COVER 0.1


WEATHER CONDITIONS
 THE FOLLOWING WEATHER WAS RECORDED TODAY.
  NO SIGNIFICANT WEATHER WAS OBSERVED.


RELATIVE HUMIDITY (PERCENT)
 HIGHEST    59           300 AM
 LOWEST     26           100 PM
 AVERAGE    43

..........................................................


THE KENNEDY NY CLIMATE NORMALS FOR TOMORROW
                         NORMAL    RECORD    YEAR
 MAXIMUM TEMPERATURE (F)   59        78      1949
 MINIMUM TEMPERATURE (F)   43        27      1950


SUNRISE AND SUNSET
APRIL 13 2016.........SUNRISE   619 AM EDT   SUNSET   733 PM EDT
APRIL 14 2016.........SUNRISE   617 AM EDT   SUNSET   734 PM EDT


-  INDICATES NEGATIVE NUMBERS.
R  INDICATES RECORD WAS SET OR TIED.
MM INDICATES DATA IS MISSING.
T  INDICATES TRACE AMOUNT.




$$
