000
CDUS41 KOKX 030618
CLIJFK


CLIMATE REPORT
NATIONAL WEATHER SERVICE NEW YORK NY
118 AM EST SAT FEB 3 2018


...................................

...THE KENNEDY NY CLIMATE SUMMARY FOR FEBRUARY 2 2018...

CLIMATE NORMAL PERIOD 1981 TO 2010
CLIMATE RECORD PERIOD 1948 TO 2018


WEATHER ITEM   OBSERVED TIME   RECORD YEAR NORMAL DEPARTURE LAST
                VALUE   (LST)  VALUE       VALUE  FROM      YEAR
                                                  NORMAL
..................................................................
TEMPERATURE (F)
 YESTERDAY
  MAXIMUM         40   1200 AM  56    1973  40      0       47
  MINIMUM         17   1159 PM  -1    1961  27    -10       32
  AVERAGE         29                        33     -4       40

PRECIPITATION (IN)
  YESTERDAY        0.21          1.22 1973   0.09   0.12      T
  MONTH TO DATE    0.26                      0.18   0.08      T
  SINCE DEC 1      3.75                      6.73  -2.98     7.70
  SINCE JAN 1      2.10                      3.34  -1.24     4.64

SNOWFALL (IN)
  YESTERDAY        T             4.2  2015   0.3   -0.3       T
  MONTH TO DATE    T                         0.6   -0.6       T
  SINCE OCT 1     16.4                      11.8    4.6     15.0
  SINCE JUL 1     16.4                      11.8    4.6     15.0
  SNOW DEPTH       0

DEGREE DAYS
 HEATING
  YESTERDAY       36                        32      4       25
  MONTH TO DATE   65                        64      1       52
  SINCE DEC 1   2062                      1910    152     1646
  SINCE JUL 1   2747                      2734     13     2286

 COOLING
  YESTERDAY        0                         0      0        0
  MONTH TO DATE    0                         0      0        0
  SINCE DEC 1      0                         0      0        0
  SINCE JAN 1      0                         0      0        0
..................................................................


WIND (MPH)
  HIGHEST WIND SPEED    35   HIGHEST WIND DIRECTION    NW (310)
  HIGHEST GUST SPEED    44   HIGHEST GUST DIRECTION    NW (320)
  AVERAGE WIND SPEED    20.2


SKY COVER
  POSSIBLE SUNSHINE  MM
  AVERAGE SKY COVER 0.7


WEATHER CONDITIONS
 THE FOLLOWING WEATHER WAS RECORDED YESTERDAY.
  RAIN
  LIGHT RAIN
  LIGHT SNOW
  FOG


RELATIVE HUMIDITY (PERCENT)
 HIGHEST   100          1200 AM
 LOWEST     37           100 PM
 AVERAGE    69

..........................................................


THE KENNEDY NY CLIMATE NORMALS FOR TODAY
                         NORMAL    RECORD    YEAR
 MAXIMUM TEMPERATURE (F)   40        62      1991
 MINIMUM TEMPERATURE (F)   27         6      1961


SUNRISE AND SUNSET
FEBRUARY  3 2018......SUNRISE   703 AM EST   SUNSET   515 PM EST
FEBRUARY  4 2018......SUNRISE   702 AM EST   SUNSET   517 PM EST


-  INDICATES NEGATIVE NUMBERS.
R  INDICATES RECORD WAS SET OR TIED.
MM INDICATES DATA IS MISSING.
T  INDICATES TRACE AMOUNT.




$$
