919
CDUS41 KOKX 152133
CLIJFK


CLIMATE REPORT
NATIONAL WEATHER SERVICE NEW YORK NY
433 PM EST MON JAN 15 2018


...................................

...THE KENNEDY NY CLIMATE SUMMARY FOR JANUARY 15 2018...
VALID TODAY AS OF 0400 PM LOCAL TIME.

CLIMATE NORMAL PERIOD 1981 TO 2010
CLIMATE RECORD PERIOD 1948 TO 2018


WEATHER ITEM   OBSERVED TIME   RECORD YEAR NORMAL DEPARTURE LAST
                VALUE   (LST)  VALUE       VALUE  FROM      YEAR
                                                  NORMAL
..................................................................
TEMPERATURE (F)
 TODAY
  MAXIMUM         30    307 PM  58    1995  39     -9       41
  MINIMUM         17    414 AM   2    2004  26     -9       30
  AVERAGE         24                        32     -8       36

PRECIPITATION (IN)
  TODAY            0.00          1.18 1999   0.11  -0.11     0.00
  MONTH TO DATE    1.04                      1.60  -0.56     1.73
  SINCE DEC 1      2.69                      4.99  -2.30     4.79
  SINCE JAN 1      1.04                      1.60  -0.56     1.73

SNOWFALL (IN)
  TODAY            0.0           3.6  2004   0.2   -0.2      0.0
  MONTH TO DATE    8.0                       3.0    5.0     11.1
  SINCE OCT 1     14.7                       7.9    6.8     14.4
  SINCE JUL 1     14.7                       7.9    6.8     14.4
  SNOW DEPTH       0

DEGREE DAYS
 HEATING
  TODAY           41                        33      8       29
  MONTH TO DATE  600                       481    119      428
  SINCE DEC 1   1524                      1326    198     1210
  SINCE JUL 1   2209                      2150     59     1850

 COOLING
  TODAY            0                         0      0        0
  MONTH TO DATE    0                         0      0        0
  SINCE DEC 1      0                         0      0        0
  SINCE JAN 1      0                         0      0        0
..................................................................


WIND (MPH)
  HIGHEST WIND SPEED    20   HIGHEST WIND DIRECTION    NE (30)
  HIGHEST GUST SPEED    24   HIGHEST GUST DIRECTION    NE (40)
  AVERAGE WIND SPEED    13.8


SKY COVER
  AVERAGE SKY COVER 0.7


WEATHER CONDITIONS
 THE FOLLOWING WEATHER WAS RECORDED TODAY.
  NO SIGNIFICANT WEATHER WAS OBSERVED.


RELATIVE HUMIDITY (PERCENT)
 HIGHEST    74           700 AM
 LOWEST     56          1200 AM
 AVERAGE    65

..........................................................


THE KENNEDY NY CLIMATE NORMALS FOR TOMORROW
                         NORMAL    RECORD    YEAR
 MAXIMUM TEMPERATURE (F)   39        56      2007
                                             1995
 MINIMUM TEMPERATURE (F)   26         1      2004


SUNRISE AND SUNSET
JANUARY 15 2018.......SUNRISE   717 AM EST   SUNSET   453 PM EST
JANUARY 16 2018.......SUNRISE   716 AM EST   SUNSET   454 PM EST


-  INDICATES NEGATIVE NUMBERS.
R  INDICATES RECORD WAS SET OR TIED.
MM INDICATES DATA IS MISSING.
T  INDICATES TRACE AMOUNT.




$$
