000
CDUS41 KOKX 062043
CLIJFK


CLIMATE REPORT
NATIONAL WEATHER SERVICE NEW YORK NY
442 PM EDT TUE JUN 6 2017


...................................

...THE KENNEDY NY CLIMATE SUMMARY FOR JUNE 6 2017...
VALID TODAY AS OF 0400 PM LOCAL TIME.

CLIMATE NORMAL PERIOD 1981 TO 2010
CLIMATE RECORD PERIOD 1948 TO 2017


WEATHER ITEM   OBSERVED TIME   RECORD YEAR NORMAL DEPARTURE LAST
                VALUE   (LST)  VALUE       VALUE  FROM      YEAR
                                                  NORMAL
..................................................................
TEMPERATURE (F)
 TODAY
  MAXIMUM         60   1211 AM  90    1968  75    -15       84
  MINIMUM         55   1258 PM  51    2000  60     -5       67
  AVERAGE         58                        68    -10       76

PRECIPITATION (IN)
  TODAY            0.05          2.44 2000   0.15  -0.10     0.00
  MONTH TO DATE    0.56                      0.87  -0.31     0.68
  SINCE JUN 1      0.56                      0.87  -0.31     0.68
  SINCE JAN 1     22.46                     18.21   4.25    15.66

SNOWFALL (IN)
  TODAY            0.0          MM      MM   0.0    0.0      0.0
  MONTH TO DATE    0.0                       0.0    0.0      0.0
  SINCE OCT 1     30.9                      23.8    7.1     41.4
  SINCE JUL 1     30.9                      23.8    7.1     41.4
  SNOW DEPTH       0

DEGREE DAYS
 HEATING
  TODAY            7                         1      6        0
  MONTH TO DATE   10                        11     -1        0
  SINCE JUN 1     10                        11     -1        0
  SINCE JUL 1   4187                      4829   -642     3890

 COOLING
  TODAY            0                         4     -4       11
  MONTH TO DATE   10                        20    -10       33
  SINCE JUN 1     10                        20    -10       33
  SINCE JAN 1     60                        55      5       84
..................................................................


WIND (MPH)
  HIGHEST WIND SPEED    18   HIGHEST WIND DIRECTION     N (20)
  HIGHEST GUST SPEED    23   HIGHEST GUST DIRECTION    NE (30)
  AVERAGE WIND SPEED    11.8


SKY COVER
  AVERAGE SKY COVER 0.9


WEATHER CONDITIONS
 THE FOLLOWING WEATHER WAS RECORDED TODAY.
  LIGHT RAIN
  FOG


RELATIVE HUMIDITY (PERCENT)
 HIGHEST   100           800 AM
 LOWEST     86          1000 AM
 AVERAGE    93

..........................................................


THE KENNEDY NY CLIMATE NORMALS FOR TOMORROW
                         NORMAL    RECORD    YEAR
 MAXIMUM TEMPERATURE (F)   76        92      1999
 MINIMUM TEMPERATURE (F)   60        50      2000


SUNRISE AND SUNSET
JUNE  6 2017..........SUNRISE   525 AM EDT   SUNSET   823 PM EDT
JUNE  7 2017..........SUNRISE   524 AM EDT   SUNSET   824 PM EDT


-  INDICATES NEGATIVE NUMBERS.
R  INDICATES RECORD WAS SET OR TIED.
MM INDICATES DATA IS MISSING.
T  INDICATES TRACE AMOUNT.




$$
