000
CDUS41 KOKX 152042
CLIJFK


CLIMATE REPORT
NATIONAL WEATHER SERVICE NEW YORK NY
441 PM EDT FRI APR 15 2016


...................................

...THE KENNEDY NY CLIMATE SUMMARY FOR APRIL 15 2016...
VALID TODAY AS OF 0400 PM LOCAL TIME.

CLIMATE NORMAL PERIOD 1981 TO 2010
CLIMATE RECORD PERIOD 1949 TO 2016


WEATHER ITEM   OBSERVED TIME   RECORD YEAR NORMAL DEPARTURE LAST
                VALUE   (LST)  VALUE       VALUE  FROM      YEAR
                                                  NORMAL
..................................................................
TEMPERATURE (F)
 TODAY
  MAXIMUM         58   1142 AM  80    2006  59     -1       72
                                      2002
                                      1960
  MINIMUM         38    350 AM  33    1962  43     -5       50
                                      1950
  AVERAGE         48                        51     -3       61

PRECIPITATION (IN)
  TODAY            0.00          2.60 2007   0.13  -0.13     0.00
  MONTH TO DATE    1.03                      2.02  -0.99     0.38
  SINCE MAR 1      2.42                      5.80  -3.38     5.26
  SINCE JAN 1     11.06                     11.55  -0.49    12.92

SNOWFALL (IN)
  TODAY            0.0           T    2014   0.0    0.0      0.0
  MONTH TO DATE    T                         0.6   -0.6      0.0
  SINCE OCT 1     41.4                      23.6   17.8     44.2
  SINCE JUL 1     41.4                      23.6   17.8     44.2
  SNOW DEPTH       0

DEGREE DAYS
 HEATING
  TODAY           17                        14      3        4
  MONTH TO DATE  284                       245     39      220
  SINCE MAR 1    817                       970   -153     1057
  SINCE JUL 1   3571                      4481   -910     4749

 COOLING
  TODAY            0                         0      0        0
  MONTH TO DATE    0                         0      0        0
  SINCE MAR 1      0                         0      0        0
  SINCE JAN 1      0                         0      0        0
..................................................................


WIND (MPH)
  HIGHEST WIND SPEED    15   HIGHEST WIND DIRECTION    SW (210)
  HIGHEST GUST SPEED    18   HIGHEST GUST DIRECTION    SW (220)
  AVERAGE WIND SPEED     5.8


SKY COVER
  AVERAGE SKY COVER 0.1


WEATHER CONDITIONS
 THE FOLLOWING WEATHER WAS RECORDED TODAY.
  NO SIGNIFICANT WEATHER WAS OBSERVED.


RELATIVE HUMIDITY (PERCENT)
 HIGHEST    76           400 AM
 LOWEST     23          1100 AM
 AVERAGE    50

..........................................................


THE KENNEDY NY CLIMATE NORMALS FOR TOMORROW
                         NORMAL    RECORD    YEAR
 MAXIMUM TEMPERATURE (F)   59        86      2003
                                             2002
 MINIMUM TEMPERATURE (F)   44        32      2014


SUNRISE AND SUNSET
APRIL 15 2016.........SUNRISE   616 AM EDT   SUNSET   735 PM EDT
APRIL 16 2016.........SUNRISE   614 AM EDT   SUNSET   736 PM EDT


-  INDICATES NEGATIVE NUMBERS.
R  INDICATES RECORD WAS SET OR TIED.
MM INDICATES DATA IS MISSING.
T  INDICATES TRACE AMOUNT.




$$
