000
CDUS41 KOKX 060617
CLIJFK


CLIMATE REPORT
NATIONAL WEATHER SERVICE NEW YORK NY
217 AM EDT FRI OCT 6 2017


...................................

...THE KENNEDY NY CLIMATE SUMMARY FOR OCTOBER 5 2017...

CLIMATE NORMAL PERIOD 1981 TO 2010
CLIMATE RECORD PERIOD 1948 TO 2017


WEATHER ITEM   OBSERVED TIME   RECORD YEAR NORMAL DEPARTURE LAST
                VALUE   (LST)  VALUE       VALUE  FROM      YEAR
                                                  NORMAL
..................................................................
TEMPERATURE (F)
 YESTERDAY
  MAXIMUM         83    304 PM  84    1967  68     15       69
  MINIMUM         63    625 AM  36    1965  53     10       51
  AVERAGE         73                        61     12       60

PRECIPITATION (IN)
  YESTERDAY        T             1.21 1995   0.12  -0.12     0.00
  MONTH TO DATE    T                         0.60  -0.60     0.01
  SINCE SEP 1      2.20                      4.10  -1.90     2.88
  SINCE JAN 1     35.45                     33.06   2.39    26.15

SNOWFALL (IN)
  YESTERDAY        0.0          MM      MM   0.0    0.0      0.0
  MONTH TO DATE    0.0                       0.0    0.0      0.0
  SINCE OCT 1      0.0                       0.0    0.0      0.0
  SINCE JUL 1      0.0                       0.0    0.0      0.0
  SNOW DEPTH       0

DEGREE DAYS
 HEATING
  YESTERDAY        0                         5     -5        5
  MONTH TO DATE   12                        23    -11       13
  SINCE SEP 1     24                        61    -37       26
  SINCE JUL 1     24                        62    -38       26

 COOLING
  YESTERDAY        8                         1      7        0
  MONTH TO DATE    8                         5      3        2
  SINCE SEP 1    192                       135     57      207
  SINCE JAN 1   1115                       996    119     1344
..................................................................


WIND (MPH)
  HIGHEST WIND SPEED    18   HIGHEST WIND DIRECTION    SW (240)
  HIGHEST GUST SPEED    22   HIGHEST GUST DIRECTION    SW (240)
  AVERAGE WIND SPEED    12.0


SKY COVER
  POSSIBLE SUNSHINE  MM
  AVERAGE SKY COVER 0.7


WEATHER CONDITIONS
 THE FOLLOWING WEATHER WAS RECORDED YESTERDAY.
  LIGHT RAIN


RELATIVE HUMIDITY (PERCENT)
 HIGHEST    93           500 AM
 LOWEST     56          1200 PM
 AVERAGE    75

..........................................................


THE KENNEDY NY CLIMATE NORMALS FOR TODAY
                         NORMAL    RECORD    YEAR
 MAXIMUM TEMPERATURE (F)   68        88      1997
 MINIMUM TEMPERATURE (F)   53        36      1965


SUNRISE AND SUNSET
OCTOBER  6 2017.......SUNRISE   657 AM EDT   SUNSET   629 PM EDT
OCTOBER  7 2017.......SUNRISE   658 AM EDT   SUNSET   627 PM EDT


-  INDICATES NEGATIVE NUMBERS.
R  INDICATES RECORD WAS SET OR TIED.
MM INDICATES DATA IS MISSING.
T  INDICATES TRACE AMOUNT.




$$
