000
CDUS41 KOKX 210641
CLIJFK


CLIMATE REPORT
NATIONAL WEATHER SERVICE NEW YORK NY
241 AM EDT SAT MAR 21 2015


...................................

...THE KENNEDY NY CLIMATE SUMMARY FOR MARCH 20 2015...

CLIMATE NORMAL PERIOD 1981 TO 2010
CLIMATE RECORD PERIOD 1949 TO 2015


WEATHER ITEM   OBSERVED TIME   RECORD YEAR NORMAL DEPARTURE LAST
                VALUE   (LST)  VALUE       VALUE  FROM      YEAR
                                                  NORMAL
..................................................................
TEMPERATURE (F)
 YESTERDAY
  MAXIMUM         40   1112 AM  70    2010  50    -10       56
  MINIMUM         31   1139 PM  15    1949  35     -4       42
  AVERAGE         36                        43     -7       49

PRECIPITATION (IN)
  YESTERDAY        0.33          0.86 2002   0.13   0.20      T
  MONTH TO DATE    4.23                      2.33   1.90     0.92
  SINCE MAR 1      4.23                      2.33   1.90     0.92
  SINCE JAN 1     11.89                      8.08   3.81     8.52

SNOWFALL (IN)
  YESTERDAY        3.0 R         0.8  1965   0.1    2.9      0.0
  MONTH TO DATE   13.1                       2.8   10.3      0.6
  SINCE OCT 1     44.2                      22.3   21.9     45.5
  SINCE JUL 1     44.2                      22.3   21.9     45.5
  SNOW DEPTH       0

DEGREE DAYS
 HEATING
  YESTERDAY       29                        22      7       16
  MONTH TO DATE  558                       499     59      573
  SINCE MAR 1    558                       499     59      573
  SINCE JUL 1   4250                      4010    240     4280

 COOLING
  YESTERDAY        0                         0      0        0
  MONTH TO DATE    0                         0      0        0
  SINCE MAR 1      0                         0      0        0
  SINCE JAN 1      0                         0      0        0
..................................................................


WIND (MPH)
  HIGHEST WIND SPEED    17   HIGHEST WIND DIRECTION    NE (40)
  HIGHEST GUST SPEED    21   HIGHEST GUST DIRECTION    NE (60)
  AVERAGE WIND SPEED    10.3


SKY COVER
  POSSIBLE SUNSHINE  MM
  AVERAGE SKY COVER 1.0


WEATHER CONDITIONS
 THE FOLLOWING WEATHER WAS RECORDED YESTERDAY.
  SNOW
  LIGHT SNOW
  FOG


RELATIVE HUMIDITY (PERCENT)
 HIGHEST    92           900 PM
 LOWEST     25           400 AM
 AVERAGE    59

..........................................................


THE KENNEDY NY CLIMATE NORMALS FOR TODAY
                         NORMAL    RECORD    YEAR
 MAXIMUM TEMPERATURE (F)   50        65      2012
 MINIMUM TEMPERATURE (F)   36        17      1986


SUNRISE AND SUNSET
MARCH 21 2015.........SUNRISE   657 AM EDT   SUNSET   708 PM EDT
MARCH 22 2015.........SUNRISE   656 AM EDT   SUNSET   709 PM EDT


-  INDICATES NEGATIVE NUMBERS.
R  INDICATES RECORD WAS SET OR TIED.
MM INDICATES DATA IS MISSING.
T  INDICATES TRACE AMOUNT.




$$
