000
CDUS41 KOKX 170617
CLIJFK


CLIMATE REPORT
NATIONAL WEATHER SERVICE NEW YORK NY
117 AM EST SAT JAN 17 2015


...................................

...THE KENNEDY NY CLIMATE SUMMARY FOR JANUARY 16 2015...

CLIMATE NORMAL PERIOD 1981 TO 2010
CLIMATE RECORD PERIOD 1949 TO 2015


WEATHER ITEM   OBSERVED TIME   RECORD YEAR NORMAL DEPARTURE LAST
                VALUE   (LST)  VALUE       VALUE  FROM      YEAR
                                                  NORMAL
..................................................................
TEMPERATURE (F)
 YESTERDAY
  MAXIMUM         45    156 PM  56    2007  39      6       42
                                      1995
  MINIMUM         20   1159 PM   1    2004  26     -6       35
  AVERAGE         33                        32      1       39

PRECIPITATION (IN)
  YESTERDAY        0.00          0.82 2013   0.11  -0.11     0.00
  MONTH TO DATE    2.25                      1.71   0.54     2.32
  SINCE DEC 1      9.29                      5.10   4.19     6.82
  SINCE JAN 1      2.25                      1.71   0.54     2.32

SNOWFALL (IN)
  YESTERDAY        0.0           6.1  1965   0.2   -0.2      0.0
  MONTH TO DATE    2.4                       3.2   -0.8      8.0
  SINCE OCT 1      2.8                       8.1   -5.3     14.9
  SINCE JUL 1      2.8                       8.1   -5.3     14.9
  SNOW DEPTH       0

DEGREE DAYS
 HEATING
  YESTERDAY       32                        33     -1       26
  MONTH TO DATE  554                       514     40      540
  SINCE DEC 1   1276                      1359    -83     1368
  SINCE JUL 1   2060                      2183   -123     2182

 COOLING
  YESTERDAY        0                         0      0        0
  MONTH TO DATE    0                         0      0        0
  SINCE DEC 1      0                         0      0        0
  SINCE JAN 1      0                         0      0        0
..................................................................


WIND (MPH)
  HIGHEST WIND SPEED    36   HIGHEST WIND DIRECTION    NW (310)
  HIGHEST GUST SPEED    45   HIGHEST GUST DIRECTION    NW (300)
  AVERAGE WIND SPEED    18.3


SKY COVER
  POSSIBLE SUNSHINE  MM
  AVERAGE SKY COVER 0.4


WEATHER CONDITIONS
 THE FOLLOWING WEATHER WAS RECORDED YESTERDAY.
  NO SIGNIFICANT WEATHER WAS OBSERVED.


RELATIVE HUMIDITY (PERCENT)
 HIGHEST    63           200 AM
 LOWEST     28           200 PM
 AVERAGE    46

..........................................................


THE KENNEDY NY CLIMATE NORMALS FOR TODAY
                         NORMAL    RECORD    YEAR
 MAXIMUM TEMPERATURE (F)   39        55      1973
 MINIMUM TEMPERATURE (F)   26        -1      1982
                                             1977


SUNRISE AND SUNSET
JANUARY 17 2015.......SUNRISE   716 AM EST   SUNSET   455 PM EST
JANUARY 18 2015.......SUNRISE   716 AM EST   SUNSET   456 PM EST


-  INDICATES NEGATIVE NUMBERS.
R  INDICATES RECORD WAS SET OR TIED.
MM INDICATES DATA IS MISSING.
T  INDICATES TRACE AMOUNT.




$$
