942
CDUS41 KOKX 172037
CLIJFK


CLIMATE REPORT
NATIONAL WEATHER SERVICE NEW YORK NY
435 PM EDT MON APR 17 2017


...................................

...THE KENNEDY NY CLIMATE SUMMARY FOR APRIL 17 2017...
VALID TODAY AS OF 0400 PM LOCAL TIME.

CLIMATE NORMAL PERIOD 1981 TO 2010
CLIMATE RECORD PERIOD 1948 TO 2017


WEATHER ITEM   OBSERVED TIME   RECORD YEAR NORMAL DEPARTURE LAST
                VALUE   (LST)  VALUE       VALUE  FROM      YEAR
                                                  NORMAL
..................................................................
TEMPERATURE (F)
 TODAY
  MAXIMUM         76    239 PM  90    2002  60     16       69
  MINIMUM         64   1251 AM  33    1980  44     20       43
                                      1962
  AVERAGE         70                        52     18       56

PRECIPITATION (IN)
  TODAY            T             1.05 1986   0.12  -0.12     0.00
  MONTH TO DATE    2.11                      2.27  -0.16     1.03
  SINCE MAR 1      7.90                      6.05   1.85     2.42
  SINCE JAN 1     14.12                     11.80   2.32    11.06

SNOWFALL (IN)
  TODAY            0.0          MM      MM   0.1   -0.1      0.0
  MONTH TO DATE    0.0                       0.7   -0.7       T
  SINCE OCT 1     30.9                      23.7    7.2     41.4
  SINCE JUL 1     30.9                      23.7    7.2     41.4
  SNOW DEPTH       0

DEGREE DAYS
 HEATING
  TODAY            0                        13    -13        9
  MONTH TO DATE  194                       272    -78      305
  SINCE MAR 1    982                       997    -15      838
  SINCE JUL 1   3900                      4508   -608     3592

 COOLING
  TODAY            5                         0      5        0
  MONTH TO DATE    7                         0      7        0
  SINCE MAR 1      7                         0      7        0
  SINCE JAN 1      7                         0      7        0
..................................................................


WIND (MPH)
  HIGHEST WIND SPEED    21   HIGHEST WIND DIRECTION     N (340)
  HIGHEST GUST SPEED    27   HIGHEST GUST DIRECTION    NW (320)
  AVERAGE WIND SPEED    12.7


SKY COVER
  AVERAGE SKY COVER 0.7


WEATHER CONDITIONS
 THE FOLLOWING WEATHER WAS RECORDED TODAY.
  NO SIGNIFICANT WEATHER WAS OBSERVED.


RELATIVE HUMIDITY (PERCENT)
 HIGHEST    87           500 AM
 LOWEST     23           300 PM
 AVERAGE    55

..........................................................


THE KENNEDY NY CLIMATE NORMALS FOR TOMORROW
                         NORMAL    RECORD    YEAR
 MAXIMUM TEMPERATURE (F)   60        86      2002
 MINIMUM TEMPERATURE (F)   44        35      2003


SUNRISE AND SUNSET
APRIL 17 2017.........SUNRISE   613 AM EDT   SUNSET   737 PM EDT
APRIL 18 2017.........SUNRISE   612 AM EDT   SUNSET   738 PM EDT


-  INDICATES NEGATIVE NUMBERS.
R  INDICATES RECORD WAS SET OR TIED.
MM INDICATES DATA IS MISSING.
T  INDICATES TRACE AMOUNT.




$$
