000
CDUS41 KOKX 022133
CLIJFK


CLIMATE REPORT
NATIONAL WEATHER SERVICE NEW YORK NY
433 PM EST TUE JAN 2 2018


...................................

...THE KENNEDY NY CLIMATE SUMMARY FOR JANUARY 2 2018...
VALID TODAY AS OF 0400 PM LOCAL TIME.

CLIMATE NORMAL PERIOD 1981 TO 2010
CLIMATE RECORD PERIOD 1948 TO 2018


WEATHER ITEM   OBSERVED TIME   RECORD YEAR NORMAL DEPARTURE LAST
                VALUE   (LST)  VALUE       VALUE  FROM      YEAR
                                                  NORMAL
..................................................................
TEMPERATURE (F)
 TODAY
  MAXIMUM         26    303 PM  57    1985  40    -14       43
                                      1979
  MINIMUM         13    617 AM   6    1968  27    -14       34
  AVERAGE         20                        34    -14       39

PRECIPITATION (IN)
  TODAY            0.00          1.58 1987   0.11  -0.11     0.31
  MONTH TO DATE    0.00                      0.21  -0.21     0.31
  SINCE DEC 1      1.65                      3.60  -1.95     3.37
  SINCE JAN 1      0.00                      0.21  -0.21     0.31

SNOWFALL (IN)
  TODAY            0.0           2.4  2014   0.2   -0.2       T
  MONTH TO DATE    0.0                       0.4   -0.4       T
  SINCE OCT 1      6.7                       5.3    1.4      3.3
  SINCE JUL 1      6.7                       5.3    1.4      3.3
  SNOW DEPTH       0

DEGREE DAYS
 HEATING
  TODAY           45                        31     14       26
  MONTH TO DATE   97                        62     35       48
  SINCE DEC 1   1021                       907    114      830
  SINCE JUL 1   1706                      1731    -25     1470

 COOLING
  TODAY            0                         0      0        0
  MONTH TO DATE    0                         0      0        0
  SINCE DEC 1      0                         0      0        0
  SINCE JAN 1      0                         0      0        0
..................................................................


WIND (MPH)
  HIGHEST WIND SPEED    21   HIGHEST WIND DIRECTION     W (270)
  HIGHEST GUST SPEED    29   HIGHEST GUST DIRECTION     W (270)
  AVERAGE WIND SPEED    15.2


SKY COVER
  AVERAGE SKY COVER 0.3


WEATHER CONDITIONS
 THE FOLLOWING WEATHER WAS RECORDED TODAY.
  NO SIGNIFICANT WEATHER WAS OBSERVED.


RELATIVE HUMIDITY (PERCENT)
 HIGHEST    64           700 AM
 LOWEST     42           300 PM
 AVERAGE    53

..........................................................


THE KENNEDY NY CLIMATE NORMALS FOR TOMORROW
                         NORMAL    RECORD    YEAR
 MAXIMUM TEMPERATURE (F)   40        60      2000
 MINIMUM TEMPERATURE (F)   27         9      2014


SUNRISE AND SUNSET
JANUARY  2 2018.......SUNRISE   719 AM EST   SUNSET   440 PM EST
JANUARY  3 2018.......SUNRISE   719 AM EST   SUNSET   440 PM EST


-  INDICATES NEGATIVE NUMBERS.
R  INDICATES RECORD WAS SET OR TIED.
MM INDICATES DATA IS MISSING.
T  INDICATES TRACE AMOUNT.




$$
