166
CDUS41 KOKX 200625
CLIJFK


CLIMATE REPORT
NATIONAL WEATHER SERVICE NEW YORK NY
225 AM EDT THU APR 20 2017


...................................

...THE KENNEDY NY CLIMATE SUMMARY FOR APRIL 19 2017...

CLIMATE NORMAL PERIOD 1981 TO 2010
CLIMATE RECORD PERIOD 1948 TO 2017


WEATHER ITEM   OBSERVED TIME   RECORD YEAR NORMAL DEPARTURE LAST
                VALUE   (LST)  VALUE       VALUE  FROM      YEAR
                                                  NORMAL
..................................................................
TEMPERATURE (F)
 YESTERDAY
  MAXIMUM         52    201 PM  84    1985  60     -8       72
  MINIMUM         45    633 AM  34    2001  45      0       52
  AVERAGE         49                        52     -3       62

PRECIPITATION (IN)
  YESTERDAY        T             1.36 1978   0.13  -0.13     0.00
  MONTH TO DATE    2.11                      2.53  -0.42     1.03
  SINCE MAR 1      7.90                      6.31   1.59     2.42
  SINCE JAN 1     14.12                     12.06   2.06    11.06

SNOWFALL (IN)
  YESTERDAY        0.0           1.5  1983   0.0    0.0      0.0
  MONTH TO DATE    0.0                       0.7   -0.7       T
  SINCE OCT 1     30.9                      23.7    7.2     41.4
  SINCE JUL 1     30.9                      23.7    7.2     41.4
  SNOW DEPTH       0

DEGREE DAYS
 HEATING
  YESTERDAY       16                        13      3        3
  MONTH TO DATE  220                       298    -78      311
  SINCE MAR 1   1008                      1023    -15      844
  SINCE JUL 1   3926                      4534   -608     3598

 COOLING
  YESTERDAY        0                         0      0        0
  MONTH TO DATE    4                         0      4        0
  SINCE MAR 1      4                         0      4        0
  SINCE JAN 1      4                         0      4        0
..................................................................


WIND (MPH)
  HIGHEST WIND SPEED    21   HIGHEST WIND DIRECTION    SE (130)
  HIGHEST GUST SPEED    24   HIGHEST GUST DIRECTION    SE (150)
  AVERAGE WIND SPEED    12.6


SKY COVER
  POSSIBLE SUNSHINE  MM
  AVERAGE SKY COVER 0.8


WEATHER CONDITIONS
 THE FOLLOWING WEATHER WAS RECORDED YESTERDAY.
  LIGHT RAIN


RELATIVE HUMIDITY (PERCENT)
 HIGHEST    86          1200 AM
 LOWEST     66          1100 AM
 AVERAGE    76

..........................................................


THE KENNEDY NY CLIMATE NORMALS FOR TODAY
                         NORMAL    RECORD    YEAR
 MAXIMUM TEMPERATURE (F)   61        80      2005
                                             1976
 MINIMUM TEMPERATURE (F)   45        36      1961


SUNRISE AND SUNSET
APRIL 20 2017.........SUNRISE   609 AM EDT   SUNSET   740 PM EDT
APRIL 21 2017.........SUNRISE   607 AM EDT   SUNSET   741 PM EDT


-  INDICATES NEGATIVE NUMBERS.
R  INDICATES RECORD WAS SET OR TIED.
MM INDICATES DATA IS MISSING.
T  INDICATES TRACE AMOUNT.




$$
