000
CDUS41 KOKX 230624
CLIJFK


CLIMATE REPORT
NATIONAL WEATHER SERVICE NEW YORK NY
124 AM EST MON FEB 23 2015


...................................

...THE KENNEDY NY CLIMATE SUMMARY FOR FEBRUARY 22 2015...

CLIMATE NORMAL PERIOD 1981 TO 2010
CLIMATE RECORD PERIOD 1949 TO 2015


WEATHER ITEM   OBSERVED TIME   RECORD YEAR NORMAL DEPARTURE LAST
                VALUE   (LST)  VALUE       VALUE  FROM      YEAR
                                                  NORMAL
..................................................................
TEMPERATURE (F)
 YESTERDAY
  MAXIMUM         43    148 PM  64    1991  43      0       53
  MINIMUM         32    450 AM   9    1968  29      3       34
  AVERAGE         38                        36      2       44

PRECIPITATION (IN)
  YESTERDAY        0.20          1.59 2003   0.10   0.10     0.00
  MONTH TO DATE    2.35                      1.98   0.37     4.54
  SINCE DEC 1     14.70                      8.53   6.17    12.05
  SINCE JAN 1      7.66                      5.14   2.52     7.55

SNOWFALL (IN)
  YESTERDAY        0.2           6.9  2008   0.3   -0.1      0.0
  MONTH TO DATE   13.6                       6.7    6.9     20.5
  SINCE OCT 1     31.1                      17.9   13.2     44.4
  SINCE JUL 1     31.1                      17.9   13.2     44.4
  SNOW DEPTH       5

DEGREE DAYS
 HEATING
  YESTERDAY       27                        29     -2       21
  MONTH TO DATE  885                       673    212      735
  SINCE DEC 1   2665                      2519    146     2687
  SINCE JUL 1   3449                      3343    106     3501

 COOLING
  YESTERDAY        0                         0      0        0
  MONTH TO DATE    0                         0      0        0
  SINCE DEC 1      0                         0      0        0
  SINCE JAN 1      0                         0      0        0
..................................................................


WIND (MPH)
  HIGHEST WIND SPEED    13   HIGHEST WIND DIRECTION     W (270)
  HIGHEST GUST SPEED    23   HIGHEST GUST DIRECTION    NW (310)
  AVERAGE WIND SPEED     4.1


SKY COVER
  POSSIBLE SUNSHINE  MM
  AVERAGE SKY COVER 0.9


WEATHER CONDITIONS
 THE FOLLOWING WEATHER WAS RECORDED YESTERDAY.
  LT FREEZING RAIN
  SNOW
  FOG


RELATIVE HUMIDITY (PERCENT)
 HIGHEST    96           400 AM
 LOWEST     60           300 PM
 AVERAGE    78

..........................................................


THE KENNEDY NY CLIMATE NORMALS FOR TODAY
                         NORMAL    RECORD    YEAR
 MAXIMUM TEMPERATURE (F)   43        62      1990
 MINIMUM TEMPERATURE (F)   29        14      1999
                                             1972
                                             1965


SUNRISE AND SUNSET
FEBRUARY 23 2015......SUNRISE   638 AM EST   SUNSET   539 PM EST
FEBRUARY 24 2015......SUNRISE   637 AM EST   SUNSET   540 PM EST


-  INDICATES NEGATIVE NUMBERS.
R  INDICATES RECORD WAS SET OR TIED.
MM INDICATES DATA IS MISSING.
T  INDICATES TRACE AMOUNT.




$$
