193
CDUS41 KOKX 030618
CLIJFK


CLIMATE REPORT
NATIONAL WEATHER SERVICE NEW YORK NY
118 AM EST WED FEB 3 2016


...................................

...THE KENNEDY NY CLIMATE SUMMARY FOR FEBRUARY 2 2016...

CLIMATE NORMAL PERIOD 1981 TO 2010
CLIMATE RECORD PERIOD 1949 TO 2016


WEATHER ITEM   OBSERVED TIME   RECORD YEAR NORMAL DEPARTURE LAST
                VALUE   (LST)  VALUE       VALUE  FROM      YEAR
                                                  NORMAL
..................................................................
TEMPERATURE (F)
 YESTERDAY
  MAXIMUM         52    153 PM  56    1973  40     12       35
  MINIMUM         36    619 AM  -1    1961  27      9       15
  AVERAGE         44                        33     11       25

PRECIPITATION (IN)
  YESTERDAY        0.00          1.22 1973   0.09  -0.09     1.18
  MONTH TO DATE    T                         0.18  -0.18     1.21
  SINCE DEC 1      9.38                      6.73   2.65    13.56
  SINCE JAN 1      4.59                      3.34   1.25     6.52

SNOWFALL (IN)
  YESTERDAY        0.0           4.2  2015   0.3   -0.3      4.2
  MONTH TO DATE    0.0                       0.6   -0.6      4.5
  SINCE OCT 1     31.4                      11.8   19.6     22.0
  SINCE JUL 1     31.4                      11.8   19.6     22.0
  SNOW DEPTH       0

DEGREE DAYS
 HEATING
  YESTERDAY       21                        32    -11       40
  MONTH TO DATE   36                        64    -28       76
  SINCE DEC 1   1413                      1910   -497     1856
  SINCE JUL 1   2004                      2734   -730     2640

 COOLING
  YESTERDAY        0                         0      0        0
  MONTH TO DATE    0                         0      0        0
  SINCE DEC 1      0                         0      0        0
  SINCE JAN 1      0                         0      0        0
..................................................................


WIND (MPH)
  HIGHEST WIND SPEED    14   HIGHEST WIND DIRECTION     N (20)
  HIGHEST GUST SPEED    16   HIGHEST GUST DIRECTION     N (20)
  AVERAGE WIND SPEED     5.6


SKY COVER
  POSSIBLE SUNSHINE  MM
  AVERAGE SKY COVER 0.3


WEATHER CONDITIONS
 THE FOLLOWING WEATHER WAS RECORDED YESTERDAY.
  NO SIGNIFICANT WEATHER WAS OBSERVED.


RELATIVE HUMIDITY (PERCENT)
 HIGHEST    79          1000 PM
 LOWEST     32           200 PM
 AVERAGE    56

..........................................................


THE KENNEDY NY CLIMATE NORMALS FOR TODAY
                         NORMAL    RECORD    YEAR
 MAXIMUM TEMPERATURE (F)   40        62      1991
 MINIMUM TEMPERATURE (F)   27         6      1961


SUNRISE AND SUNSET
FEBRUARY  3 2016......SUNRISE   703 AM EST   SUNSET   515 PM EST
FEBRUARY  4 2016......SUNRISE   702 AM EST   SUNSET   516 PM EST


-  INDICATES NEGATIVE NUMBERS.
R  INDICATES RECORD WAS SET OR TIED.
MM INDICATES DATA IS MISSING.
T  INDICATES TRACE AMOUNT.




$$
