000
CDUS41 KOKX 090617
CLIJFK


CLIMATE REPORT
NATIONAL WEATHER SERVICE NEW YORK NY
216 AM EDT FRI JUN 9 2017


...................................

...THE KENNEDY NY CLIMATE SUMMARY FOR JUNE 8 2017...

CLIMATE NORMAL PERIOD 1981 TO 2010
CLIMATE RECORD PERIOD 1948 TO 2017


WEATHER ITEM   OBSERVED TIME   RECORD YEAR NORMAL DEPARTURE LAST
                VALUE   (LST)  VALUE       VALUE  FROM      YEAR
                                                  NORMAL
..................................................................
TEMPERATURE (F)
 YESTERDAY
  MAXIMUM         67    908 AM  96    1999  76     -9       70
  MINIMUM         54    427 AM  50    1997  61     -7       54
                                      1977
  AVERAGE         61                        68     -7       62

PRECIPITATION (IN)
  YESTERDAY        0.00          0.66 2016   0.14  -0.14     0.66
  MONTH TO DATE    0.56                      1.15  -0.59     1.34
  SINCE JUN 1      0.56                      1.15  -0.59     1.34
  SINCE JAN 1     22.46                     18.49   3.97    16.32

SNOWFALL (IN)
  YESTERDAY        0.0          MM      MM   0.0    0.0      0.0
  MONTH TO DATE    0.0                       0.0    0.0      0.0
  SINCE OCT 1     30.9                      23.8    7.1     41.4
  SINCE JUL 1     30.9                      23.8    7.1     41.4
  SNOW DEPTH       0

DEGREE DAYS
 HEATING
  YESTERDAY        4                         1      3        3
  MONTH TO DATE   20                        13      7        3
  SINCE JUN 1     20                        13      7        3
  SINCE JUL 1   4197                      4831   -634     3893

 COOLING
  YESTERDAY        0                         4     -4        0
  MONTH TO DATE   10                        28    -18       43
  SINCE JUN 1     10                        28    -18       43
  SINCE JAN 1     60                        63     -3       94
..................................................................


WIND (MPH)
  HIGHEST WIND SPEED    15   HIGHEST WIND DIRECTION     E (90)
  HIGHEST GUST SPEED    19   HIGHEST GUST DIRECTION     E (90)
  AVERAGE WIND SPEED     5.8


SKY COVER
  POSSIBLE SUNSHINE  MM
  AVERAGE SKY COVER 0.6


WEATHER CONDITIONS
 THE FOLLOWING WEATHER WAS RECORDED YESTERDAY.
  NO SIGNIFICANT WEATHER WAS OBSERVED.


RELATIVE HUMIDITY (PERCENT)
 HIGHEST    93           400 AM
 LOWEST     51           500 PM
 AVERAGE    72

..........................................................


THE KENNEDY NY CLIMATE NORMALS FOR TODAY
                         NORMAL    RECORD    YEAR
 MAXIMUM TEMPERATURE (F)   76        96      1984
 MINIMUM TEMPERATURE (F)   61        48      1980


SUNRISE AND SUNSET
JUNE  9 2017..........SUNRISE   524 AM EDT   SUNSET   825 PM EDT
JUNE 10 2017..........SUNRISE   524 AM EDT   SUNSET   826 PM EDT


-  INDICATES NEGATIVE NUMBERS.
R  INDICATES RECORD WAS SET OR TIED.
MM INDICATES DATA IS MISSING.
T  INDICATES TRACE AMOUNT.




$$
