000
CDUS41 KOKX 130621
CLIJFK


CLIMATE REPORT
NATIONAL WEATHER SERVICE NEW YORK NY
119 AM EST FRI JAN 13 2017


...................................

...THE KENNEDY NY CLIMATE SUMMARY FOR JANUARY 12 2017...

CLIMATE NORMAL PERIOD 1981 TO 2010
CLIMATE RECORD PERIOD 1948 TO 2017


WEATHER ITEM   OBSERVED TIME   RECORD YEAR NORMAL DEPARTURE LAST
                VALUE   (LST)  VALUE       VALUE  FROM      YEAR
                                                  NORMAL
..................................................................
TEMPERATURE (F)
 YESTERDAY
  MAXIMUM         61R   148 PM  60    1975  39     22       45
  MINIMUM         46    151 AM   3    1968  26     20       22
  AVERAGE         54                        32     22       34

PRECIPITATION (IN)
  YESTERDAY        0.10          1.02 1991   0.11  -0.01      T
  MONTH TO DATE    1.58                      1.28   0.30     1.30
  SINCE DEC 1      4.64                      4.67  -0.03     6.09
  SINCE JAN 1      1.58                      1.28   0.30     1.30

SNOWFALL (IN)
  YESTERDAY       MM             4.2  2011   0.2   MM         T
  MONTH TO DATE    9.3                       2.4    6.9       T
  SINCE OCT 1     12.6                       7.3    5.3      0.1
  SINCE JUL 1     12.6                       7.3    5.3      0.1
  SNOW DEPTH       1

DEGREE DAYS
 HEATING
  YESTERDAY       11                        32    -21       31
  MONTH TO DATE  346                       382    -36      339
  SINCE DEC 1   1128                      1227    -99      784
  SINCE JUL 1   1768                      2051   -283     1375

 COOLING
  YESTERDAY        0                         0      0        0
  MONTH TO DATE    0                         0      0        0
  SINCE DEC 1      0                         0      0        0
  SINCE JAN 1      0                         0      0        0
..................................................................


WIND (MPH)
  HIGHEST WIND SPEED    18   HIGHEST WIND DIRECTION    SW (230)
  HIGHEST GUST SPEED    23   HIGHEST GUST DIRECTION    SW (220)
  AVERAGE WIND SPEED    11.4


SKY COVER
  POSSIBLE SUNSHINE  MM
  AVERAGE SKY COVER 0.9


WEATHER CONDITIONS
 THE FOLLOWING WEATHER WAS RECORDED YESTERDAY.
  LIGHT RAIN
  FOG


RELATIVE HUMIDITY (PERCENT)
 HIGHEST    93           800 AM
 LOWEST     67           100 PM
 AVERAGE    80

..........................................................


THE KENNEDY NY CLIMATE NORMALS FOR TODAY
                         NORMAL    RECORD    YEAR
 MAXIMUM TEMPERATURE (F)   39        57      1995
 MINIMUM TEMPERATURE (F)   26         8      1981


SUNRISE AND SUNSET
JANUARY 13 2017.......SUNRISE   718 AM EST   SUNSET   451 PM EST
JANUARY 14 2017.......SUNRISE   717 AM EST   SUNSET   452 PM EST


-  INDICATES NEGATIVE NUMBERS.
R  INDICATES RECORD WAS SET OR TIED.
MM INDICATES DATA IS MISSING.
T  INDICATES TRACE AMOUNT.




$$
