000
CDUS41 KOKX 070616
CLIJFK


CLIMATE REPORT
NATIONAL WEATHER SERVICE NEW YORK NY
215 AM EDT MON APR 7 2014


...................................

...THE KENNEDY NY CLIMATE SUMMARY FOR APRIL 6 2014...

CLIMATE NORMAL PERIOD 1981 TO 2010
CLIMATE RECORD PERIOD 1949 TO 2014


WEATHER ITEM   OBSERVED TIME   RECORD YEAR NORMAL DEPARTURE LAST
                VALUE   (LST)  VALUE       VALUE  FROM      YEAR
                                                  NORMAL
..................................................................
TEMPERATURE (F)
 YESTERDAY
  MAXIMUM         57    406 PM  73    2010  56      1       49
  MINIMUM         37    609 AM  20    1982  41     -4       36
  AVERAGE         47                        48     -1       43

PRECIPITATION (IN)
  YESTERDAY        0.00          1.27 1971   0.13  -0.13     0.00
  MONTH TO DATE    0.21                      0.80  -0.59      T
  SINCE MAR 1      4.47                      4.58  -0.11     2.32
  SINCE JAN 1     12.07                     10.33   1.74     7.44

SNOWFALL (IN)
  YESTERDAY        0.0           8.0  1982   0.0    0.0      0.0
  MONTH TO DATE    0.0                       0.3   -0.3      0.0
  SINCE OCT 1     45.5                      23.3   22.2     17.6
  SINCE JUL 1     45.5                      23.3   22.2     17.6
  SNOW DEPTH       0

DEGREE DAYS
 HEATING
  YESTERDAY       18                        17      1       22
  MONTH TO DATE  110                       107      3      126
  SINCE MAR 1    960                       832    128      892
  SINCE JUL 1   4667                      4343    324     4222

 COOLING
  YESTERDAY        0                         0      0        0
  MONTH TO DATE    0                         0      0        0
  SINCE MAR 1      0                         0      0        0
  SINCE JAN 1      0                         0      0        0
..................................................................


WIND (MPH)
  HIGHEST WIND SPEED    25   HIGHEST WIND DIRECTION    SW (220)
  HIGHEST GUST SPEED    55   HIGHEST GUST DIRECTION    NW (320)
  AVERAGE WIND SPEED    10.6


SKY COVER
  POSSIBLE SUNSHINE  MM
  AVERAGE SKY COVER 0.2


WEATHER CONDITIONS
 THE FOLLOWING WEATHER WAS RECORDED YESTERDAY.
  NO SIGNIFICANT WEATHER WAS OBSERVED.


RELATIVE HUMIDITY (PERCENT)
 HIGHEST    79          1100 PM
 LOWEST     21           400 PM
 AVERAGE    50

..........................................................


THE KENNEDY NY CLIMATE NORMALS FOR TODAY
                         NORMAL    RECORD    YEAR
 MAXIMUM TEMPERATURE (F)   56        87      2010
 MINIMUM TEMPERATURE (F)   41        20      1982


SUNRISE AND SUNSET
APRIL  7 2014.........SUNRISE   629 AM EDT   SUNSET   726 PM EDT
APRIL  8 2014.........SUNRISE   628 AM EDT   SUNSET   727 PM EDT


-  INDICATES NEGATIVE NUMBERS.
R  INDICATES RECORD WAS SET OR TIED.
MM INDICATES DATA IS MISSING.
T  INDICATES TRACE AMOUNT.




$$
