000
CDUS41 KOKX 010636
CLIJFK


CLIMATE REPORT
NATIONAL WEATHER SERVICE NEW YORK NY
236 AM EDT SUN OCT 1 2017


...................................

...THE KENNEDY NY CLIMATE SUMMARY FOR SEPTEMBER 30 2017...

CLIMATE NORMAL PERIOD 1981 TO 2010
CLIMATE RECORD PERIOD 1948 TO 2017


WEATHER ITEM   OBSERVED TIME   RECORD YEAR NORMAL DEPARTURE LAST
                VALUE   (LST)  VALUE       VALUE  FROM      YEAR
                                                  NORMAL
..................................................................
TEMPERATURE (F)
 YESTERDAY
  MAXIMUM         67   1027 AM  84    1986  70     -3       62
  MINIMUM         54   1159 PM  43    1991  55     -1       59
  AVERAGE         61                        63     -2       61

PRECIPITATION (IN)
  YESTERDAY        0.04          1.66 1983   0.14  -0.10     0.31
  MONTH TO DATE    2.20                      3.50  -1.30     2.87
  SINCE SEP 1      2.20                      3.50  -1.30     2.87
  SINCE JAN 1     35.45                     32.46   2.99    26.14

SNOWFALL (IN)
  YESTERDAY        0.0          MM      MM   0.0    0.0      0.0
  MONTH TO DATE    0.0                       0.0    0.0      0.0
  SINCE OCT 1     30.9                      23.8    7.1     41.4
  SINCE JUL 1      0.0                       0.0    0.0      0.0
  SNOW DEPTH       0

DEGREE DAYS
 HEATING
  YESTERDAY        4                         4      0        4
  MONTH TO DATE   12                        36    -24       13
  SINCE SEP 1     12                        38    -26       13
  SINCE JUL 1     12                        39    -27       13

 COOLING
  YESTERDAY        0                         1     -1        0
  MONTH TO DATE  184                       130     54      205
  SINCE SEP 1    184                       130     54      205
  SINCE JAN 1   1107                       991    116     1342
..................................................................


WIND (MPH)
  HIGHEST WIND SPEED    25   HIGHEST WIND DIRECTION     N (350)
  HIGHEST GUST SPEED    31   HIGHEST GUST DIRECTION     N (350)
  AVERAGE WIND SPEED    14.0


SKY COVER
  POSSIBLE SUNSHINE  MM
  AVERAGE SKY COVER 0.7


WEATHER CONDITIONS
 THE FOLLOWING WEATHER WAS RECORDED YESTERDAY.
  RAIN
  LIGHT RAIN
  FOG


RELATIVE HUMIDITY (PERCENT)
 HIGHEST    87           200 PM
 LOWEST     60           100 AM
 AVERAGE    74

..........................................................


THE KENNEDY NY CLIMATE NORMALS FOR TODAY
                         NORMAL    RECORD    YEAR
 MAXIMUM TEMPERATURE (F)   70        85      1986
 MINIMUM TEMPERATURE (F)   55        41      1992


SUNRISE AND SUNSET
OCTOBER  1 2017.......SUNRISE   652 AM EDT   SUNSET   637 PM EDT
OCTOBER  2 2017.......SUNRISE   653 AM EDT   SUNSET   635 PM EDT


-  INDICATES NEGATIVE NUMBERS.
R  INDICATES RECORD WAS SET OR TIED.
MM INDICATES DATA IS MISSING.
T  INDICATES TRACE AMOUNT.




$$
