000
CDUS41 KOKX 082035
CLIJFK


CLIMATE REPORT
NATIONAL WEATHER SERVICE NEW YORK NY
435 PM EDT MON SEP 8 2014


...................................

...THE KENNEDY NY CLIMATE SUMMARY FOR SEPTEMBER 8 2014...
VALID TODAY AS OF 0400 PM LOCAL TIME.

CLIMATE NORMAL PERIOD 1981 TO 2010
CLIMATE RECORD PERIOD 1949 TO 2014


WEATHER ITEM   OBSERVED TIME   RECORD YEAR NORMAL DEPARTURE LAST
                VALUE   (LST)  VALUE       VALUE  FROM      YEAR
                                                  NORMAL
..................................................................
TEMPERATURE (F)
 TODAY
  MAXIMUM         78   1118 AM  92    2010  78      0       87
  MINIMUM         65    550 AM  50    1962  64      1       62
  AVERAGE         72                        71      1       75

PRECIPITATION (IN)
  TODAY            0.00          2.93 2004   0.10  -0.10      T
  MONTH TO DATE    0.04                      0.85  -0.81     0.03
  SINCE SEP 1      0.04                      0.85  -0.81     0.03
  SINCE JAN 1     34.15                     29.81   4.34    26.22

SNOWFALL (IN)
  TODAY            0.0          MM      MM   0.0    0.0      0.0
  MONTH TO DATE    0.0                       0.0    0.0      0.0
  SINCE OCT 1     45.6                      23.8   21.8     17.6
  SINCE JUL 1      0.0                       0.0    0.0      0.0
  SNOW DEPTH       0

DEGREE DAYS
 HEATING
  TODAY            0                         0      0        0
  MONTH TO DATE    0                         0      0        1
  SINCE SEP 1      0                         0      0        1
  SINCE JUL 1      0                         1     -1        1

 COOLING
  TODAY            7                         6      1       10
  MONTH TO DATE  101                        55     46       68
  SINCE SEP 1    101                        55     46       68
  SINCE JAN 1    964                       916     48     1027
..................................................................


WIND (MPH)
  HIGHEST WIND SPEED    18   HIGHEST WIND DIRECTION     E (100)
  HIGHEST GUST SPEED    24   HIGHEST GUST DIRECTION     E (110)
  AVERAGE WIND SPEED    10.0


SKY COVER
  AVERAGE SKY COVER 0.7


WEATHER CONDITIONS
 THE FOLLOWING WEATHER WAS RECORDED TODAY.
  NO SIGNIFICANT WEATHER WAS OBSERVED.


RELATIVE HUMIDITY (PERCENT)
 HIGHEST    78           600 AM
 LOWEST     43           100 PM
 AVERAGE    61

..........................................................


THE KENNEDY NY CLIMATE NORMALS FOR TOMORROW
                         NORMAL    RECORD    YEAR
 MAXIMUM TEMPERATURE (F)   78        93      1959
 MINIMUM TEMPERATURE (F)   63        51      1986
                                             1949


SUNRISE AND SUNSET
SEPTEMBER  8 2014.....SUNRISE   629 AM EDT   SUNSET   716 PM EDT
SEPTEMBER  9 2014.....SUNRISE   630 AM EDT   SUNSET   714 PM EDT


-  INDICATES NEGATIVE NUMBERS.
R  INDICATES RECORD WAS SET OR TIED.
MM INDICATES DATA IS MISSING.
T  INDICATES TRACE AMOUNT.




$$
