000
CDUS41 KOKX 160622
CLIJFK


CLIMATE REPORT
NATIONAL WEATHER SERVICE NEW YORK NY
122 AM EST WED NOV 16 2016


...................................

...THE KENNEDY NY CLIMATE SUMMARY FOR NOVEMBER 15 2016...

CLIMATE NORMAL PERIOD 1981 TO 2010
CLIMATE RECORD PERIOD 1948 TO 2016


WEATHER ITEM   OBSERVED TIME   RECORD YEAR NORMAL DEPARTURE LAST
                VALUE   (LST)  VALUE       VALUE  FROM      YEAR
                                                  NORMAL
..................................................................
TEMPERATURE (F)
 YESTERDAY
  MAXIMUM         54    123 AM  77    1993  55     -1       59
  MINIMUM         48   1159 PM  20    1967  41      7       40
  AVERAGE         51                        48      3       50

PRECIPITATION (IN)
  YESTERDAY        1.23R         0.78 1983   0.11   1.12     0.00
  MONTH TO DATE    1.24                      1.57  -0.33     0.60
  SINCE SEP 1      7.44                      8.69  -1.25     7.38
  SINCE JAN 1     30.71                     37.65  -6.94    32.92

SNOWFALL (IN)
  YESTERDAY        0.0          MM      MM   0.0    0.0      0.0
  MONTH TO DATE    0.0                       0.0    0.0      0.0
  SINCE OCT 1      0.0                       0.0    0.0      0.0
  SINCE JUL 1      0.0                       0.0    0.0      0.0
  SNOW DEPTH       0

DEGREE DAYS
 HEATING
  YESTERDAY       14                        17     -3       15
  MONTH TO DATE  179                       227    -48      131
  SINCE SEP 1    393                       525   -132      353
  SINCE JUL 1    393                       526   -133      353

 COOLING
  YESTERDAY        0                         0      0        0
  MONTH TO DATE    0                         0      0        4
  SINCE SEP 1    225                       144     81      254
  SINCE JAN 1   1362                      1005    357     1387
..................................................................


WIND (MPH)
  HIGHEST WIND SPEED    30   HIGHEST WIND DIRECTION     N (350)
  HIGHEST GUST SPEED    36   HIGHEST GUST DIRECTION     N (350)
  AVERAGE WIND SPEED    13.9


SKY COVER
  POSSIBLE SUNSHINE  MM
  AVERAGE SKY COVER 1.0


WEATHER CONDITIONS
 THE FOLLOWING WEATHER WAS RECORDED YESTERDAY.
  THUNDERSTORM
  HEAVY RAIN
  RAIN
  LIGHT RAIN
  FOG


RELATIVE HUMIDITY (PERCENT)
 HIGHEST    93          1200 PM
 LOWEST     66          1200 AM
 AVERAGE    80

..........................................................


THE KENNEDY NY CLIMATE NORMALS FOR TODAY
                         NORMAL    RECORD    YEAR
 MAXIMUM TEMPERATURE (F)   54        72      2001
 MINIMUM TEMPERATURE (F)   41        20      1967


SUNRISE AND SUNSET
NOVEMBER 16 2016......SUNRISE   643 AM EST   SUNSET   436 PM EST
NOVEMBER 17 2016......SUNRISE   645 AM EST   SUNSET   435 PM EST


-  INDICATES NEGATIVE NUMBERS.
R  INDICATES RECORD WAS SET OR TIED.
MM INDICATES DATA IS MISSING.
T  INDICATES TRACE AMOUNT.




$$
