000
CDUS41 KOKX 120618
CLIJFK


CLIMATE REPORT
NATIONAL WEATHER SERVICE NEW YORK NY
218 AM EDT WED APR 12 2017


...................................

...THE KENNEDY NY CLIMATE SUMMARY FOR APRIL 11 2017...

CLIMATE NORMAL PERIOD 1981 TO 2010
CLIMATE RECORD PERIOD 1948 TO 2017


WEATHER ITEM   OBSERVED TIME   RECORD YEAR NORMAL DEPARTURE LAST
                VALUE   (LST)  VALUE       VALUE  FROM      YEAR
                                                  NORMAL
..................................................................
TEMPERATURE (F)
 YESTERDAY
  MAXIMUM         66   1226 PM  73    2010  58      8       55
  MINIMUM         47    537 AM  32    2007  42      5       44
                                      1976
                                      1967
  AVERAGE         57                        50      7       50

PRECIPITATION (IN)
  YESTERDAY        0.00          0.83 2009   0.14  -0.14      T
  MONTH TO DATE    2.05                      1.49   0.56     0.86
  SINCE MAR 1      7.84                      5.27   2.57     2.25
  SINCE JAN 1     14.06                     11.02   3.04    10.89

SNOWFALL (IN)
  YESTERDAY        0.0          MM      MM   0.1   -0.1      0.0
  MONTH TO DATE    0.0                       0.5   -0.5       T
  SINCE OCT 1     30.9                      23.5    7.4     41.4
  SINCE JUL 1     30.9                      23.5    7.4     41.4
  SNOW DEPTH       0

DEGREE DAYS
 HEATING
  YESTERDAY        8                        15     -7       15
  MONTH TO DATE  160                       187    -27      218
  SINCE MAR 1    948                       912     36      751
  SINCE JUL 1   3866                      4423   -557     3505

 COOLING
  YESTERDAY        0                         0      0        0
  MONTH TO DATE    0                         0      0        0
  SINCE MAR 1      0                         0      0        0
  SINCE JAN 1      0                         0      0        0
..................................................................


WIND (MPH)
  HIGHEST WIND SPEED    20   HIGHEST WIND DIRECTION     S (180)
  HIGHEST GUST SPEED    25   HIGHEST GUST DIRECTION     S (180)
  AVERAGE WIND SPEED     6.8


SKY COVER
  POSSIBLE SUNSHINE  MM
  AVERAGE SKY COVER 0.7


WEATHER CONDITIONS
 THE FOLLOWING WEATHER WAS RECORDED YESTERDAY.
  NO SIGNIFICANT WEATHER WAS OBSERVED.


RELATIVE HUMIDITY (PERCENT)
 HIGHEST    96          1000 PM
 LOWEST     67          1100 AM
 AVERAGE    82

..........................................................


THE KENNEDY NY CLIMATE NORMALS FOR TODAY
                         NORMAL    RECORD    YEAR
 MAXIMUM TEMPERATURE (F)   58        90      1977
 MINIMUM TEMPERATURE (F)   42        28      1976


SUNRISE AND SUNSET
APRIL 12 2017.........SUNRISE   621 AM EDT   SUNSET   732 PM EDT
APRIL 13 2017.........SUNRISE   619 AM EDT   SUNSET   733 PM EDT


-  INDICATES NEGATIVE NUMBERS.
R  INDICATES RECORD WAS SET OR TIED.
MM INDICATES DATA IS MISSING.
T  INDICATES TRACE AMOUNT.




$$
