000
CDUS41 KOKX 110636
CLIJFK


CLIMATE REPORT
NATIONAL WEATHER SERVICE NEW YORK NY
233 AM EDT MON APR 11 2016


...................................

...THE KENNEDY NY CLIMATE SUMMARY FOR APRIL 10 2016...

CLIMATE NORMAL PERIOD 1981 TO 2010
CLIMATE RECORD PERIOD 1949 TO 2016


WEATHER ITEM   OBSERVED TIME   RECORD YEAR NORMAL DEPARTURE LAST
                VALUE   (LST)  VALUE       VALUE  FROM      YEAR
                                                  NORMAL
..................................................................
TEMPERATURE (F)
 YESTERDAY
  MAXIMUM         49    232 PM  72    2008  57     -8       58
                                      1991
  MINIMUM         31    539 AM  28    1997  42    -11       40
  AVERAGE         40                        50    -10       49

PRECIPITATION (IN)
  YESTERDAY        0.00          2.33 1983   0.14  -0.14     0.19
  MONTH TO DATE    0.86                      1.35  -0.49     0.34
  SINCE MAR 1      2.25                      5.13  -2.88     5.22
  SINCE JAN 1     10.89                     10.88   0.01    12.88

SNOWFALL (IN)
  YESTERDAY        0.0           0.9  1996   0.0    0.0      0.0
  MONTH TO DATE    T                         0.4   -0.4      0.0
  SINCE OCT 1     41.4                      23.4   18.0     44.2
  SINCE JUL 1     41.4                      23.4   18.0     44.2
  SNOW DEPTH       0

DEGREE DAYS
 HEATING
  YESTERDAY       25                        16      9       16
  MONTH TO DATE  203                       172     31      172
  SINCE MAR 1    736                       897   -161     1009
  SINCE JUL 1   3490                      4408   -918     4701

 COOLING
  YESTERDAY        0                         0      0        0
  MONTH TO DATE    0                         0      0        0
  SINCE MAR 1      0                         0      0        0
  SINCE JAN 1      0                         0      0        0
..................................................................


WIND (MPH)
  HIGHEST WIND SPEED    25   HIGHEST WIND DIRECTION    NW (320)
  HIGHEST GUST SPEED    32   HIGHEST GUST DIRECTION    NW (320)
  AVERAGE WIND SPEED    15.6


SKY COVER
  POSSIBLE SUNSHINE  MM
  AVERAGE SKY COVER 0.3


WEATHER CONDITIONS
 THE FOLLOWING WEATHER WAS RECORDED YESTERDAY.
  NO SIGNIFICANT WEATHER WAS OBSERVED.


RELATIVE HUMIDITY (PERCENT)
 HIGHEST    65           800 PM
 LOWEST     31          1200 PM
 AVERAGE    48

..........................................................


THE KENNEDY NY CLIMATE NORMALS FOR TODAY
                         NORMAL    RECORD    YEAR
 MAXIMUM TEMPERATURE (F)   58        73      2010
 MINIMUM TEMPERATURE (F)   42        32      2007
                                             1976
                                             1967


SUNRISE AND SUNSET
APRIL 11 2016.........SUNRISE   622 AM EDT   SUNSET   731 PM EDT
APRIL 12 2016.........SUNRISE   620 AM EDT   SUNSET   732 PM EDT


-  INDICATES NEGATIVE NUMBERS.
R  INDICATES RECORD WAS SET OR TIED.
MM INDICATES DATA IS MISSING.
T  INDICATES TRACE AMOUNT.




$$
