000
CDUS41 KOKX 110616
CLIJFK


CLIMATE REPORT
NATIONAL WEATHER SERVICE NEW YORK NY
216 AM EDT MON AUG 11 2014


...................................

...THE KENNEDY NY CLIMATE SUMMARY FOR AUGUST 10 2014...

CLIMATE NORMAL PERIOD 1981 TO 2010
CLIMATE RECORD PERIOD 1949 TO 2014


WEATHER ITEM   OBSERVED TIME   RECORD YEAR NORMAL DEPARTURE LAST
                VALUE   (LST)  VALUE       VALUE  FROM      YEAR
                                                  NORMAL
..................................................................
TEMPERATURE (F)
 YESTERDAY
  MAXIMUM         87    126 PM  94    1949  83      4       85
  MINIMUM         68    410 AM  54    1964  69     -1       71
  AVERAGE         78                        76      2       78

PRECIPITATION (IN)
  YESTERDAY        0.00          2.12 2012   0.13  -0.13     0.00
  MONTH TO DATE    0.49                      1.31  -0.82     1.38
  SINCE JUN 1      7.93                      9.25  -1.32    11.59
  SINCE JAN 1     30.37                     26.59   3.78    24.84

SNOWFALL (IN)
  YESTERDAY        0.0          MM      MM   0.0    0.0      0.0
  MONTH TO DATE    0.0                       0.0    0.0      0.0
  SINCE OCT 1     45.6                      23.8   21.8     17.6
  SINCE JUL 1      0.0                       0.0    0.0      0.0
  SNOW DEPTH       0

DEGREE DAYS
 HEATING
  YESTERDAY        0                         0      0        0
  MONTH TO DATE    0                         0      0        0
  SINCE JUN 1      0                        21    -21       10
  SINCE JUL 1      0                         0      0        0

 COOLING
  YESTERDAY       13                        11      2       13
  MONTH TO DATE  108                       110     -2      100
  SINCE JUN 1    649                       630     19      735
  SINCE JAN 1    681                       665     16      761
..................................................................


WIND (MPH)
  HIGHEST WIND SPEED    14   HIGHEST WIND DIRECTION     S (190)
  HIGHEST GUST SPEED    16   HIGHEST GUST DIRECTION     S (200)
  AVERAGE WIND SPEED     7.2


SKY COVER
  POSSIBLE SUNSHINE  MM
  AVERAGE SKY COVER 0.4


WEATHER CONDITIONS
 THE FOLLOWING WEATHER WAS RECORDED YESTERDAY.
  NO SIGNIFICANT WEATHER WAS OBSERVED.


RELATIVE HUMIDITY (PERCENT)
 HIGHEST    79           900 PM
 LOWEST     30          1100 AM
 AVERAGE    55

..........................................................


THE KENNEDY NY CLIMATE NORMALS FOR TODAY
                         NORMAL    RECORD    YEAR
 MAXIMUM TEMPERATURE (F)   83        99      1949
 MINIMUM TEMPERATURE (F)   69        57      1962


SUNRISE AND SUNSET
AUGUST 11 2014........SUNRISE   602 AM EDT   SUNSET   758 PM EDT
AUGUST 12 2014........SUNRISE   603 AM EDT   SUNSET   757 PM EDT


-  INDICATES NEGATIVE NUMBERS.
R  INDICATES RECORD WAS SET OR TIED.
MM INDICATES DATA IS MISSING.
T  INDICATES TRACE AMOUNT.




$$
