181
CDUS41 KOKX 080618
CLIJFK


CLIMATE REPORT
NATIONAL WEATHER SERVICE NEW YORK NY
117 AM EST SUN JAN 8 2017


...................................

...THE KENNEDY NY CLIMATE SUMMARY FOR JANUARY 7 2017...

CLIMATE NORMAL PERIOD 1981 TO 2010
CLIMATE RECORD PERIOD 1948 TO 2017


WEATHER ITEM   OBSERVED TIME   RECORD YEAR NORMAL DEPARTURE LAST
                VALUE   (LST)  VALUE       VALUE  FROM      YEAR
                                                  NORMAL
..................................................................
TEMPERATURE (F)
 YESTERDAY
  MAXIMUM         27    205 AM  61    2012  39    -12       46
  MINIMUM         21    359 PM   6    2014  27     -6       27
  AVERAGE         24                        33     -9       37

PRECIPITATION (IN)
  YESTERDAY        0.22          1.52 2009   0.10   0.12     0.00
  MONTH TO DATE    1.02                      0.74   0.28     0.00
  SINCE DEC 1      4.08                      4.13  -0.05     4.79
  SINCE JAN 1      1.02                      0.74   0.28     0.00

SNOWFALL (IN)
  YESTERDAY        8.2          12.4  1996   0.2    8.0      0.0
  MONTH TO DATE    9.3                       1.4    7.9      0.0
  SINCE OCT 1     12.6                       6.3    6.3      0.1
  SINCE JUL 1     12.6                       6.3    6.3      0.1
  SNOW DEPTH       0

DEGREE DAYS
 HEATING
  YESTERDAY       41                        32      9       28
  MONTH TO DATE  196                       222    -26      219
  SINCE DEC 1    978                      1067    -89      664
  SINCE JUL 1   1618                      1891   -273     1255

 COOLING
  YESTERDAY        0                         0      0        0
  MONTH TO DATE    0                         0      0        0
  SINCE DEC 1      0                         0      0        0
  SINCE JAN 1      0                         0      0        0
..................................................................


WIND (MPH)
  HIGHEST WIND SPEED    29   HIGHEST WIND DIRECTION     N (340)
  HIGHEST GUST SPEED    34   HIGHEST GUST DIRECTION     N (350)
  AVERAGE WIND SPEED    16.1


SKY COVER
  POSSIBLE SUNSHINE  MM
  AVERAGE SKY COVER 1.0


WEATHER CONDITIONS
 THE FOLLOWING WEATHER WAS RECORDED YESTERDAY.
  HEAVY SNOW
  SNOW
  LIGHT SNOW
  FOG
  HAZE


RELATIVE HUMIDITY (PERCENT)
 HIGHEST    77          1200 PM
 LOWEST     37           400 AM
 AVERAGE    57

..........................................................


THE KENNEDY NY CLIMATE NORMALS FOR TODAY
                         NORMAL    RECORD    YEAR
 MAXIMUM TEMPERATURE (F)   39        58      1949
 MINIMUM TEMPERATURE (F)   27         1      1968


SUNRISE AND SUNSET
JANUARY  8 2017.......SUNRISE   719 AM EST   SUNSET   445 PM EST
JANUARY  9 2017.......SUNRISE   719 AM EST   SUNSET   446 PM EST


-  INDICATES NEGATIVE NUMBERS.
R  INDICATES RECORD WAS SET OR TIED.
MM INDICATES DATA IS MISSING.
T  INDICATES TRACE AMOUNT.




$$
