000
CDUS41 KOKX 120619
CLIJFK


CLIMATE REPORT
NATIONAL WEATHER SERVICE NEW YORK NY
118 AM EST THU JAN 12 2017


...................................

...THE KENNEDY NY CLIMATE SUMMARY FOR JANUARY 11 2017...

CLIMATE NORMAL PERIOD 1981 TO 2010
CLIMATE RECORD PERIOD 1948 TO 2017


WEATHER ITEM   OBSERVED TIME   RECORD YEAR NORMAL DEPARTURE LAST
                VALUE   (LST)  VALUE       VALUE  FROM      YEAR
                                                  NORMAL
..................................................................
TEMPERATURE (F)
 YESTERDAY
  MAXIMUM         51    239 PM  59    1975  39     12       41
  MINIMUM         41    232 AM   5    1982  26     15       26
                                      1968
  AVERAGE         46                        33     13       34

PRECIPITATION (IN)
  YESTERDAY        0.46          0.74 1991   0.11   0.35     0.00
  MONTH TO DATE    1.48                      1.17   0.31     1.30
  SINCE DEC 1      4.54                      4.56  -0.02     6.09
  SINCE JAN 1      1.48                      1.17   0.31     1.30

SNOWFALL (IN)
  YESTERDAY        0.0           4.5  1991   0.2   -0.2      0.0
  MONTH TO DATE    9.3                       2.2    7.1      0.0
  SINCE OCT 1     12.6                       7.1    5.5      0.1
  SINCE JUL 1     12.6                       7.1    5.5      0.1
  SNOW DEPTH       1

DEGREE DAYS
 HEATING
  YESTERDAY       19                        32    -13       31
  MONTH TO DATE  335                       350    -15      308
  SINCE DEC 1   1117                      1195    -78      753
  SINCE JUL 1   1757                      2019   -262     1344

 COOLING
  YESTERDAY        0                         0      0        0
  MONTH TO DATE    0                         0      0        0
  SINCE DEC 1      0                         0      0        0
  SINCE JAN 1      0                         0      0        0
..................................................................


WIND (MPH)
  HIGHEST WIND SPEED    24   HIGHEST WIND DIRECTION    SW (210)
  HIGHEST GUST SPEED    32   HIGHEST GUST DIRECTION    SW (210)
  AVERAGE WIND SPEED    11.6


SKY COVER
  POSSIBLE SUNSHINE  MM
  AVERAGE SKY COVER 0.8


WEATHER CONDITIONS
 THE FOLLOWING WEATHER WAS RECORDED YESTERDAY.
  RAIN
  LIGHT RAIN
  FOG


RELATIVE HUMIDITY (PERCENT)
 HIGHEST    86           400 AM
 LOWEST     61           200 PM
 AVERAGE    74

..........................................................


THE KENNEDY NY CLIMATE NORMALS FOR TODAY
                         NORMAL    RECORD    YEAR
 MAXIMUM TEMPERATURE (F)   39        60      1975
 MINIMUM TEMPERATURE (F)   26         3      1968


SUNRISE AND SUNSET
JANUARY 12 2017.......SUNRISE   718 AM EST   SUNSET   450 PM EST
JANUARY 13 2017.......SUNRISE   718 AM EST   SUNSET   451 PM EST


-  INDICATES NEGATIVE NUMBERS.
R  INDICATES RECORD WAS SET OR TIED.
MM INDICATES DATA IS MISSING.
T  INDICATES TRACE AMOUNT.




$$
