000
CDUS41 KOKX 092047
CLIJFK


CLIMATE REPORT
NATIONAL WEATHER SERVICE NEW YORK NY
447 PM EDT SAT APR 9 2016


...................................

...THE KENNEDY NY CLIMATE SUMMARY FOR APRIL 9 2016...
VALID TODAY AS OF 0400 PM LOCAL TIME.

CLIMATE NORMAL PERIOD 1981 TO 2010
CLIMATE RECORD PERIOD 1949 TO 2016


WEATHER ITEM   OBSERVED TIME   RECORD YEAR NORMAL DEPARTURE LAST
                VALUE   (LST)  VALUE       VALUE  FROM      YEAR
                                                  NORMAL
..................................................................
TEMPERATURE (F)
 TODAY
  MAXIMUM         45   1056 AM  83    2013  57    -12       44
  MINIMUM         33    527 AM  26    1977  42     -9       38
  AVERAGE         39                        49    -10       41

PRECIPITATION (IN)
  TODAY            0.07          3.15 1980   0.14  -0.07      T
  MONTH TO DATE    0.84                      1.21  -0.37     0.15
  SINCE MAR 1      2.23                      4.99  -2.76     5.03
  SINCE JAN 1     10.87                     10.74   0.13    12.69

SNOWFALL (IN)
  TODAY            T             3.1  1996   0.0    0.0      0.0
  MONTH TO DATE    T                         0.4   -0.4      0.0
  SINCE OCT 1     41.4                      23.4   18.0     44.2
  SINCE JUL 1     41.4                      23.4   18.0     44.2
  SNOW DEPTH       0

DEGREE DAYS
 HEATING
  TODAY           26                        16     10       24
  MONTH TO DATE  178                       156     22      156
  SINCE MAR 1    711                       881   -170      993
  SINCE JUL 1   3465                      4392   -927     4685

 COOLING
  TODAY            0                         0      0        0
  MONTH TO DATE    0                         0      0        0
  SINCE MAR 1      0                         0      0        0
  SINCE JAN 1      0                         0      0        0
..................................................................


WIND (MPH)
  HIGHEST WIND SPEED    17   HIGHEST WIND DIRECTION     N (360)
  HIGHEST GUST SPEED    24   HIGHEST GUST DIRECTION     E (90)
  AVERAGE WIND SPEED     7.3


SKY COVER
  AVERAGE SKY COVER 0.7


WEATHER CONDITIONS
 THE FOLLOWING WEATHER WAS RECORDED TODAY.
  LIGHT RAIN
  SNOW
  FOG


RELATIVE HUMIDITY (PERCENT)
 HIGHEST    85           300 PM
 LOWEST     48           100 AM
 AVERAGE    67

..........................................................


THE KENNEDY NY CLIMATE NORMALS FOR TOMORROW
                         NORMAL    RECORD    YEAR
 MAXIMUM TEMPERATURE (F)   57        72      2008
                                             1991
 MINIMUM TEMPERATURE (F)   42        28      1997


SUNRISE AND SUNSET
APRIL  9 2016.........SUNRISE   625 AM EDT   SUNSET   729 PM EDT
APRIL 10 2016.........SUNRISE   624 AM EDT   SUNSET   730 PM EDT


-  INDICATES NEGATIVE NUMBERS.
R  INDICATES RECORD WAS SET OR TIED.
MM INDICATES DATA IS MISSING.
T  INDICATES TRACE AMOUNT.




$$
