000
CDUS41 KOKX 050630
CLIJFK

CLIMATE REPORT
NATIONAL WEATHER SERVICE NEW YORK NY
222 AM EDT SUN JUL 5 2015


...................................

...THE KENNEDY NY CLIMATE SUMMARY FOR JULY 4 2015...

CLIMATE NORMAL PERIOD 1981 TO 2010
CLIMATE RECORD PERIOD 1949 TO 2015


WEATHER ITEM   OBSERVED TIME   RECORD YEAR NORMAL DEPARTURE LAST
                VALUE   (LST)  VALUE       VALUE  FROM      YEAR
                                                  NORMAL
..................................................................
TEMPERATURE (F)
 YESTERDAY
  MAXIMUM         80    529 PM 101    2010  83     -3       76
                                      1966
  MINIMUM         67   1144 PM  59    1986  68     -1       66
  AVERAGE         74                        75     -1       71

PRECIPITATION (IN)
  YESTERDAY        0.01          3.06 1981   0.11  -0.10     0.32
  MONTH TO DATE    0.30                      0.46  -0.16     1.19
  SINCE JUN 1      5.29                      4.32   0.97     3.80
  SINCE JAN 1     19.90                     21.66  -1.76    26.24

SNOWFALL (IN)
  YESTERDAY        0.0          MM      MM   0.0    0.0      0.0
  MONTH TO DATE    0.0                       0.0    0.0      0.0
  SINCE OCT 1     44.2                      23.8   20.4     45.6
  SINCE JUL 1      0.0                       0.0    0.0      0.0
  SNOW DEPTH       0

DEGREE DAYS
 HEATING
  YESTERDAY        0                         0      0        0
  MONTH TO DATE    0                         0      0        0
  SINCE JUN 1     29                        21      8        0
  SINCE JUL 1      0                         0      0        0

 COOLING
  YESTERDAY        9                        10     -1        6
  MONTH TO DATE   41                        40      1       45
  SINCE JUN 1    266                       223     43      253
  SINCE JAN 1    326                       258     68      285
..................................................................


WIND (MPH)
  HIGHEST WIND SPEED    MM   HIGHEST WIND DIRECTION     MM
  HIGHEST GUST SPEED    MM   HIGHEST GUST DIRECTION     MM
  AVERAGE WIND SPEED    MM


SKY COVER
  POSSIBLE SUNSHINE  MM
  AVERAGE SKY COVER 0.9


WEATHER CONDITIONS
 THE FOLLOWING WEATHER WAS RECORDED YESTERDAY.
  LIGHT RAIN


RELATIVE HUMIDITY (PERCENT)
 HIGHEST    78          1000 PM
 LOWEST     25           500 PM
 AVERAGE    52

..........................................................


THE KENNEDY NY CLIMATE NORMALS FOR TODAY
                         NORMAL    RECORD    YEAR
 MAXIMUM TEMPERATURE (F)   83       102      1999
 MINIMUM TEMPERATURE (F)   68        56      1979


SUNRISE AND SUNSET
JULY  5 2015..........SUNRISE   530 AM EDT   SUNSET   829 PM EDT
JULY  6 2015..........SUNRISE   531 AM EDT   SUNSET   829 PM EDT


-  INDICATES NEGATIVE NUMBERS.
R  INDICATES RECORD WAS SET OR TIED.
MM INDICATES DATA IS MISSING.
T  INDICATES TRACE AMOUNT.




$$
