412
CDUS41 KOKX 182132
CLIJFK


CLIMATE REPORT
NATIONAL WEATHER SERVICE NEW YORK NY
432 PM EST WED JAN 18 2017


...................................

...THE KENNEDY NY CLIMATE SUMMARY FOR JANUARY 18 2017...
VALID TODAY AS OF 0400 PM LOCAL TIME.

CLIMATE NORMAL PERIOD 1981 TO 2010
CLIMATE RECORD PERIOD 1948 TO 2017


WEATHER ITEM   OBSERVED TIME   RECORD YEAR NORMAL DEPARTURE LAST
                VALUE   (LST)  VALUE       VALUE  FROM      YEAR
                                                  NORMAL
..................................................................
TEMPERATURE (F)
 TODAY
  MAXIMUM         42    359 PM  59    1990  39      3       33
                                      1986
  MINIMUM         40    316 AM   0    1982  26     14       20
  AVERAGE         41                        32      9       27

PRECIPITATION (IN)
  TODAY            0.09          1.62 2015   0.10  -0.01      T
  MONTH TO DATE    2.41                      1.91   0.50     1.68
  SINCE DEC 1      5.47                      5.30   0.17     6.47
  SINCE JAN 1      2.41                      1.91   0.50     1.68

SNOWFALL (IN)
  TODAY            0.0           3.0  1984   0.2   -0.2      0.1
  MONTH TO DATE   11.1                       3.6    7.5      0.7
  SINCE OCT 1     14.4                       8.5    5.9      0.8
  SINCE JUL 1     14.4                       8.5    5.9      0.8
  SNOW DEPTH       0

DEGREE DAYS
 HEATING
  TODAY           24                        33     -9       38
  MONTH TO DATE  506                       580    -74      515
  SINCE DEC 1   1288                      1425   -137      960
  SINCE JUL 1   1928                      2249   -321     1551

 COOLING
  TODAY            0                         0      0        0
  MONTH TO DATE    0                         0      0        0
  SINCE DEC 1      0                         0      0        0
  SINCE JAN 1      0                         0      0        0
..................................................................


WIND (MPH)
  HIGHEST WIND SPEED    16   HIGHEST WIND DIRECTION     N (20)
  HIGHEST GUST SPEED    21   HIGHEST GUST DIRECTION    NE (40)
  AVERAGE WIND SPEED    11.3


SKY COVER
  AVERAGE SKY COVER 0.7


WEATHER CONDITIONS
 THE FOLLOWING WEATHER WAS RECORDED TODAY.
  LIGHT RAIN
  FOG


RELATIVE HUMIDITY (PERCENT)
 HIGHEST    86           500 AM
 LOWEST     76           100 PM
 AVERAGE    81

..........................................................


THE KENNEDY NY CLIMATE NORMALS FOR TOMORROW
                         NORMAL    RECORD    YEAR
 MAXIMUM TEMPERATURE (F)   39        58      1972
                                             1949
 MINIMUM TEMPERATURE (F)   26         0      1994


SUNRISE AND SUNSET
JANUARY 18 2017.......SUNRISE   715 AM EST   SUNSET   456 PM EST
JANUARY 19 2017.......SUNRISE   715 AM EST   SUNSET   457 PM EST


-  INDICATES NEGATIVE NUMBERS.
R  INDICATES RECORD WAS SET OR TIED.
MM INDICATES DATA IS MISSING.
T  INDICATES TRACE AMOUNT.




$$
