000
CDUS41 KOKX 180644
CLIJFK


CLIMATE REPORT
NATIONAL WEATHER SERVICE NEW YORK NY
244 AM EDT FRI AUG 18 2017


...................................

...THE KENNEDY NY CLIMATE SUMMARY FOR AUGUST 17 2017...

CLIMATE NORMAL PERIOD 1981 TO 2010
CLIMATE RECORD PERIOD 1948 TO 2017


WEATHER ITEM   OBSERVED TIME   RECORD YEAR NORMAL DEPARTURE LAST
                VALUE   (LST)  VALUE       VALUE  FROM      YEAR
                                                  NORMAL
..................................................................
TEMPERATURE (F)
 YESTERDAY
  MAXIMUM         80    101 PM  94    1978  82     -2       87
  MINIMUM         69    513 AM  56    1979  68      1       77
  AVERAGE         75                        75      0       82

PRECIPITATION (IN)
  YESTERDAY        0.00          2.35 1992   0.12  -0.12     0.01
  MONTH TO DATE    1.38                      2.14  -0.76     0.32
  SINCE JUN 1     10.23                     10.08   0.15     7.99
  SINCE JAN 1     32.13                     27.42   4.71    22.97

SNOWFALL (IN)
  YESTERDAY        0.0          MM      MM   0.0    0.0      0.0
  MONTH TO DATE    0.0                       0.0    0.0      0.0
  SINCE OCT 1     30.9                      23.8    7.1     41.4
  SINCE JUL 1      0.0                       0.0    0.0      0.0
  SNOW DEPTH       0

DEGREE DAYS
 HEATING
  YESTERDAY        0                         0      0        0
  MONTH TO DATE    0                         0      0        0
  SINCE JUN 1     20                        21     -1        3
  SINCE JUL 1      0                         0      0        0

 COOLING
  YESTERDAY       10                        10      0       17
  MONTH TO DATE  174                       181     -7      247
  SINCE JUN 1    743                       701     42      893
  SINCE JAN 1    793                       736     57      944
..................................................................


WIND (MPH)
  HIGHEST WIND SPEED    15   HIGHEST WIND DIRECTION    SE (140)
  HIGHEST GUST SPEED    18   HIGHEST GUST DIRECTION    SE (130)
  AVERAGE WIND SPEED     8.9


SKY COVER
  POSSIBLE SUNSHINE  MM
  AVERAGE SKY COVER 0.7


WEATHER CONDITIONS
 THE FOLLOWING WEATHER WAS RECORDED YESTERDAY.
  FOG


RELATIVE HUMIDITY (PERCENT)
 HIGHEST   100          1100 PM
 LOWEST     52          1000 AM
 AVERAGE    76

..........................................................


THE KENNEDY NY CLIMATE NORMALS FOR TODAY
                         NORMAL    RECORD    YEAR
 MAXIMUM TEMPERATURE (F)   82        93      1995
                                             1987
 MINIMUM TEMPERATURE (F)   68        58      1963


SUNRISE AND SUNSET
AUGUST 18 2017........SUNRISE   609 AM EDT   SUNSET   748 PM EDT
AUGUST 19 2017........SUNRISE   610 AM EDT   SUNSET   747 PM EDT


-  INDICATES NEGATIVE NUMBERS.
R  INDICATES RECORD WAS SET OR TIED.
MM INDICATES DATA IS MISSING.
T  INDICATES TRACE AMOUNT.




$$
