000
CDUS41 KOKX 040619
CLIJFK


CLIMATE REPORT
NATIONAL WEATHER SERVICE NEW YORK NY
119 AM EST THU FEB 4 2016


...................................

...THE KENNEDY NY CLIMATE SUMMARY FOR FEBRUARY 3 2016...

CLIMATE NORMAL PERIOD 1981 TO 2010
CLIMATE RECORD PERIOD 1949 TO 2016


WEATHER ITEM   OBSERVED TIME   RECORD YEAR NORMAL DEPARTURE LAST
                VALUE   (LST)  VALUE       VALUE  FROM      YEAR
                                                  NORMAL
..................................................................
TEMPERATURE (F)
 YESTERDAY
  MAXIMUM         56    847 PM  62    1991  40     16       26
  MINIMUM         39   1256 AM   6    1961  27     12       14
  AVERAGE         48                        33     15       20

PRECIPITATION (IN)
  YESTERDAY        0.44          1.44 1972   0.09   0.35     0.00
  MONTH TO DATE    0.44                      0.27   0.17     1.21
  SINCE DEC 1      9.82                      6.82   3.00    13.56
  SINCE JAN 1      5.03                      3.43   1.60     6.52

SNOWFALL (IN)
  YESTERDAY        0.0           6.7  2014   0.3   -0.3      0.0
  MONTH TO DATE    0.0                       0.9   -0.9      4.5
  SINCE OCT 1     31.4                      12.1   19.3     22.0
  SINCE JUL 1     31.4                      12.1   19.3     22.0
  SNOW DEPTH       0

DEGREE DAYS
 HEATING
  YESTERDAY       17                        32    -15       45
  MONTH TO DATE   53                        96    -43      121
  SINCE DEC 1   1430                      1942   -512     1901
  SINCE JUL 1   2021                      2766   -745     2685

 COOLING
  YESTERDAY        0                         0      0        0
  MONTH TO DATE    0                         0      0        0
  SINCE DEC 1      0                         0      0        0
  SINCE JAN 1      0                         0      0        0
..................................................................


WIND (MPH)
  HIGHEST WIND SPEED    37   HIGHEST WIND DIRECTION     S (170)
  HIGHEST GUST SPEED    45   HIGHEST GUST DIRECTION     S (170)
  AVERAGE WIND SPEED    16.1


SKY COVER
  POSSIBLE SUNSHINE  MM
  AVERAGE SKY COVER 1.0


WEATHER CONDITIONS
 THE FOLLOWING WEATHER WAS RECORDED YESTERDAY.
  HEAVY RAIN
  RAIN
  LIGHT RAIN
  FOG


RELATIVE HUMIDITY (PERCENT)
 HIGHEST    96           800 PM
 LOWEST     73           200 AM
 AVERAGE    85

..........................................................


THE KENNEDY NY CLIMATE NORMALS FOR TODAY
                         NORMAL    RECORD    YEAR
 MAXIMUM TEMPERATURE (F)   40        68      1991
 MINIMUM TEMPERATURE (F)   27         9      1996


SUNRISE AND SUNSET
FEBRUARY  4 2016......SUNRISE   702 AM EST   SUNSET   516 PM EST
FEBRUARY  5 2016......SUNRISE   701 AM EST   SUNSET   517 PM EST


-  INDICATES NEGATIVE NUMBERS.
R  INDICATES RECORD WAS SET OR TIED.
MM INDICATES DATA IS MISSING.
T  INDICATES TRACE AMOUNT.




$$
