000
CDUS41 KOKX 042031
CLIJFK


CLIMATE REPORT
NATIONAL WEATHER SERVICE NEW YORK NY
431 PM EDT SAT NOV 4 2017


...................................

...THE KENNEDY NY CLIMATE SUMMARY FOR NOVEMBER 4 2017...
VALID TODAY AS OF 0400 PM LOCAL TIME.

CLIMATE NORMAL PERIOD 1981 TO 2010
CLIMATE RECORD PERIOD 1948 TO 2017


WEATHER ITEM   OBSERVED TIME   RECORD YEAR NORMAL DEPARTURE LAST
                VALUE   (LST)  VALUE       VALUE  FROM      YEAR
                                                  NORMAL
..................................................................
TEMPERATURE (F)
 TODAY
  MAXIMUM         57    202 PM  77    1975  58     -1       63
  MINIMUM         44    635 AM  34    2013  44      0       49
                                      2006
                                      1966
  AVERAGE         51                        51      0       56

PRECIPITATION (IN)
  TODAY            0.00          1.33 2004   0.10  -0.10     0.00
  MONTH TO DATE    T                         0.43  -0.43      T
  SINCE SEP 1      6.41                      7.55  -1.14     6.20
  SINCE JAN 1     39.66                     36.51   3.15    29.47

SNOWFALL (IN)
  TODAY            0.0          MM      MM   0.0    0.0      0.0
  MONTH TO DATE    0.0                       0.0    0.0      0.0
  SINCE OCT 1      0.0                       0.0    0.0      0.0
  SINCE JUL 1      0.0                       0.0    0.0      0.0
  SNOW DEPTH       0

DEGREE DAYS
 HEATING
  TODAY           14                        14      0        9
  MONTH TO DATE   32                        54    -22       28
  SINCE SEP 1    157                       352   -195      242
  SINCE JUL 1    157                       353   -196      242

 COOLING
  TODAY            0                         0      0        0
  MONTH TO DATE    1                         0      1        0
  SINCE SEP 1    251                       144    107      225
  SINCE JAN 1   1174                      1005    169     1362
..................................................................


WIND (MPH)
  HIGHEST WIND SPEED    21   HIGHEST WIND DIRECTION     N (360)
  HIGHEST GUST SPEED    26   HIGHEST GUST DIRECTION     N (360)
  AVERAGE WIND SPEED     8.9


SKY COVER
  AVERAGE SKY COVER 0.7


WEATHER CONDITIONS
 THE FOLLOWING WEATHER WAS RECORDED TODAY.
  NO SIGNIFICANT WEATHER WAS OBSERVED.


RELATIVE HUMIDITY (PERCENT)
 HIGHEST    76           700 AM
 LOWEST     47          1200 PM
 AVERAGE    62

..........................................................


THE KENNEDY NY CLIMATE NORMALS FOR TOMORROW
                         NORMAL    RECORD    YEAR
 MAXIMUM TEMPERATURE (F)   58        75      1975
 MINIMUM TEMPERATURE (F)   44        32      1965


SUNRISE AND SUNSET
NOVEMBER  4 2017......SUNRISE   729 AM EDT   SUNSET   548 PM EDT
NOVEMBER  5 2017......SUNRISE   630 AM EST   SUNSET   447 PM EST


-  INDICATES NEGATIVE NUMBERS.
R  INDICATES RECORD WAS SET OR TIED.
MM INDICATES DATA IS MISSING.
T  INDICATES TRACE AMOUNT.




$$
