806
CDUS41 KOKX 230619
CLIJFK


CLIMATE REPORT
NATIONAL WEATHER SERVICE NEW YORK NY
118 AM EST WED NOV 23 2016


...................................

...THE KENNEDY NY CLIMATE SUMMARY FOR NOVEMBER 22 2016...

CLIMATE NORMAL PERIOD 1981 TO 2010
CLIMATE RECORD PERIOD 1948 TO 2016


WEATHER ITEM   OBSERVED TIME   RECORD YEAR NORMAL DEPARTURE LAST
                VALUE   (LST)  VALUE       VALUE  FROM      YEAR
                                                  NORMAL
..................................................................
TEMPERATURE (F)
 YESTERDAY
  MAXIMUM         44    202 PM  67    1983  52     -8       58
  MINIMUM         38    835 PM  20    1987  39     -1       44
  AVERAGE         41                        46     -5       51

PRECIPITATION (IN)
  YESTERDAY        T             1.50 2011   0.12  -0.12     0.00
  MONTH TO DATE    1.58                      2.36  -0.78     1.18
  SINCE SEP 1      7.78                      9.48  -1.70     7.96
  SINCE JAN 1     31.05                     38.44  -7.39    33.50

SNOWFALL (IN)
  YESTERDAY        T             0.5  1989   0.1   -0.1      0.0
  MONTH TO DATE    T                         0.1   -0.1      0.0
  SINCE OCT 1      T                         0.1   -0.1      0.0
  SINCE JUL 1      T                         0.1   -0.1      0.0
  SNOW DEPTH       0

DEGREE DAYS
 HEATING
  YESTERDAY       24                        20      4       14
  MONTH TO DATE  295                       358    -63      215
  SINCE SEP 1    509                       656   -147      437
  SINCE JUL 1    509                       657   -148      437

 COOLING
  YESTERDAY        0                         0      0        0
  MONTH TO DATE    0                         0      0        4
  SINCE SEP 1    225                       144     81      254
  SINCE JAN 1   1362                      1005    357     1387
..................................................................


WIND (MPH)
  HIGHEST WIND SPEED    35   HIGHEST WIND DIRECTION    NW (310)
  HIGHEST GUST SPEED    43   HIGHEST GUST DIRECTION    NW (320)
  AVERAGE WIND SPEED    23.2


SKY COVER
  POSSIBLE SUNSHINE  MM
  AVERAGE SKY COVER 0.6


WEATHER CONDITIONS
 THE FOLLOWING WEATHER WAS RECORDED YESTERDAY.
  LIGHT SNOW
  HAZE


RELATIVE HUMIDITY (PERCENT)
 HIGHEST    54          1100 PM
 LOWEST     36          1000 AM
 AVERAGE    45

..........................................................


THE KENNEDY NY CLIMATE NORMALS FOR TODAY
                         NORMAL    RECORD    YEAR
 MAXIMUM TEMPERATURE (F)   52        71      1992
 MINIMUM TEMPERATURE (F)   39        25      2008
                                             2000
                                             1972


SUNRISE AND SUNSET
NOVEMBER 23 2016......SUNRISE   651 AM EST   SUNSET   432 PM EST
NOVEMBER 24 2016......SUNRISE   653 AM EST   SUNSET   431 PM EST


-  INDICATES NEGATIVE NUMBERS.
R  INDICATES RECORD WAS SET OR TIED.
MM INDICATES DATA IS MISSING.
T  INDICATES TRACE AMOUNT.




$$
