000
CDUS41 KOKX 070634
CLIJFK


CLIMATE REPORT
NATIONAL WEATHER SERVICE NEW YORK NY
134 AM EST SAT JAN 7 2017


...................................

...THE KENNEDY NY CLIMATE SUMMARY FOR JANUARY 6 2017...

CLIMATE NORMAL PERIOD 1981 TO 2010
CLIMATE RECORD PERIOD 1948 TO 2017


WEATHER ITEM   OBSERVED TIME   RECORD YEAR NORMAL DEPARTURE LAST
                VALUE   (LST)  VALUE       VALUE  FROM      YEAR
                                                  NORMAL
..................................................................
TEMPERATURE (F)
 YESTERDAY
  MAXIMUM         36    226 PM  71    2007  39     -3       40
  MINIMUM         27   1159 PM   9    1996  27      0       21
                                      1988
  AVERAGE         32                        33     -1       31

PRECIPITATION (IN)
  YESTERDAY        0.03          1.36 1962   0.11  -0.08     0.00
  MONTH TO DATE    0.80                      0.64   0.16     0.00
  SINCE DEC 1      3.86                      4.03  -0.17     4.79
  SINCE JAN 1      0.80                      0.64   0.16     0.00

SNOWFALL (IN)
  YESTERDAY        1.1           4.7  1989   0.2    0.9      0.0
  MONTH TO DATE    1.1                       1.2   -0.1      0.0
  SINCE OCT 1      4.4                       6.1   -1.7      0.1
  SINCE JUL 1      4.4                       6.1   -1.7      0.1
  SNOW DEPTH       1

DEGREE DAYS
 HEATING
  YESTERDAY       33                        32      1       34
  MONTH TO DATE  155                       190    -35      191
  SINCE DEC 1    937                      1035    -98      636
  SINCE JUL 1   1577                      1859   -282     1227

 COOLING
  YESTERDAY        0                         0      0        0
  MONTH TO DATE    0                         0      0        0
  SINCE DEC 1      0                         0      0        0
  SINCE JAN 1      0                         0      0        0
..................................................................


WIND (MPH)
  HIGHEST WIND SPEED    17   HIGHEST WIND DIRECTION    NW (330)
  HIGHEST GUST SPEED    25   HIGHEST GUST DIRECTION    NW (310)
  AVERAGE WIND SPEED     8.7


SKY COVER
  POSSIBLE SUNSHINE  MM
  AVERAGE SKY COVER 0.8


WEATHER CONDITIONS
 THE FOLLOWING WEATHER WAS RECORDED YESTERDAY.
  LIGHT SNOW


RELATIVE HUMIDITY (PERCENT)
 HIGHEST    85           300 AM
 LOWEST     35           400 PM
 AVERAGE    60

..........................................................


THE KENNEDY NY CLIMATE NORMALS FOR TODAY
                         NORMAL    RECORD    YEAR
 MAXIMUM TEMPERATURE (F)   39        61      2012
 MINIMUM TEMPERATURE (F)   27         6      2014


SUNRISE AND SUNSET
JANUARY  7 2017.......SUNRISE   719 AM EST   SUNSET   444 PM EST
JANUARY  8 2017.......SUNRISE   719 AM EST   SUNSET   445 PM EST


-  INDICATES NEGATIVE NUMBERS.
R  INDICATES RECORD WAS SET OR TIED.
MM INDICATES DATA IS MISSING.
T  INDICATES TRACE AMOUNT.




$$
