000
CDUS41 KOKX 030617
CLIJFK


CLIMATE REPORT
NATIONAL WEATHER SERVICE NEW YORK NY
216 AM EDT SUN SEP 3 2017


...................................

...THE KENNEDY NY CLIMATE SUMMARY FOR SEPTEMBER 2 2017...

CLIMATE NORMAL PERIOD 1981 TO 2010
CLIMATE RECORD PERIOD 1948 TO 2017


WEATHER ITEM   OBSERVED TIME   RECORD YEAR NORMAL DEPARTURE LAST
                VALUE   (LST)  VALUE       VALUE  FROM      YEAR
                                                  NORMAL
..................................................................
TEMPERATURE (F)
 YESTERDAY
  MAXIMUM         68    128 PM  93    1973  79    -11       80
                                      1961
  MINIMUM         54    535 AM  53    1949  65    -11       67
  AVERAGE         61                        72    -11       74

PRECIPITATION (IN)
  YESTERDAY        0.54          2.28 2002   0.11   0.43     0.00
  MONTH TO DATE    0.54                      0.22   0.32     0.50
  SINCE SEP 1      0.54                      0.22   0.32     0.50
  SINCE JAN 1     33.79                     29.18   4.61    23.77

SNOWFALL (IN)
  YESTERDAY        0.0          MM      MM   0.0    0.0      0.0
  MONTH TO DATE    0.0                       0.0    0.0      0.0
  SINCE OCT 1     30.9                      23.8    7.1     41.4
  SINCE JUL 1      0.0                       0.0    0.0      0.0
  SNOW DEPTH       0

DEGREE DAYS
 HEATING
  YESTERDAY        4                         0      4        0
  MONTH TO DATE    4                         0      4        0
  SINCE SEP 1      4                         0      4        0
  SINCE JUL 1      4                         1      3        0

 COOLING
  YESTERDAY        0                         7     -7        9
  MONTH TO DATE    0                        15    -15       19
  SINCE SEP 1      0                        15    -15       19
  SINCE JAN 1    923                       876     47     1156
..................................................................


WIND (MPH)
  HIGHEST WIND SPEED    20   HIGHEST WIND DIRECTION     E (90)
  HIGHEST GUST SPEED    26   HIGHEST GUST DIRECTION     E (100)
  AVERAGE WIND SPEED     9.8


SKY COVER
  POSSIBLE SUNSHINE  MM
  AVERAGE SKY COVER 0.8


WEATHER CONDITIONS
 THE FOLLOWING WEATHER WAS RECORDED YESTERDAY.
  RAIN
  LIGHT RAIN
  FOG


RELATIVE HUMIDITY (PERCENT)
 HIGHEST   100           900 PM
 LOWEST     51           100 AM
 AVERAGE    76

..........................................................


THE KENNEDY NY CLIMATE NORMALS FOR TODAY
                         NORMAL    RECORD    YEAR
 MAXIMUM TEMPERATURE (F)   79        93      2015
                                             1993
 MINIMUM TEMPERATURE (F)   65        52      1967


SUNRISE AND SUNSET
SEPTEMBER  3 2017.....SUNRISE   624 AM EDT   SUNSET   724 PM EDT
SEPTEMBER  4 2017.....SUNRISE   625 AM EDT   SUNSET   722 PM EDT


-  INDICATES NEGATIVE NUMBERS.
R  INDICATES RECORD WAS SET OR TIED.
MM INDICATES DATA IS MISSING.
T  INDICATES TRACE AMOUNT.




$$
