000
CDUS41 KOKX 140620
CLIJFK


CLIMATE REPORT
NATIONAL WEATHER SERVICE NEW YORK NY
219 AM EDT SUN MAY 14 2017


...................................

...THE KENNEDY NY CLIMATE SUMMARY FOR MAY 13 2017...

CLIMATE NORMAL PERIOD 1981 TO 2010
CLIMATE RECORD PERIOD 1948 TO 2017


WEATHER ITEM   OBSERVED TIME   RECORD YEAR NORMAL DEPARTURE LAST
                VALUE   (LST)  VALUE       VALUE  FROM      YEAR
                                                  NORMAL
..................................................................
TEMPERATURE (F)
 YESTERDAY
  MAXIMUM         53   1215 AM  82    2004  68    -15       65
  MINIMUM         47   1054 PM  42    1962  52     -5       52
  AVERAGE         50                        60    -10       59

PRECIPITATION (IN)
  YESTERDAY        1.65R         1.09 1959   0.12   1.53     0.25
  MONTH TO DATE    3.50                      1.51   1.99     2.13
  SINCE MAR 1     13.35                      9.16   4.19     4.76
  SINCE JAN 1     19.57                     14.91   4.66    13.40

SNOWFALL (IN)
  YESTERDAY        0.0          MM      MM   0.0    0.0      0.0
  MONTH TO DATE    0.0                       0.0    0.0      0.0
  SINCE OCT 1     30.9                      23.8    7.1     41.4
  SINCE JUL 1     30.9                      23.8    7.1     41.4
  SNOW DEPTH       0

DEGREE DAYS
 HEATING
  YESTERDAY       15                         6      9        6
  MONTH TO DATE  120                        98     22      133
  SINCE MAR 1   1208                      1238    -30     1077
  SINCE JUL 1   4126                      4749   -623     3831

 COOLING
  YESTERDAY        0                         1     -1        0
  MONTH TO DATE    3                         4     -1        0
  SINCE MAR 1     15                         7      8        0
  SINCE JAN 1     15                         7      8        0
..................................................................


WIND (MPH)
  HIGHEST WIND SPEED    28   HIGHEST WIND DIRECTION    NE (40)
  HIGHEST GUST SPEED    37   HIGHEST GUST DIRECTION    NE (30)
  AVERAGE WIND SPEED    14.7


SKY COVER
  POSSIBLE SUNSHINE  MM
  AVERAGE SKY COVER 1.0


WEATHER CONDITIONS
 THE FOLLOWING WEATHER WAS RECORDED YESTERDAY.
  HEAVY RAIN
  RAIN
  LIGHT RAIN
  FOG


RELATIVE HUMIDITY (PERCENT)
 HIGHEST   100           900 AM
 LOWEST     77          1200 AM
 AVERAGE    89

..........................................................


THE KENNEDY NY CLIMATE NORMALS FOR TODAY
                         NORMAL    RECORD    YEAR
 MAXIMUM TEMPERATURE (F)   68        87      1991
 MINIMUM TEMPERATURE (F)   52        39      1987


SUNRISE AND SUNSET
MAY 14 2017...........SUNRISE   539 AM EDT   SUNSET   805 PM EDT
MAY 15 2017...........SUNRISE   538 AM EDT   SUNSET   805 PM EDT


-  INDICATES NEGATIVE NUMBERS.
R  INDICATES RECORD WAS SET OR TIED.
MM INDICATES DATA IS MISSING.
T  INDICATES TRACE AMOUNT.




$$
