000
CDUS41 KOKX 312141
CLIJFK


CLIMATE REPORT
NATIONAL WEATHER SERVICE NEW YORK NY
441 PM EST SUN JAN 31 2016


...................................

...THE KENNEDY NY CLIMATE SUMMARY FOR JANUARY 31 2016...
VALID TODAY AS OF 0400 PM LOCAL TIME.

CLIMATE NORMAL PERIOD 1981 TO 2010
CLIMATE RECORD PERIOD 1949 TO 2016


WEATHER ITEM   OBSERVED TIME   RECORD YEAR NORMAL DEPARTURE LAST
                VALUE   (LST)  VALUE       VALUE  FROM      YEAR
                                                  NORMAL
..................................................................
TEMPERATURE (F)
 TODAY
  MAXIMUM         48    356 PM  58    1974  40      8       27
  MINIMUM         33    445 AM  10    1977  26      7       14
  AVERAGE         41                        33      8       21

PRECIPITATION (IN)
  TODAY            0.00          0.57 1949   0.10  -0.10     0.00
  MONTH TO DATE    4.59                      3.16   1.43     5.31
  SINCE DEC 1      9.38                      6.55   2.83    12.35
  SINCE JAN 1      4.59                      3.16   1.43     5.31

SNOWFALL (IN)
  TODAY            0.0           3.0  1949   0.2   -0.2      0.0
  MONTH TO DATE   31.3                       6.3   25.0     17.1
  SINCE OCT 1     31.4                      11.2   20.2     17.5
  SINCE JUL 1     31.4                      11.2   20.2     17.5
  SNOW DEPTH       4

DEGREE DAYS
 HEATING
  TODAY           24                        32     -8       44
  MONTH TO DATE  932                      1003    -71     1058
  SINCE DEC 1   1377                      1846   -469     1780
  SINCE JUL 1   1968                      2670   -702     2564

 COOLING
  TODAY            0                         0      0        0
  MONTH TO DATE    0                         0      0        0
  SINCE DEC 1      0                         0      0        0
  SINCE JAN 1      0                         0      0        0
..................................................................


WIND (MPH)
  HIGHEST WIND SPEED    14   HIGHEST WIND DIRECTION    SW (210)
  HIGHEST GUST SPEED    17   HIGHEST GUST DIRECTION    SW (230)
  AVERAGE WIND SPEED     8.1


SKY COVER
  AVERAGE SKY COVER 0.7


WEATHER CONDITIONS
 THE FOLLOWING WEATHER WAS RECORDED TODAY.
  NO SIGNIFICANT WEATHER WAS OBSERVED.


RELATIVE HUMIDITY (PERCENT)
 HIGHEST    82           400 AM
 LOWEST     49           100 PM
 AVERAGE    66

..........................................................


THE KENNEDY NY CLIMATE NORMALS FOR TOMORROW
                         NORMAL    RECORD    YEAR
 MAXIMUM TEMPERATURE (F)   40        64      2012
 MINIMUM TEMPERATURE (F)   27         4      1961


SUNRISE AND SUNSET
JANUARY 31 2016.......SUNRISE   706 AM EST   SUNSET   511 PM EST
FEBRUARY  1 2016......SUNRISE   705 AM EST   SUNSET   512 PM EST


-  INDICATES NEGATIVE NUMBERS.
R  INDICATES RECORD WAS SET OR TIED.
MM INDICATES DATA IS MISSING.
T  INDICATES TRACE AMOUNT.




$$
