000
CDUS41 KOKX 100634
CLIJFK


CLIMATE REPORT
NATIONAL WEATHER SERVICE NEW YORK NY
233 AM EDT FRI OCT 10 2014


...................................

...THE KENNEDY NY CLIMATE SUMMARY FOR OCTOBER 9 2014...

CLIMATE NORMAL PERIOD 1981 TO 2010
CLIMATE RECORD PERIOD 1949 TO 2014


WEATHER ITEM   OBSERVED TIME   RECORD YEAR NORMAL DEPARTURE LAST
                VALUE   (LST)  VALUE       VALUE  FROM      YEAR
                                                  NORMAL
..................................................................
TEMPERATURE (F)
 YESTERDAY
  MAXIMUM         69    508 PM  87    2011  67      2       65
  MINIMUM         56    137 AM  35    2001  52      4       53
  AVERAGE         63                        59      4       59

PRECIPITATION (IN)
  YESTERDAY        0.00          1.22 1977   0.13  -0.13     0.00
  MONTH TO DATE    0.74                      1.11  -0.37     0.27
  SINCE SEP 1      2.17                      4.61  -2.44     2.19
  SINCE JAN 1     36.28                     33.57   2.71    28.38

SNOWFALL (IN)
  YESTERDAY        0.0          MM      MM   0.0    0.0      0.0
  MONTH TO DATE    0.0                       0.0    0.0      0.0
  SINCE OCT 1      0.0                       0.0    0.0      0.0
  SINCE JUL 1      0.0                       0.0    0.0      0.0
  SNOW DEPTH       0

DEGREE DAYS
 HEATING
  YESTERDAY        2                         6     -4        6
  MONTH TO DATE   26                        46    -20        9
  SINCE SEP 1     45                        84    -39       54
  SINCE JUL 1     45                        85    -40       54

 COOLING
  YESTERDAY        0                         1     -1        0
  MONTH TO DATE    9                         9      0       35
  SINCE SEP 1    173                       139     34      148
  SINCE JAN 1   1036                      1000     36     1107
..................................................................


WIND (MPH)
  HIGHEST WIND SPEED    24   HIGHEST WIND DIRECTION    SW (230)
  HIGHEST GUST SPEED    28   HIGHEST GUST DIRECTION    SW (230)
  AVERAGE WIND SPEED    14.1


SKY COVER
  POSSIBLE SUNSHINE  MM
  AVERAGE SKY COVER 0.5


WEATHER CONDITIONS
 THE FOLLOWING WEATHER WAS RECORDED YESTERDAY.
  NO SIGNIFICANT WEATHER WAS OBSERVED.


RELATIVE HUMIDITY (PERCENT)
 HIGHEST    57           200 AM
 LOWEST     30           500 PM
 AVERAGE    44

..........................................................


THE KENNEDY NY CLIMATE NORMALS FOR TODAY
                         NORMAL    RECORD    YEAR
 MAXIMUM TEMPERATURE (F)   67        86      1997
 MINIMUM TEMPERATURE (F)   52        35      1979


SUNRISE AND SUNSET
OCTOBER 10 2014.......SUNRISE   701 AM EDT   SUNSET   623 PM EDT
OCTOBER 11 2014.......SUNRISE   702 AM EDT   SUNSET   621 PM EDT


-  INDICATES NEGATIVE NUMBERS.
R  INDICATES RECORD WAS SET OR TIED.
MM INDICATES DATA IS MISSING.
T  INDICATES TRACE AMOUNT.




$$
