000
CDUS41 KOKX 220618
CLIJFK


CLIMATE REPORT
NATIONAL WEATHER SERVICE NEW YORK NY
217 AM EDT FRI AUG 22 2014


...................................

...THE KENNEDY NY CLIMATE SUMMARY FOR AUGUST 21 2014...

CLIMATE NORMAL PERIOD 1981 TO 2010
CLIMATE RECORD PERIOD 1949 TO 2014


WEATHER ITEM   OBSERVED TIME   RECORD YEAR NORMAL DEPARTURE LAST
                VALUE   (LST)  VALUE       VALUE  FROM      YEAR
                                                  NORMAL
..................................................................
TEMPERATURE (F)
 YESTERDAY
  MAXIMUM         79    127 PM  91    2005  82     -3       88
                                      1968
  MINIMUM         67   1159 PM  50    1977  68     -1       69
  AVERAGE         73                        74     -1       79

PRECIPITATION (IN)
  YESTERDAY        0.21          2.06 2011   0.11   0.10     0.00
  MONTH TO DATE    3.96                      2.60   1.36     2.60
  SINCE JUN 1     11.40                     10.54   0.86    12.81
  SINCE JAN 1     33.84                     27.88   5.96    26.06

SNOWFALL (IN)
  YESTERDAY        0.0          MM      MM   0.0    0.0      0.0
  MONTH TO DATE    0.0                       0.0    0.0      0.0
  SINCE OCT 1     45.6                      23.8   21.8     17.6
  SINCE JUL 1      0.0                       0.0    0.0      0.0
  SNOW DEPTH       0

DEGREE DAYS
 HEATING
  YESTERDAY        0                         0      0        0
  MONTH TO DATE    0                         0      0        0
  SINCE JUN 1      0                        21    -21       10
  SINCE JUL 1      0                         0      0        0

 COOLING
  YESTERDAY        8                        10     -2       14
  MONTH TO DATE  201                       221    -20      188
  SINCE JUN 1    742                       741      1      823
  SINCE JAN 1    774                       776     -2      849
..................................................................


WIND (MPH)
  HIGHEST WIND SPEED    15   HIGHEST WIND DIRECTION     S (160)
  HIGHEST GUST SPEED    18   HIGHEST GUST DIRECTION     S (160)
  AVERAGE WIND SPEED     7.2


SKY COVER
  POSSIBLE SUNSHINE  MM
  AVERAGE SKY COVER 0.8


WEATHER CONDITIONS
 THE FOLLOWING WEATHER WAS RECORDED YESTERDAY.
  THUNDERSTORM
  HEAVY RAIN
  RAIN
  LIGHT RAIN
  FOG


RELATIVE HUMIDITY (PERCENT)
 HIGHEST    79           900 PM
 LOWEST     47           400 PM
 AVERAGE    63

..........................................................


THE KENNEDY NY CLIMATE NORMALS FOR TODAY
                         NORMAL    RECORD    YEAR
 MAXIMUM TEMPERATURE (F)   81        93      1976
 MINIMUM TEMPERATURE (F)   67        56      1982


SUNRISE AND SUNSET
AUGUST 22 2014........SUNRISE   612 AM EDT   SUNSET   743 PM EDT
AUGUST 23 2014........SUNRISE   613 AM EDT   SUNSET   741 PM EDT


-  INDICATES NEGATIVE NUMBERS.
R  INDICATES RECORD WAS SET OR TIED.
MM INDICATES DATA IS MISSING.
T  INDICATES TRACE AMOUNT.




$$
