000
CDUS41 KOKX 130624
CLIJFK


CLIMATE REPORT
NATIONAL WEATHER SERVICE NEW YORK NY
223 AM EDT TUE JUN 13 2017


...................................

...THE KENNEDY NY CLIMATE SUMMARY FOR JUNE 12 2017...

CLIMATE NORMAL PERIOD 1981 TO 2010
CLIMATE RECORD PERIOD 1948 TO 2017


WEATHER ITEM   OBSERVED TIME   RECORD YEAR NORMAL DEPARTURE LAST
                VALUE   (LST)  VALUE       VALUE  FROM      YEAR
                                                  NORMAL
..................................................................
TEMPERATURE (F)
 YESTERDAY
  MAXIMUM         92R   110 PM  91    1970  77     15       87
  MINIMUM         69    441 AM  49    1980  62      7       63
  AVERAGE         81                        70     11       75

PRECIPITATION (IN)
  YESTERDAY        0.00          2.32 1975   0.14  -0.14     0.00
  MONTH TO DATE    0.56                      1.71  -1.15     1.34
  SINCE JUN 1      0.56                      1.71  -1.15     1.34
  SINCE JAN 1     22.46                     19.05   3.41    16.32

SNOWFALL (IN)
  YESTERDAY        0.0          MM      MM   0.0    0.0      0.0
  MONTH TO DATE    0.0                       0.0    0.0      0.0
  SINCE OCT 1     30.9                      23.8    7.1     41.4
  SINCE JUL 1     30.9                      23.8    7.1     41.4
  SNOW DEPTH       0

DEGREE DAYS
 HEATING
  YESTERDAY        0                         1     -1        0
  MONTH TO DATE   20                        17      3        3
  SINCE JUN 1     20                        17      3        3
  SINCE JUL 1   4197                      4835   -638     3893

 COOLING
  YESTERDAY       16                         5     11       10
  MONTH TO DATE   48                        47      1       65
  SINCE JUN 1     48                        47      1       65
  SINCE JAN 1     98                        82     16      116
..................................................................


WIND (MPH)
  HIGHEST WIND SPEED    21   HIGHEST WIND DIRECTION     S (190)
  HIGHEST GUST SPEED    23   HIGHEST GUST DIRECTION     S (180)
  AVERAGE WIND SPEED    11.2


SKY COVER
  POSSIBLE SUNSHINE  MM
  AVERAGE SKY COVER 0.1


WEATHER CONDITIONS
 THE FOLLOWING WEATHER WAS RECORDED YESTERDAY.
  NO SIGNIFICANT WEATHER WAS OBSERVED.


RELATIVE HUMIDITY (PERCENT)
 HIGHEST    90           400 AM
 LOWEST     41           100 PM
 AVERAGE    66

..........................................................


THE KENNEDY NY CLIMATE NORMALS FOR TODAY
                         NORMAL    RECORD    YEAR
 MAXIMUM TEMPERATURE (F)   77        95      1983
 MINIMUM TEMPERATURE (F)   62        51      1980


SUNRISE AND SUNSET
JUNE 13 2017..........SUNRISE   524 AM EDT   SUNSET   827 PM EDT
JUNE 14 2017..........SUNRISE   524 AM EDT   SUNSET   828 PM EDT


-  INDICATES NEGATIVE NUMBERS.
R  INDICATES RECORD WAS SET OR TIED.
MM INDICATES DATA IS MISSING.
T  INDICATES TRACE AMOUNT.




$$
