000
CDUS41 KOKX 232140
CLIJFK


CLIMATE REPORT
NATIONAL WEATHER SERVICE NEW YORK NY
440 PM EST THU NOV 23 2017


...................................

...THE KENNEDY NY CLIMATE SUMMARY FOR NOVEMBER 23 2017...
VALID TODAY AS OF 0400 PM LOCAL TIME.

CLIMATE NORMAL PERIOD 1981 TO 2010
CLIMATE RECORD PERIOD 1948 TO 2017


WEATHER ITEM   OBSERVED TIME   RECORD YEAR NORMAL DEPARTURE LAST
                VALUE   (LST)  VALUE       VALUE  FROM      YEAR
                                                  NORMAL
..................................................................
TEMPERATURE (F)
 TODAY
  MAXIMUM         43    311 PM  71    1992  52     -9       47
  MINIMUM         31    711 AM  25    2008  39     -8       36
                                      2000
                                      1972
  AVERAGE         37                        45     -8       42

PRECIPITATION (IN)
  TODAY            0.00          1.56 2006   0.12  -0.12     0.00
  MONTH TO DATE    1.79                      2.48  -0.69     1.58
  SINCE SEP 1      8.20                      9.60  -1.40     7.78
  SINCE JAN 1     41.45                     38.56   2.89    31.05

SNOWFALL (IN)
  TODAY            0.0           3.2  1989   0.0    0.0      0.0
  MONTH TO DATE    T                         0.1   -0.1       T
  SINCE OCT 1      T                         0.1   -0.1       T
  SINCE JUL 1      T                         0.1   -0.1       T
  SNOW DEPTH       0

DEGREE DAYS
 HEATING
  TODAY           28                        20      8       23
  MONTH TO DATE  421                       378     43      318
  SINCE SEP 1    546                       676   -130      532
  SINCE JUL 1    546                       677   -131      532

 COOLING
  TODAY            0                         0      0        0
  MONTH TO DATE    1                         0      1        0
  SINCE SEP 1    251                       144    107      225
  SINCE JAN 1   1174                      1005    169     1362
..................................................................


WIND (MPH)
  HIGHEST WIND SPEED    23   HIGHEST WIND DIRECTION    NW (310)
  HIGHEST GUST SPEED    26   HIGHEST GUST DIRECTION     N (340)
  AVERAGE WIND SPEED    10.2


SKY COVER
  AVERAGE SKY COVER 0.1


WEATHER CONDITIONS
 THE FOLLOWING WEATHER WAS RECORDED TODAY.
  NO SIGNIFICANT WEATHER WAS OBSERVED.


RELATIVE HUMIDITY (PERCENT)
 HIGHEST    61           800 AM
 LOWEST     39           100 PM
 AVERAGE    50

..........................................................


THE KENNEDY NY CLIMATE NORMALS FOR TOMORROW
                         NORMAL    RECORD    YEAR
 MAXIMUM TEMPERATURE (F)   51        64      2014
 MINIMUM TEMPERATURE (F)   38        21      2000


SUNRISE AND SUNSET
NOVEMBER 23 2017......SUNRISE   651 AM EST   SUNSET   432 PM EST
NOVEMBER 24 2017......SUNRISE   652 AM EST   SUNSET   431 PM EST


-  INDICATES NEGATIVE NUMBERS.
R  INDICATES RECORD WAS SET OR TIED.
MM INDICATES DATA IS MISSING.
T  INDICATES TRACE AMOUNT.




$$
