000
CDUS41 KOKX 150621
CLIJFK


CLIMATE REPORT
NATIONAL WEATHER SERVICE NEW YORK NY
120 AM EST THU FEB 15 2018


...................................

...THE KENNEDY NY CLIMATE SUMMARY FOR FEBRUARY 14 2018...

CLIMATE NORMAL PERIOD 1981 TO 2010
CLIMATE RECORD PERIOD 1948 TO 2018


WEATHER ITEM   OBSERVED TIME   RECORD YEAR NORMAL DEPARTURE LAST
                VALUE   (LST)  VALUE       VALUE  FROM      YEAR
                                                  NORMAL
..................................................................
TEMPERATURE (F)
 YESTERDAY
  MAXIMUM         47   1252 PM  62    1990  42      5       38
  MINIMUM         33    147 AM   1    2016  28      5       28
  AVERAGE         40                        35      5       33

PRECIPITATION (IN)
  YESTERDAY        0.06          0.81 1950   0.09  -0.03     0.00
  MONTH TO DATE    3.52                      1.24   2.28     1.24
  SINCE DEC 1      7.01                      7.79  -0.78     8.94
  SINCE JAN 1      5.36                      4.40   0.96     5.88

SNOWFALL (IN)
  YESTERDAY        0.0           2.5  1978   0.3   -0.3      0.0
  MONTH TO DATE    0.3                       4.2   -3.9      8.4
  SINCE OCT 1     16.7                      15.4    1.3     23.4
  SINCE JUL 1     16.7                      15.4    1.3     23.4
  SNOW DEPTH       0

DEGREE DAYS
 HEATING
  YESTERDAY       25                        30     -5       32
  MONTH TO DATE  414                       437    -23      404
  SINCE DEC 1   2411                      2283    128     1998
  SINCE JUL 1   3096                      3107    -11     2638

 COOLING
  YESTERDAY        0                         0      0        0
  MONTH TO DATE    0                         0      0        0
  SINCE DEC 1      0                         0      0        0
  SINCE JAN 1      0                         0      0        0
..................................................................


WIND (MPH)
  HIGHEST WIND SPEED    16   HIGHEST WIND DIRECTION     S (190)
  HIGHEST GUST SPEED    19   HIGHEST GUST DIRECTION     S (190)
  AVERAGE WIND SPEED     9.0


SKY COVER
  POSSIBLE SUNSHINE  MM
  AVERAGE SKY COVER 0.8


WEATHER CONDITIONS
 THE FOLLOWING WEATHER WAS RECORDED YESTERDAY.
  RAIN
  LIGHT RAIN
  FOG


RELATIVE HUMIDITY (PERCENT)
 HIGHEST    96           500 AM
 LOWEST     58          1200 PM
 AVERAGE    77

..........................................................


THE KENNEDY NY CLIMATE NORMALS FOR TODAY
                         NORMAL    RECORD    YEAR
 MAXIMUM TEMPERATURE (F)   42        62      1949
 MINIMUM TEMPERATURE (F)   28         5      2015


SUNRISE AND SUNSET
FEBRUARY 15 2018......SUNRISE   649 AM EST   SUNSET   530 PM EST
FEBRUARY 16 2018......SUNRISE   648 AM EST   SUNSET   531 PM EST


-  INDICATES NEGATIVE NUMBERS.
R  INDICATES RECORD WAS SET OR TIED.
MM INDICATES DATA IS MISSING.
T  INDICATES TRACE AMOUNT.




$$
