000
CDUS41 KOKX 052032
CLIJFK


CLIMATE REPORT
NATIONAL WEATHER SERVICE NEW YORK NY
432 PM EDT WED APR 5 2017


...................................

...THE KENNEDY NY CLIMATE SUMMARY FOR APRIL 5 2017...
VALID TODAY AS OF 0400 PM LOCAL TIME.

CLIMATE NORMAL PERIOD 1981 TO 2010
CLIMATE RECORD PERIOD 1948 TO 2017


WEATHER ITEM   OBSERVED TIME   RECORD YEAR NORMAL DEPARTURE LAST
                VALUE   (LST)  VALUE       VALUE  FROM      YEAR
                                                  NORMAL
..................................................................
TEMPERATURE (F)
 TODAY
  MAXIMUM         60    154 PM  73    1988  55      5       43
  MINIMUM         44    517 AM  24    1995  40      4       26
  AVERAGE         52                        48      4       35

PRECIPITATION (IN)
  TODAY            T             2.15 1984   0.13  -0.13     0.00
  MONTH TO DATE    1.09                      0.67   0.42     0.71
  SINCE MAR 1      6.88                      4.45   2.43     2.10
  SINCE JAN 1     13.10                     10.20   2.90    10.74

SNOWFALL (IN)
  TODAY            0.0           1.0  2006   0.1   -0.1      0.0
  MONTH TO DATE    0.0                       0.3   -0.3       T
  SINCE OCT 1     30.9                      23.3    7.6     41.4
  SINCE JUL 1     30.9                      23.3    7.6     41.4
  SNOW DEPTH       0

DEGREE DAYS
 HEATING
  TODAY           13                        17     -4       30
  MONTH TO DATE   76                        90    -14       94
  SINCE MAR 1    864                       815     49      627
  SINCE JUL 1   3782                      4326   -544     3381

 COOLING
  TODAY            0                         0      0        0
  MONTH TO DATE    0                         0      0        0
  SINCE MAR 1      0                         0      0        0
  SINCE JAN 1      0                         0      0        0
..................................................................


WIND (MPH)
  HIGHEST WIND SPEED    14   HIGHEST WIND DIRECTION     S (180)
  HIGHEST GUST SPEED    16   HIGHEST GUST DIRECTION     S (170)
  AVERAGE WIND SPEED     5.8


SKY COVER
  AVERAGE SKY COVER 0.9


WEATHER CONDITIONS
 THE FOLLOWING WEATHER WAS RECORDED TODAY.
  LIGHT RAIN
  FOG


RELATIVE HUMIDITY (PERCENT)
 HIGHEST   100          1200 AM
 LOWEST     62           200 PM
 AVERAGE    81

..........................................................


THE KENNEDY NY CLIMATE NORMALS FOR TOMORROW
                         NORMAL    RECORD    YEAR
 MAXIMUM TEMPERATURE (F)   56        73      2010
 MINIMUM TEMPERATURE (F)   41        20      1982


SUNRISE AND SUNSET
APRIL  5 2017.........SUNRISE   632 AM EDT   SUNSET   724 PM EDT
APRIL  6 2017.........SUNRISE   630 AM EDT   SUNSET   725 PM EDT


-  INDICATES NEGATIVE NUMBERS.
R  INDICATES RECORD WAS SET OR TIED.
MM INDICATES DATA IS MISSING.
T  INDICATES TRACE AMOUNT.




$$
