000
CDUS41 KOKX 212034
CLIJFK


CLIMATE REPORT
NATIONAL WEATHER SERVICE NEW YORK NY
434 PM EDT SUN JUN 21 2015


...................................

...THE KENNEDY NY CLIMATE SUMMARY FOR JUNE 21 2015...
VALID TODAY AS OF 0400 PM LOCAL TIME.

CLIMATE NORMAL PERIOD 1981 TO 2010
CLIMATE RECORD PERIOD 1949 TO 2015


WEATHER ITEM   OBSERVED TIME   RECORD YEAR NORMAL DEPARTURE LAST
                VALUE   (LST)  VALUE       VALUE  FROM      YEAR
                                                  NORMAL
..................................................................
TEMPERATURE (F)
 TODAY
  MAXIMUM         90    254 PM  97    2012  80     10       75
  MINIMUM         71    744 AM  56    1968  65      6       62
  AVERAGE         81                        72      9       69

PRECIPITATION (IN)
  TODAY            0.23          1.46 2003   0.12   0.11     0.00
  MONTH TO DATE    3.37                      2.83   0.54     2.50
  SINCE JUN 1      3.37                      2.83   0.54     2.50
  SINCE JAN 1     17.98                     20.17  -2.19    24.94

SNOWFALL (IN)
  TODAY            0.0          MM      MM   0.0    0.0      0.0
  MONTH TO DATE    0.0                       0.0    0.0      0.0
  SINCE OCT 1     44.2                      23.8   20.4     45.6
  SINCE JUL 1     44.2                      23.8   20.4     45.6
  SNOW DEPTH       0

DEGREE DAYS
 HEATING
  TODAY            0                         0      0        0
  MONTH TO DATE   29                        20      9        0
  SINCE JUN 1     29                        20      9        0
  SINCE JUL 1   5000                      4838    162     5099

 COOLING
  TODAY           16                         7      9        4
  MONTH TO DATE  136                       104     32      130
  SINCE JUN 1    136                       104     32      130
  SINCE JAN 1    196                       139     57      162
..................................................................


WIND (MPH)
  HIGHEST WIND SPEED    26   HIGHEST WIND DIRECTION    NW (310)
  HIGHEST GUST SPEED    33   HIGHEST GUST DIRECTION    NW (310)
  AVERAGE WIND SPEED    13.5


SKY COVER
  AVERAGE SKY COVER 0.8


WEATHER CONDITIONS
 THE FOLLOWING WEATHER WAS RECORDED TODAY.
  RAIN
  LIGHT RAIN
  FOG
  HAZE


RELATIVE HUMIDITY (PERCENT)
 HIGHEST    93           400 AM
 LOWEST     46           200 PM
 AVERAGE    70

..........................................................


THE KENNEDY NY CLIMATE NORMALS FOR TOMORROW
                         NORMAL    RECORD    YEAR
 MAXIMUM TEMPERATURE (F)   80        94      2012
 MINIMUM TEMPERATURE (F)   65        55      1992


SUNRISE AND SUNSET
JUNE 21 2015..........SUNRISE   524 AM EDT   SUNSET   830 PM EDT
JUNE 22 2015..........SUNRISE   524 AM EDT   SUNSET   830 PM EDT


-  INDICATES NEGATIVE NUMBERS.
R  INDICATES RECORD WAS SET OR TIED.
MM INDICATES DATA IS MISSING.
T  INDICATES TRACE AMOUNT.




$$
