000
CDUS41 KOKX 220620
CLIJFK


CLIMATE REPORT
NATIONAL WEATHER SERVICE NEW YORK NY
119 AM EST SUN FEB 22 2015


...................................

...THE KENNEDY NY CLIMATE SUMMARY FOR FEBRUARY 21 2015...

CLIMATE NORMAL PERIOD 1981 TO 2010
CLIMATE RECORD PERIOD 1949 TO 2015


WEATHER ITEM   OBSERVED TIME   RECORD YEAR NORMAL DEPARTURE LAST
                VALUE   (LST)  VALUE       VALUE  FROM      YEAR
                                                  NORMAL
..................................................................
TEMPERATURE (F)
 YESTERDAY
  MAXIMUM         33   1144 PM  63    2002  43    -10       47
  MINIMUM         11    341 AM   5    1968  29    -18       35
  AVERAGE         22                        36    -14       41

PRECIPITATION (IN)
  YESTERDAY        0.58          1.34 1989   0.09   0.49     0.14
  MONTH TO DATE    2.14                      1.88   0.26     4.54
  SINCE DEC 1     14.49                      8.43   6.06    12.05
  SINCE JAN 1      7.45                      5.04   2.41     7.55

SNOWFALL (IN)
  YESTERDAY        4.5 R         3.9  2005   0.3    4.2      0.0
  MONTH TO DATE   13.4                       6.4    7.0     20.5
  SINCE OCT 1     30.9                      17.6   13.3     44.4
  SINCE JUL 1     30.9                      17.6   13.3     44.4
  SNOW DEPTH       1

DEGREE DAYS
 HEATING
  YESTERDAY       43                        29     14       24
  MONTH TO DATE  858                       644    214      714
  SINCE DEC 1   2638                      2490    148     2666
  SINCE JUL 1   3422                      3314    108     3480

 COOLING
  YESTERDAY        0                         0      0        0
  MONTH TO DATE    0                         0      0        0
  SINCE DEC 1      0                         0      0        0
  SINCE JAN 1      0                         0      0        0
..................................................................


WIND (MPH)
  HIGHEST WIND SPEED    25   HIGHEST WIND DIRECTION     S (190)
  HIGHEST GUST SPEED    31   HIGHEST GUST DIRECTION     S (200)
  AVERAGE WIND SPEED     9.8


SKY COVER
  POSSIBLE SUNSHINE  MM
  AVERAGE SKY COVER 0.7


WEATHER CONDITIONS
 THE FOLLOWING WEATHER WAS RECORDED YESTERDAY.
  LT FREEZING RAIN
  SNOW
  LIGHT SNOW
  FOG


RELATIVE HUMIDITY (PERCENT)
 HIGHEST    92           900 PM
 LOWEST     42          1200 AM
 AVERAGE    67

..........................................................


THE KENNEDY NY CLIMATE NORMALS FOR TODAY
                         NORMAL    RECORD    YEAR
 MAXIMUM TEMPERATURE (F)   43        64      1991
 MINIMUM TEMPERATURE (F)   29         9      1968


SUNRISE AND SUNSET
FEBRUARY 22 2015......SUNRISE   640 AM EST   SUNSET   538 PM EST
FEBRUARY 23 2015......SUNRISE   638 AM EST   SUNSET   539 PM EST


-  INDICATES NEGATIVE NUMBERS.
R  INDICATES RECORD WAS SET OR TIED.
MM INDICATES DATA IS MISSING.
T  INDICATES TRACE AMOUNT.




$$
