000
CDUS41 KOKX 112036
CLIJFK


CLIMATE REPORT
NATIONAL WEATHER SERVICE NEW YORK NY
435 PM EDT SUN SEP 11 2016


...................................

...THE KENNEDY NY CLIMATE SUMMARY FOR SEPTEMBER 11 2016...
VALID TODAY AS OF 0400 PM LOCAL TIME.

CLIMATE NORMAL PERIOD 1981 TO 2010
CLIMATE RECORD PERIOD 1948 TO 2016


WEATHER ITEM   OBSERVED TIME   RECORD YEAR NORMAL DEPARTURE LAST
                VALUE   (LST)  VALUE       VALUE  FROM      YEAR
                                                  NORMAL
..................................................................
TEMPERATURE (F)
 TODAY
  MAXIMUM         85    258 PM  96    1983  77      8       82
  MINIMUM         75    534 AM  49    1967  63     12       66
  AVERAGE         80                        70     10       74

PRECIPITATION (IN)
  TODAY            0.00          1.56 1968   0.10  -0.10     0.03
  MONTH TO DATE    0.67                      1.16  -0.49     1.28
  SINCE SEP 1      0.67                      1.16  -0.49     1.28
  SINCE JAN 1     23.94                     30.12  -6.18    26.82

SNOWFALL (IN)
  TODAY            0.0          MM      MM   0.0    0.0      0.0
  MONTH TO DATE    0.0                       0.0    0.0      0.0
  SINCE OCT 1     41.4                      23.8   17.6     44.2
  SINCE JUL 1      0.0                       0.0    0.0      0.0
  SNOW DEPTH       0

DEGREE DAYS
 HEATING
  TODAY            0                         1     -1        0
  MONTH TO DATE    0                         1     -1        0
  SINCE SEP 1      0                         1     -1        0
  SINCE JUL 1      0                         2     -2        0

 COOLING
  TODAY           15                         5     10        9
  MONTH TO DATE  128                        72     56      138
  SINCE SEP 1    128                        72     56      138
  SINCE JAN 1   1265                       933    332     1271
..................................................................


WIND (MPH)
  HIGHEST WIND SPEED    26   HIGHEST WIND DIRECTION    NW (320)
  HIGHEST GUST SPEED    34   HIGHEST GUST DIRECTION    NW (320)
  AVERAGE WIND SPEED    15.6


SKY COVER
  AVERAGE SKY COVER 0.8


WEATHER CONDITIONS
 THE FOLLOWING WEATHER WAS RECORDED TODAY.
  NO SIGNIFICANT WEATHER WAS OBSERVED.


RELATIVE HUMIDITY (PERCENT)
 HIGHEST    87          1200 AM
 LOWEST     32           300 PM
 AVERAGE    60

..........................................................


THE KENNEDY NY CLIMATE NORMALS FOR TOMORROW
                         NORMAL    RECORD    YEAR
 MAXIMUM TEMPERATURE (F)   77        91      1981
 MINIMUM TEMPERATURE (F)   62        46      1967


SUNRISE AND SUNSET
SEPTEMBER 11 2016.....SUNRISE   632 AM EDT   SUNSET   710 PM EDT
SEPTEMBER 12 2016.....SUNRISE   633 AM EDT   SUNSET   708 PM EDT


-  INDICATES NEGATIVE NUMBERS.
R  INDICATES RECORD WAS SET OR TIED.
MM INDICATES DATA IS MISSING.
T  INDICATES TRACE AMOUNT.




$$
