000
CDUS41 KOKX 120636
CLIJFK


CLIMATE REPORT
NATIONAL WEATHER SERVICE NEW YORK NY
136 AM EST SAT NOV 12 2016


...................................

...THE KENNEDY NY CLIMATE SUMMARY FOR NOVEMBER 11 2016...

CLIMATE NORMAL PERIOD 1981 TO 2010
CLIMATE RECORD PERIOD 1948 TO 2016


WEATHER ITEM   OBSERVED TIME   RECORD YEAR NORMAL DEPARTURE LAST
                VALUE   (LST)  VALUE       VALUE  FROM      YEAR
                                                  NORMAL
..................................................................
TEMPERATURE (F)
 YESTERDAY
  MAXIMUM         66   1216 PM  69    1949  56     10       59
  MINIMUM         42   1149 PM  28    1973  42      0       50
  AVERAGE         54                        49      5       55

PRECIPITATION (IN)
  YESTERDAY        0.00          1.15 1984   0.10  -0.10     0.09
  MONTH TO DATE    0.01                      1.15  -1.14     0.55
  SINCE SEP 1      6.21                      8.27  -2.06     7.33
  SINCE JAN 1     29.48                     37.23  -7.75    32.87

SNOWFALL (IN)
  YESTERDAY        0.0           0.4  1987   0.0    0.0      0.0
  MONTH TO DATE    0.0                       0.0    0.0      0.0
  SINCE OCT 1      0.0                       0.0    0.0      0.0
  SINCE JUL 1      0.0                       0.0    0.0      0.0
  SNOW DEPTH       0

DEGREE DAYS
 HEATING
  YESTERDAY       11                        16     -5       10
  MONTH TO DATE  116                       160    -44       79
  SINCE SEP 1    330                       458   -128      301
  SINCE JUL 1    330                       459   -129      301

 COOLING
  YESTERDAY        0                         0      0        0
  MONTH TO DATE    0                         0      0        4
  SINCE SEP 1    225                       144     81      254
  SINCE JAN 1   1362                      1005    357     1387
..................................................................


WIND (MPH)
  HIGHEST WIND SPEED    37   HIGHEST WIND DIRECTION    NW (320)
  HIGHEST GUST SPEED    48   HIGHEST GUST DIRECTION    NW (310)
  AVERAGE WIND SPEED    20.5


SKY COVER
  POSSIBLE SUNSHINE  MM
  AVERAGE SKY COVER 0.2


WEATHER CONDITIONS
 THE FOLLOWING WEATHER WAS RECORDED YESTERDAY.
  NO SIGNIFICANT WEATHER WAS OBSERVED.


RELATIVE HUMIDITY (PERCENT)
 HIGHEST    59          1200 AM
 LOWEST     25           200 PM
 AVERAGE    42

..........................................................


THE KENNEDY NY CLIMATE NORMALS FOR TODAY
                         NORMAL    RECORD    YEAR
 MAXIMUM TEMPERATURE (F)   56        66      2014
 MINIMUM TEMPERATURE (F)   42        32      2013
                                             1996
                                             1987


SUNRISE AND SUNSET
NOVEMBER 12 2016......SUNRISE   639 AM EST   SUNSET   439 PM EST
NOVEMBER 13 2016......SUNRISE   640 AM EST   SUNSET   439 PM EST


-  INDICATES NEGATIVE NUMBERS.
R  INDICATES RECORD WAS SET OR TIED.
MM INDICATES DATA IS MISSING.
T  INDICATES TRACE AMOUNT.




$$
