736
CDUS41 KOKX 150616
CLIJFK


CLIMATE REPORT
NATIONAL WEATHER SERVICE NEW YORK NY
216 AM EDT MON MAY 15 2017


...................................

...THE KENNEDY NY CLIMATE SUMMARY FOR MAY 14 2017...

CLIMATE NORMAL PERIOD 1981 TO 2010
CLIMATE RECORD PERIOD 1948 TO 2017


WEATHER ITEM   OBSERVED TIME   RECORD YEAR NORMAL DEPARTURE LAST
                VALUE   (LST)  VALUE       VALUE  FROM      YEAR
                                                  NORMAL
..................................................................
TEMPERATURE (F)
 YESTERDAY
  MAXIMUM         70    150 PM  87    1991  68      2       70
  MINIMUM         47    335 AM  39    1987  52     -5       56
  AVERAGE         59                        60     -1       63

PRECIPITATION (IN)
  YESTERDAY        0.01          2.03 1978   0.12  -0.11      T
  MONTH TO DATE    3.51                      1.63   1.88     2.13
  SINCE MAR 1     13.36                      9.28   4.08     4.76
  SINCE JAN 1     19.58                     15.03   4.55    13.40

SNOWFALL (IN)
  YESTERDAY        0.0          MM      MM   0.0    0.0      0.0
  MONTH TO DATE    0.0                       0.0    0.0      0.0
  SINCE OCT 1     30.9                      23.8    7.1     41.4
  SINCE JUL 1     30.9                      23.8    7.1     41.4
  SNOW DEPTH       0

DEGREE DAYS
 HEATING
  YESTERDAY        6                         6      0        2
  MONTH TO DATE  126                       104     22      135
  SINCE MAR 1   1214                      1244    -30     1079
  SINCE JUL 1   4132                      4755   -623     3833

 COOLING
  YESTERDAY        0                         1     -1        0
  MONTH TO DATE    3                         5     -2        0
  SINCE MAR 1     15                         8      7        0
  SINCE JAN 1     15                         8      7        0
..................................................................


WIND (MPH)
  HIGHEST WIND SPEED    36   HIGHEST WIND DIRECTION    NW (320)
  HIGHEST GUST SPEED    45   HIGHEST GUST DIRECTION    NW (320)
  AVERAGE WIND SPEED    15.8


SKY COVER
  POSSIBLE SUNSHINE  MM
  AVERAGE SKY COVER 0.7


WEATHER CONDITIONS
 THE FOLLOWING WEATHER WAS RECORDED YESTERDAY.
  THUNDERSTORM
  RAIN
  LIGHT RAIN


RELATIVE HUMIDITY (PERCENT)
 HIGHEST    93          1200 AM
 LOWEST     44           200 PM
 AVERAGE    69

..........................................................


THE KENNEDY NY CLIMATE NORMALS FOR TODAY
                         NORMAL    RECORD    YEAR
 MAXIMUM TEMPERATURE (F)   68        82      2007
 MINIMUM TEMPERATURE (F)   52        44      1966


SUNRISE AND SUNSET
MAY 15 2017...........SUNRISE   538 AM EDT   SUNSET   805 PM EDT
MAY 16 2017...........SUNRISE   537 AM EDT   SUNSET   806 PM EDT


-  INDICATES NEGATIVE NUMBERS.
R  INDICATES RECORD WAS SET OR TIED.
MM INDICATES DATA IS MISSING.
T  INDICATES TRACE AMOUNT.




$$
