000
CDUS41 KOKX 140618
CLIJFK


CLIMATE REPORT
NATIONAL WEATHER SERVICE NEW YORK NY
218 AM EDT MON JUL 14 2014


...................................

...THE KENNEDY NY CLIMATE SUMMARY FOR JULY 13 2014...

CLIMATE NORMAL PERIOD 1981 TO 2010
CLIMATE RECORD PERIOD 1949 TO 2014


WEATHER ITEM   OBSERVED TIME   RECORD YEAR NORMAL DEPARTURE LAST
                VALUE   (LST)  VALUE       VALUE  FROM      YEAR
                                                  NORMAL
..................................................................
TEMPERATURE (F)
 YESTERDAY
  MAXIMUM         80    147 PM  94    1992  83     -3       85
  MINIMUM         69    359 AM  58    1990  69      0       71
  AVERAGE         75                        76     -1       78

PRECIPITATION (IN)
  YESTERDAY        0.06          1.95 1975   0.14  -0.08     0.00
  MONTH TO DATE    1.29                      1.60  -0.31     1.65
  SINCE JUN 1      3.90                      5.46  -1.56     9.60
  SINCE JAN 1     26.34                     22.80   3.54    22.85

SNOWFALL (IN)
  YESTERDAY        0.0          MM      MM   0.0    0.0      0.0
  MONTH TO DATE    0.0                       0.0    0.0      0.0
  SINCE OCT 1     45.6                      23.8   21.8     17.6
  SINCE JUL 1      0.0                       0.0    0.0      0.0
  SNOW DEPTH       0

DEGREE DAYS
 HEATING
  YESTERDAY        0                         0      0        0
  MONTH TO DATE    0                         0      0        0
  SINCE JUN 1      0                        21    -21       10
  SINCE JUL 1      0                         0      0        0

 COOLING
  YESTERDAY       10                        11     -1       13
  MONTH TO DATE  148                       136     12      180
  SINCE JUN 1    356                       319     37      360
  SINCE JAN 1    388                       354     34      386
..................................................................


WIND (MPH)
  HIGHEST WIND SPEED    29   HIGHEST WIND DIRECTION     S (180)
  HIGHEST GUST SPEED    37   HIGHEST GUST DIRECTION     S (190)
  AVERAGE WIND SPEED    16.1


SKY COVER
  POSSIBLE SUNSHINE  MM
  AVERAGE SKY COVER 0.8


WEATHER CONDITIONS
 THE FOLLOWING WEATHER WAS RECORDED YESTERDAY.
  LIGHT RAIN


RELATIVE HUMIDITY (PERCENT)
 HIGHEST    97           200 AM
 LOWEST     74           100 PM
 AVERAGE    86

..........................................................


THE KENNEDY NY CLIMATE NORMALS FOR TODAY
                         NORMAL    RECORD    YEAR
 MAXIMUM TEMPERATURE (F)   83        95      1983
 MINIMUM TEMPERATURE (F)   69        61      1999


SUNRISE AND SUNSET
JULY 14 2014..........SUNRISE   536 AM EDT   SUNSET   825 PM EDT
JULY 15 2014..........SUNRISE   537 AM EDT   SUNSET   825 PM EDT


-  INDICATES NEGATIVE NUMBERS.
R  INDICATES RECORD WAS SET OR TIED.
MM INDICATES DATA IS MISSING.
T  INDICATES TRACE AMOUNT.




$$
