000
CDUS41 KOKX 220619
CLIJFK


CLIMATE REPORT
NATIONAL WEATHER SERVICE NEW YORK NY
217 AM EDT SAT AUG 22 2015


...................................

...THE KENNEDY NY CLIMATE SUMMARY FOR AUGUST 21 2015...

CLIMATE NORMAL PERIOD 1981 TO 2010
CLIMATE RECORD PERIOD 1949 TO 2015


WEATHER ITEM   OBSERVED TIME   RECORD YEAR NORMAL DEPARTURE LAST
                VALUE   (LST)  VALUE       VALUE  FROM      YEAR
                                                  NORMAL
..................................................................
TEMPERATURE (F)
 YESTERDAY
  MAXIMUM         87    403 PM  91    2005  82      5       79
                                      1968
  MINIMUM         73    452 AM  50    1977  68      5       67
  AVERAGE         80                        74      6       73

PRECIPITATION (IN)
  YESTERDAY        2.48R         2.06 2011   0.11   2.37     0.21
  MONTH TO DATE    3.62                      2.60   1.02     3.96
  SINCE JUN 1     10.92                     10.54   0.38    11.40
  SINCE JAN 1     25.53                     27.88  -2.35    33.84

SNOWFALL (IN)
  YESTERDAY        0.0          MM      MM   0.0    0.0      0.0
  MONTH TO DATE    0.0                       0.0    0.0      0.0
  SINCE OCT 1     44.2                      23.8   20.4     45.6
  SINCE JUL 1      0.0                       0.0    0.0      0.0
  SNOW DEPTH       0

DEGREE DAYS
 HEATING
  YESTERDAY        0                         0      0        0
  MONTH TO DATE    0                         0      0        0
  SINCE JUN 1     29                        21      8        0
  SINCE JUL 1      0                         0      0        0

 COOLING
  YESTERDAY       15                        10      5        8
  MONTH TO DATE  302                       221     81      201
  SINCE JUN 1    950                       741    209      742
  SINCE JAN 1   1010                       776    234      774
..................................................................


WIND (MPH)
  HIGHEST WIND SPEED    18   HIGHEST WIND DIRECTION     N (350)
  HIGHEST GUST SPEED    23   HIGHEST GUST DIRECTION     N (350)
  AVERAGE WIND SPEED     8.4


SKY COVER
  POSSIBLE SUNSHINE  MM
  AVERAGE SKY COVER 0.8


WEATHER CONDITIONS
 THE FOLLOWING WEATHER WAS RECORDED YESTERDAY.
  THUNDERSTORM
  HEAVY RAIN
  RAIN
  LIGHT RAIN
  FOG


RELATIVE HUMIDITY (PERCENT)
 HIGHEST    87           500 AM
 LOWEST     36           400 PM
 AVERAGE    62

..........................................................


THE KENNEDY NY CLIMATE NORMALS FOR TODAY
                         NORMAL    RECORD    YEAR
 MAXIMUM TEMPERATURE (F)   81        93      1976
 MINIMUM TEMPERATURE (F)   67        56      1982


SUNRISE AND SUNSET
AUGUST 22 2015........SUNRISE   612 AM EDT   SUNSET   743 PM EDT
AUGUST 23 2015........SUNRISE   613 AM EDT   SUNSET   742 PM EDT


-  INDICATES NEGATIVE NUMBERS.
R  INDICATES RECORD WAS SET OR TIED.
MM INDICATES DATA IS MISSING.
T  INDICATES TRACE AMOUNT.




$$
