189
CDUS41 KOKX 170908
CLIJFK


CLIMATE REPORT
NATIONAL WEATHER SERVICE NEW YORK NY
508 AM EDT WED AUG 17 2016


...................................

...THE KENNEDY NY CLIMATE SUMMARY FOR AUGUST 16 2016...

CLIMATE NORMAL PERIOD 1981 TO 2010
CLIMATE RECORD PERIOD 1948 TO 2016


WEATHER ITEM   OBSERVED TIME   RECORD YEAR NORMAL DEPARTURE LAST
                VALUE   (LST)  VALUE       VALUE  FROM      YEAR
                                                  NORMAL
..................................................................
TEMPERATURE (F)
 YESTERDAY
  MAXIMUM         MM        MM  93    1997  82     MM       90
  MINIMUM         MM        MM  55    1972  68     MM       74
  AVERAGE         MM                        75     MM       82

PRECIPITATION (IN)
  YESTERDAY        0.00          1.23 2002   0.12  -0.12      T
  MONTH TO DATE    0.31                      2.02  -1.71     1.14
  SINCE JUN 1      7.98                      9.96  -1.98     8.44
  SINCE JAN 1     22.96                     27.30  -4.34    23.05

SNOWFALL (IN)
  YESTERDAY        0.0          MM      MM   0.0    0.0      0.0
  MONTH TO DATE    0.0                       0.0    0.0      0.0
  SINCE OCT 1     41.4                      23.8   17.6     44.2
  SINCE JUL 1      0.0                       0.0    0.0      0.0
  SNOW DEPTH       0

DEGREE DAYS
 HEATING
  YESTERDAY       MM                         0     MM        0
  MONTH TO DATE    0                         0      0        0
  SINCE JUN 1      3                        21    -18       29
  SINCE JUL 1      0                         0      0        0

 COOLING
  YESTERDAY       MM                        10     MM       17
  MONTH TO DATE  213                       171     42      220
  SINCE JUN 1    859                       691    168      868
  SINCE JAN 1    910                       726    184      928
..................................................................


WIND (MPH)
  HIGHEST WIND SPEED    24   HIGHEST WIND DIRECTION     S (170)
  HIGHEST GUST SPEED    37   HIGHEST GUST DIRECTION     S (170)
  AVERAGE WIND SPEED    12.3


SKY COVER
  POSSIBLE SUNSHINE  MM
  AVERAGE SKY COVER 0.7


WEATHER CONDITIONS
 THE FOLLOWING WEATHER WAS RECORDED YESTERDAY.
  THUNDERSTORM
  LIGHT RAIN


RELATIVE HUMIDITY (PERCENT)
 HIGHEST    88           500 AM
 LOWEST     59          1200 PM
 AVERAGE    74

..........................................................


THE KENNEDY NY CLIMATE NORMALS FOR TODAY
                         NORMAL    RECORD    YEAR
 MAXIMUM TEMPERATURE (F)   82        94      1978
 MINIMUM TEMPERATURE (F)   68        56      1979


SUNRISE AND SUNSET
AUGUST 17 2016........SUNRISE   608 AM EDT   SUNSET   749 PM EDT
AUGUST 18 2016........SUNRISE   609 AM EDT   SUNSET   748 PM EDT


-  INDICATES NEGATIVE NUMBERS.
R  INDICATES RECORD WAS SET OR TIED.
MM INDICATES DATA IS MISSING.
T  INDICATES TRACE AMOUNT.




$$
