000
CDUS41 KOKX 020617
CLIJFK


CLIMATE REPORT
NATIONAL WEATHER SERVICE NEW YORK NY
216 AM EDT SUN APR 2 2017


...................................

...THE KENNEDY NY CLIMATE SUMMARY FOR APRIL 1 2017...

CLIMATE NORMAL PERIOD 1981 TO 2010
CLIMATE RECORD PERIOD 1948 TO 2017


WEATHER ITEM   OBSERVED TIME   RECORD YEAR NORMAL DEPARTURE LAST
                VALUE   (LST)  VALUE       VALUE  FROM      YEAR
                                                  NORMAL
..................................................................
TEMPERATURE (F)
 YESTERDAY
  MAXIMUM         47   1241 PM  75    1978  54     -7       66
  MINIMUM         38    702 AM  26    1969  39     -1       52
                                      1964
  AVERAGE         43                        46     -3       59

PRECIPITATION (IN)
  YESTERDAY        0.01          1.62 1993   0.13  -0.12     0.02
  MONTH TO DATE    0.01                      0.13  -0.12     0.02
  SINCE MAR 1      5.80                      3.91   1.89     1.41
  SINCE JAN 1     12.02                      9.66   2.36    10.05

SNOWFALL (IN)
  YESTERDAY        0.0           1.5  1997   0.1   -0.1      0.0
  MONTH TO DATE    0.0                       0.1   -0.1      0.0
  SINCE OCT 1     30.9                      23.1    7.8     41.4
  SINCE JUL 1     30.9                      23.1    7.8     41.4
  SNOW DEPTH       0

DEGREE DAYS
 HEATING
  YESTERDAY       22                        19      3        6
  MONTH TO DATE   22                        19      3        6
  SINCE MAR 1    810                       744     66      539
  SINCE JUL 1   3728                      4255   -527     3293

 COOLING
  YESTERDAY        0                         0      0        0
  MONTH TO DATE    0                         0      0        0
  SINCE MAR 1      0                         0      0        0
  SINCE JAN 1      0                         0      0        0
..................................................................


WIND (MPH)
  HIGHEST WIND SPEED    26   HIGHEST WIND DIRECTION     N (20)
  HIGHEST GUST SPEED    33   HIGHEST GUST DIRECTION    NE (30)
  AVERAGE WIND SPEED    16.5


SKY COVER
  POSSIBLE SUNSHINE  MM
  AVERAGE SKY COVER 0.8


WEATHER CONDITIONS
 THE FOLLOWING WEATHER WAS RECORDED YESTERDAY.
  LIGHT RAIN
  FOG


RELATIVE HUMIDITY (PERCENT)
 HIGHEST    92           400 AM
 LOWEST     65           300 PM
 AVERAGE    79

..........................................................


THE KENNEDY NY CLIMATE NORMALS FOR TODAY
                         NORMAL    RECORD    YEAR
 MAXIMUM TEMPERATURE (F)   54        73      1986
                                             1963
 MINIMUM TEMPERATURE (F)   39        27      1964


SUNRISE AND SUNSET
APRIL  2 2017.........SUNRISE   637 AM EDT   SUNSET   721 PM EDT
APRIL  3 2017.........SUNRISE   635 AM EDT   SUNSET   722 PM EDT


-  INDICATES NEGATIVE NUMBERS.
R  INDICATES RECORD WAS SET OR TIED.
MM INDICATES DATA IS MISSING.
T  INDICATES TRACE AMOUNT.




$$
