000
CDUS41 KOKX 190904 CCA
CLIJFK

CLIMATE REPORT
NATIONAL WEATHER SERVICE NEW YORK NY
353 AM EST MON JAN 19 2015


...................................

...THE KENNEDY NY CLIMATE SUMMARY FOR JANUARY 18 2015...

CLIMATE NORMAL PERIOD 1981 TO 2010
CLIMATE RECORD PERIOD 1949 TO 2015


WEATHER ITEM   OBSERVED TIME   RECORD YEAR NORMAL DEPARTURE LAST
                VALUE   (LST)  VALUE       VALUE  FROM      YEAR
                                                  NORMAL
..................................................................
TEMPERATURE (F)
 YESTERDAY
  MAXIMUM         47    111 PM  59    1990  39      8       42
                                      1986
  MINIMUM         27    405 AM   0    1982  26      1       28
  AVERAGE         37                        32      5       35

PRECIPITATION (IN)
  YESTERDAY        1.62R         1.28 2011   0.10   1.52     0.24
  MONTH TO DATE    3.87                      1.91   1.96     2.56
  SINCE DEC 1     10.91                      5.30   5.61     7.06
  SINCE JAN 1      3.87                      1.91   1.96     2.56

SNOWFALL (IN)
  YESTERDAY        0.0           3.0  1984   0.2   -0.2      0.1
  MONTH TO DATE    2.4                       3.6   -1.2      8.1
  SINCE OCT 1      2.8                       8.5   -5.7     15.0
  SINCE JUL 1      2.8                       8.5   -5.7     15.0
  SNOW DEPTH       0

DEGREE DAYS
 HEATING
  YESTERDAY       28                        33     -5       30
  MONTH TO DATE  622                       580     42      598
  SINCE DEC 1   1344                      1425    -81     1426
  SINCE JUL 1   2128                      2249   -121     2240

 COOLING
  YESTERDAY        0                         0      0        0
  MONTH TO DATE    0                         0      0        0
  SINCE DEC 1      0                         0      0        0
  SINCE JAN 1      0                         0      0        0
..................................................................


WIND (MPH)
  HIGHEST WIND SPEED    21   HIGHEST WIND DIRECTION    NW (310)
  HIGHEST GUST SPEED    23   HIGHEST GUST DIRECTION    NW (300)
  AVERAGE WIND SPEED     6.2


SKY COVER
  POSSIBLE SUNSHINE  MM
  AVERAGE SKY COVER 0.9


WEATHER CONDITIONS
 THE FOLLOWING WEATHER WAS RECORDED YESTERDAY.
  HEAVY RAIN
  RAIN
  LIGHT RAIN
  FOG


RELATIVE HUMIDITY (PERCENT)
 HIGHEST    93           100 PM
 LOWEST     69          1200 AM
 AVERAGE    81

..........................................................


THE KENNEDY NY CLIMATE NORMALS FOR TODAY
                         NORMAL    RECORD    YEAR
 MAXIMUM TEMPERATURE (F)   39        58      1972
                                             1949
 MINIMUM TEMPERATURE (F)   26         0      1994


SUNRISE AND SUNSET
JANUARY 19 2015.......SUNRISE   715 AM EST   SUNSET   457 PM EST
JANUARY 20 2015.......SUNRISE   714 AM EST   SUNSET   458 PM EST


-  INDICATES NEGATIVE NUMBERS.
R  INDICATES RECORD WAS SET OR TIED.
MM INDICATES DATA IS MISSING.
T  INDICATES TRACE AMOUNT.




$$
