000
CDUS41 KOKX 052134
CLIJFK


CLIMATE REPORT
NATIONAL WEATHER SERVICE NEW YORK NY
434 PM EST SUN MAR 5 2017


...................................

...THE KENNEDY NY CLIMATE SUMMARY FOR MARCH 5 2017...
VALID TODAY AS OF 0400 PM LOCAL TIME.

CLIMATE NORMAL PERIOD 1981 TO 2010
CLIMATE RECORD PERIOD 1948 TO 2017


WEATHER ITEM   OBSERVED TIME   RECORD YEAR NORMAL DEPARTURE LAST
                VALUE   (LST)  VALUE       VALUE  FROM      YEAR
                                                  NORMAL
..................................................................
TEMPERATURE (F)
 TODAY
  MAXIMUM         38    325 PM  66    1985  46     -8       42
  MINIMUM         16    657 AM  14    1978  31    -15       29
  AVERAGE         27                        38    -11       36

PRECIPITATION (IN)
  TODAY            0.00          0.81 1965   0.11  -0.11     0.00
  MONTH TO DATE    0.01                      0.55  -0.54     0.29
  SINCE MAR 1      0.01                      0.55  -0.54     0.29
  SINCE JAN 1      6.23                      6.30  -0.07     8.93

SNOWFALL (IN)
  TODAY            0.0           6.7  1981   0.2   -0.2      0.0
  MONTH TO DATE    0.0                       0.9   -0.9      1.4
  SINCE OCT 1     23.4                      20.4    3.0     40.9
  SINCE JUL 1     23.4                      20.4    3.0     40.9
  SNOW DEPTH       0

DEGREE DAYS
 HEATING
  TODAY           38                        26     12       29
  MONTH TO DATE  133                       134     -1      133
  SINCE MAR 1    133                       134     -1      133
  SINCE JUL 1   3051                      3645   -594     2887

 COOLING
  TODAY            0                         0      0        0
  MONTH TO DATE    0                         0      0        0
  SINCE MAR 1      0                         0      0        0
  SINCE JAN 1      0                         0      0        0
..................................................................


WIND (MPH)
  HIGHEST WIND SPEED    25   HIGHEST WIND DIRECTION    NW (330)
  HIGHEST GUST SPEED    33   HIGHEST GUST DIRECTION    NW (330)
  AVERAGE WIND SPEED    17.0


SKY COVER
  AVERAGE SKY COVER 0.1


WEATHER CONDITIONS
 THE FOLLOWING WEATHER WAS RECORDED TODAY.
  NO SIGNIFICANT WEATHER WAS OBSERVED.


RELATIVE HUMIDITY (PERCENT)
 HIGHEST    33           200 AM
 LOWEST     13           200 PM
 AVERAGE    23

..........................................................


THE KENNEDY NY CLIMATE NORMALS FOR TOMORROW
                         NORMAL    RECORD    YEAR
 MAXIMUM TEMPERATURE (F)   46        63      2004
 MINIMUM TEMPERATURE (F)   32        13      2015
                                             2007


SUNRISE AND SUNSET
MARCH  5 2017.........SUNRISE   622 AM EST   SUNSET   551 PM EST
MARCH  6 2017.........SUNRISE   621 AM EST   SUNSET   552 PM EST


-  INDICATES NEGATIVE NUMBERS.
R  INDICATES RECORD WAS SET OR TIED.
MM INDICATES DATA IS MISSING.
T  INDICATES TRACE AMOUNT.




$$
