000
CDUS41 KOKX 080617
CLIJFK


CLIMATE REPORT
NATIONAL WEATHER SERVICE NEW YORK NY
117 AM EST MON DEC 8 2014


...................................

...THE KENNEDY NY CLIMATE SUMMARY FOR DECEMBER 7 2014...

CLIMATE NORMAL PERIOD 1981 TO 2010
CLIMATE RECORD PERIOD 1949 TO 2014


WEATHER ITEM   OBSERVED TIME   RECORD YEAR NORMAL DEPARTURE LAST
                VALUE   (LST)  VALUE       VALUE  FROM      YEAR
                                                  NORMAL
..................................................................
TEMPERATURE (F)
 YESTERDAY
  MAXIMUM         44    145 PM  75    1998  47     -3       43
  MINIMUM         31   1159 PM  20    1964  34     -3       32
  AVERAGE         38                        40     -2       38

PRECIPITATION (IN)
  YESTERDAY        0.05          1.79 1996   0.12  -0.07     0.17
  MONTH TO DATE    2.15                      0.83   1.32     0.75
  SINCE DEC 1      2.15                      0.83   1.32     0.75
  SINCE JAN 1     45.86                     40.21   5.65    31.73

SNOWFALL (IN)
  YESTERDAY        0.0           1.6  1949   0.1   -0.1      0.0
  MONTH TO DATE    0.0                       0.6   -0.6      0.0
  SINCE OCT 1      0.1                       0.8   -0.7      0.2
  SINCE JUL 1      0.1                       0.8   -0.7      0.2
  SNOW DEPTH       0

DEGREE DAYS
 HEATING
  YESTERDAY       27                        25      2       27
  MONTH TO DATE  146                       166    -20      141
  SINCE DEC 1    146                       166    -20      141
  SINCE JUL 1    930                       990    -60      955

 COOLING
  YESTERDAY        0                         0      0        0
  MONTH TO DATE    0                         0      0        0
  SINCE DEC 1      0                         0      0        0
  SINCE JAN 1   1050                      1005     45     1111
..................................................................


WIND (MPH)
  HIGHEST WIND SPEED    32   HIGHEST WIND DIRECTION     N (360)
  HIGHEST GUST SPEED    44   HIGHEST GUST DIRECTION     N (20)
  AVERAGE WIND SPEED    21.6


SKY COVER
  POSSIBLE SUNSHINE  MM
  AVERAGE SKY COVER 0.6


WEATHER CONDITIONS
 THE FOLLOWING WEATHER WAS RECORDED YESTERDAY.
  RAIN
  LIGHT RAIN


RELATIVE HUMIDITY (PERCENT)
 HIGHEST    86          1200 AM
 LOWEST     25          1000 PM
 AVERAGE    56

..........................................................


THE KENNEDY NY CLIMATE NORMALS FOR TODAY
                         NORMAL    RECORD    YEAR
 MAXIMUM TEMPERATURE (F)   46        61      2004
                                             1966
 MINIMUM TEMPERATURE (F)   34        16      1976


SUNRISE AND SUNSET
DECEMBER  8 2014......SUNRISE   706 AM EST   SUNSET   428 PM EST
DECEMBER  9 2014......SUNRISE   707 AM EST   SUNSET   428 PM EST


-  INDICATES NEGATIVE NUMBERS.
R  INDICATES RECORD WAS SET OR TIED.
MM INDICATES DATA IS MISSING.
T  INDICATES TRACE AMOUNT.




$$
