000
CDUS41 KOKX 040619
CLIJFK


CLIMATE REPORT
NATIONAL WEATHER SERVICE NEW YORK NY
119 AM EST MON DEC 4 2017


...................................

...THE KENNEDY NY CLIMATE SUMMARY FOR DECEMBER 3 2017...

CLIMATE NORMAL PERIOD 1981 TO 2010
CLIMATE RECORD PERIOD 1948 TO 2017


WEATHER ITEM   OBSERVED TIME   RECORD YEAR NORMAL DEPARTURE LAST
                VALUE   (LST)  VALUE       VALUE  FROM      YEAR
                                                  NORMAL
..................................................................
TEMPERATURE (F)
 YESTERDAY
  MAXIMUM         49    112 PM  66    2009  48      1       50
                                      1998
  MINIMUM         37    257 AM  11    1976  35      2       42
  AVERAGE         43                        42      1       46

PRECIPITATION (IN)
  YESTERDAY        T             1.46 1967   0.12  -0.12      T
  MONTH TO DATE    0.01                      0.36  -0.35     0.03
  SINCE DEC 1      0.01                      0.36  -0.35     0.03
  SINCE JAN 1     41.47                     39.74   1.73    32.98

SNOWFALL (IN)
  YESTERDAY        0.0           T    1989   0.1   -0.1      0.0
  MONTH TO DATE    0.0                       0.2   -0.2      0.0
  SINCE OCT 1      T                         0.4   -0.4       T
  SINCE JUL 1      T                         0.4   -0.4       T
  SNOW DEPTH       0

DEGREE DAYS
 HEATING
  YESTERDAY       22                        23     -1       19
  MONTH TO DATE   64                        69     -5       51
  SINCE DEC 1     64                        69     -5       51
  SINCE JUL 1    749                       893   -144      691

 COOLING
  YESTERDAY        0                         0      0        0
  MONTH TO DATE    0                         0      0        0
  SINCE DEC 1      0                         0      0        0
  SINCE JAN 1   1174                      1005    169     1362
..................................................................


WIND (MPH)
  HIGHEST WIND SPEED     9   HIGHEST WIND DIRECTION     E (70)
  HIGHEST GUST SPEED    11   HIGHEST GUST DIRECTION    NE (60)
  AVERAGE WIND SPEED     5.3


SKY COVER
  POSSIBLE SUNSHINE  MM
  AVERAGE SKY COVER 0.9


WEATHER CONDITIONS
 THE FOLLOWING WEATHER WAS RECORDED YESTERDAY.
  NO SIGNIFICANT WEATHER WAS OBSERVED.


RELATIVE HUMIDITY (PERCENT)
 HIGHEST    86           700 AM
 LOWEST     70          1000 AM
 AVERAGE    78

..........................................................


THE KENNEDY NY CLIMATE NORMALS FOR TODAY
                         NORMAL    RECORD    YEAR
 MAXIMUM TEMPERATURE (F)   48        70      1998
                                             1982
 MINIMUM TEMPERATURE (F)   35        15      1966


SUNRISE AND SUNSET
DECEMBER  4 2017......SUNRISE   703 AM EST   SUNSET   428 PM EST
DECEMBER  5 2017......SUNRISE   704 AM EST   SUNSET   428 PM EST


-  INDICATES NEGATIVE NUMBERS.
R  INDICATES RECORD WAS SET OR TIED.
MM INDICATES DATA IS MISSING.
T  INDICATES TRACE AMOUNT.




$$
