000
CDUS41 KOKX 070619
CLIJFK


CLIMATE REPORT
NATIONAL WEATHER SERVICE NEW YORK NY
219 AM EDT THU APR 7 2016


...................................

...THE KENNEDY NY CLIMATE SUMMARY FOR APRIL 6 2016...

CLIMATE NORMAL PERIOD 1981 TO 2010
CLIMATE RECORD PERIOD 1949 TO 2016


WEATHER ITEM   OBSERVED TIME   RECORD YEAR NORMAL DEPARTURE LAST
                VALUE   (LST)  VALUE       VALUE  FROM      YEAR
                                                  NORMAL
..................................................................
TEMPERATURE (F)
 YESTERDAY
  MAXIMUM         48   1159 PM  73    2010  56     -8       60
  MINIMUM         27    305 AM  20    1982  41    -14       39
  AVERAGE         38                        48    -10       50

PRECIPITATION (IN)
  YESTERDAY        0.00          1.27 1971   0.13  -0.13     0.00
  MONTH TO DATE    0.71                      0.80  -0.09     0.11
  SINCE MAR 1      2.10                      4.58  -2.48     4.99
  SINCE JAN 1     10.74                     10.33   0.41    12.65

SNOWFALL (IN)
  YESTERDAY        0.0           8.0  1982   0.0    0.0      0.0
  MONTH TO DATE    T                         0.3   -0.3      0.0
  SINCE OCT 1     41.4                      23.3   18.1     44.2
  SINCE JUL 1     41.4                      23.3   18.1     44.2
  SNOW DEPTH       0

DEGREE DAYS
 HEATING
  YESTERDAY       27                        17     10       15
  MONTH TO DATE  121                       107     14       96
  SINCE MAR 1    654                       832   -178      933
  SINCE JUL 1   3408                      4343   -935     4625

 COOLING
  YESTERDAY        0                         0      0        0
  MONTH TO DATE    0                         0      0        0
  SINCE MAR 1      0                         0      0        0
  SINCE JAN 1      0                         0      0        0
..................................................................


WIND (MPH)
  HIGHEST WIND SPEED    31   HIGHEST WIND DIRECTION     S (170)
  HIGHEST GUST SPEED    36   HIGHEST GUST DIRECTION     S (170)
  AVERAGE WIND SPEED    12.3


SKY COVER
  POSSIBLE SUNSHINE  MM
  AVERAGE SKY COVER 0.5


WEATHER CONDITIONS
 THE FOLLOWING WEATHER WAS RECORDED YESTERDAY.
  NO SIGNIFICANT WEATHER WAS OBSERVED.


RELATIVE HUMIDITY (PERCENT)
 HIGHEST    89          1000 PM
 LOWEST     29          1200 AM
 AVERAGE    59

..........................................................


THE KENNEDY NY CLIMATE NORMALS FOR TODAY
                         NORMAL    RECORD    YEAR
 MAXIMUM TEMPERATURE (F)   56        87      2010
 MINIMUM TEMPERATURE (F)   41        20      1982


SUNRISE AND SUNSET
APRIL  7 2016.........SUNRISE   628 AM EDT   SUNSET   727 PM EDT
APRIL  8 2016.........SUNRISE   627 AM EDT   SUNSET   728 PM EDT


-  INDICATES NEGATIVE NUMBERS.
R  INDICATES RECORD WAS SET OR TIED.
MM INDICATES DATA IS MISSING.
T  INDICATES TRACE AMOUNT.




$$
