000
CDUS41 KOKX 150619
CLIJFK


CLIMATE REPORT
NATIONAL WEATHER SERVICE NEW YORK NY
118 AM EST THU JAN 15 2015


...................................

...THE KENNEDY NY CLIMATE SUMMARY FOR JANUARY 14 2015...

CLIMATE NORMAL PERIOD 1981 TO 2010
CLIMATE RECORD PERIOD 1949 TO 2015


WEATHER ITEM   OBSERVED TIME   RECORD YEAR NORMAL DEPARTURE LAST
                VALUE   (LST)  VALUE       VALUE  FROM      YEAR
                                                  NORMAL
..................................................................
TEMPERATURE (F)
 YESTERDAY
  MAXIMUM         33    348 PM  60    1950  39     -6       48
  MINIMUM         19    518 AM   5    1988  26     -7       43
  AVERAGE         26                        32     -6       46

PRECIPITATION (IN)
  YESTERDAY        0.00          1.03 1968   0.11  -0.11     0.55
  MONTH TO DATE    2.25                      1.49   0.76     2.32
  SINCE DEC 1      9.29                      4.88   4.41     6.82
  SINCE JAN 1      2.25                      1.49   0.76     2.32

SNOWFALL (IN)
  YESTERDAY        0.0           5.3  1977   0.2   -0.2      0.0
  MONTH TO DATE    2.4                       2.8   -0.4      8.0
  SINCE OCT 1      2.8                       7.7   -4.9     14.9
  SINCE JUL 1      2.8                       7.7   -4.9     14.9
  SNOW DEPTH       0

DEGREE DAYS
 HEATING
  YESTERDAY       39                        33      6       19
  MONTH TO DATE  488                       448     40      487
  SINCE DEC 1   1210                      1293    -83     1315
  SINCE JUL 1   1994                      2117   -123     2129

 COOLING
  YESTERDAY        0                         0      0        0
  MONTH TO DATE    0                         0      0        0
  SINCE DEC 1      0                         0      0        0
  SINCE JAN 1      0                         0      0        0
..................................................................


WIND (MPH)
  HIGHEST WIND SPEED    16   HIGHEST WIND DIRECTION    NE (30)
  HIGHEST GUST SPEED    20   HIGHEST GUST DIRECTION     N (20)
  AVERAGE WIND SPEED    11.6


SKY COVER
  POSSIBLE SUNSHINE  MM
  AVERAGE SKY COVER 0.8


WEATHER CONDITIONS
 THE FOLLOWING WEATHER WAS RECORDED YESTERDAY.
  NO SIGNIFICANT WEATHER WAS OBSERVED.


RELATIVE HUMIDITY (PERCENT)
 HIGHEST    73           700 AM
 LOWEST     56          1200 AM
 AVERAGE    65

..........................................................


THE KENNEDY NY CLIMATE NORMALS FOR TODAY
                         NORMAL    RECORD    YEAR
 MAXIMUM TEMPERATURE (F)   39        58      1995
 MINIMUM TEMPERATURE (F)   26         2      2004


SUNRISE AND SUNSET
JANUARY 15 2015.......SUNRISE   717 AM EST   SUNSET   452 PM EST
JANUARY 16 2015.......SUNRISE   717 AM EST   SUNSET   453 PM EST


-  INDICATES NEGATIVE NUMBERS.
R  INDICATES RECORD WAS SET OR TIED.
MM INDICATES DATA IS MISSING.
T  INDICATES TRACE AMOUNT.




$$
