000
CDUS41 KOKX 110619
CLIJFK


CLIMATE REPORT
NATIONAL WEATHER SERVICE NEW YORK NY
218 AM EDT WED OCT 11 2017


...................................

...THE KENNEDY NY CLIMATE SUMMARY FOR OCTOBER 10 2017...

CLIMATE NORMAL PERIOD 1981 TO 2010
CLIMATE RECORD PERIOD 1948 TO 2017


WEATHER ITEM   OBSERVED TIME   RECORD YEAR NORMAL DEPARTURE LAST
                VALUE   (LST)  VALUE       VALUE  FROM      YEAR
                                                  NORMAL
..................................................................
TEMPERATURE (F)
 YESTERDAY
  MAXIMUM         84    132 PM  86    1997  67     17       64
  MINIMUM         66   1159 PM  35    1979  52     14       47
  AVERAGE         75                        59     16       56

PRECIPITATION (IN)
  YESTERDAY        0.00          2.33 1971   0.13  -0.13     0.00
  MONTH TO DATE    0.38                      1.24  -0.86     1.34
  SINCE SEP 1      2.58                      4.74  -2.16     4.21
  SINCE JAN 1     35.83                     33.70   2.13    27.48

SNOWFALL (IN)
  YESTERDAY        0.0          MM      MM   0.0    0.0      0.0
  MONTH TO DATE    0.0                       0.0    0.0      0.0
  SINCE OCT 1      0.0                       0.0    0.0      0.0
  SINCE JUL 1      0.0                       0.0    0.0      0.0
  SNOW DEPTH       0

DEGREE DAYS
 HEATING
  YESTERDAY        0                         7     -7        9
  MONTH TO DATE   12                        53    -41       34
  SINCE SEP 1     24                        91    -67       47
  SINCE JUL 1     24                        92    -68       47

 COOLING
  YESTERDAY       10                         1      9        0
  MONTH TO DATE   48                        10     38        2
  SINCE SEP 1    232                       140     92      207
  SINCE JAN 1   1155                      1001    154     1344
..................................................................


WIND (MPH)
  HIGHEST WIND SPEED    20   HIGHEST WIND DIRECTION    NW (320)
  HIGHEST GUST SPEED    24   HIGHEST GUST DIRECTION    NW (320)
  AVERAGE WIND SPEED     7.3


SKY COVER
  POSSIBLE SUNSHINE  MM
  AVERAGE SKY COVER 0.5


WEATHER CONDITIONS
 THE FOLLOWING WEATHER WAS RECORDED YESTERDAY.
  NO SIGNIFICANT WEATHER WAS OBSERVED.


RELATIVE HUMIDITY (PERCENT)
 HIGHEST   100          1200 AM
 LOWEST     47           100 PM
 AVERAGE    74

..........................................................


THE KENNEDY NY CLIMATE NORMALS FOR TODAY
                         NORMAL    RECORD    YEAR
 MAXIMUM TEMPERATURE (F)   66        80      1960
 MINIMUM TEMPERATURE (F)   51        37      1979
                                             1964


SUNRISE AND SUNSET
OCTOBER 11 2017.......SUNRISE   702 AM EDT   SUNSET   621 PM EDT
OCTOBER 12 2017.......SUNRISE   703 AM EDT   SUNSET   619 PM EDT


-  INDICATES NEGATIVE NUMBERS.
R  INDICATES RECORD WAS SET OR TIED.
MM INDICATES DATA IS MISSING.
T  INDICATES TRACE AMOUNT.




$$
