000
CDUS41 KOKX 032049
CLIJFK


CLIMATE REPORT
NATIONAL WEATHER SERVICE NEW YORK NY
449 PM EDT MON JUL 3 2017


...................................

...THE KENNEDY NY CLIMATE SUMMARY FOR JULY 3 2017...
VALID TODAY AS OF 0400 PM LOCAL TIME.

CLIMATE NORMAL PERIOD 1981 TO 2010
CLIMATE RECORD PERIOD 1948 TO 2017


WEATHER ITEM   OBSERVED TIME   RECORD YEAR NORMAL DEPARTURE LAST
                VALUE   (LST)  VALUE       VALUE  FROM      YEAR
                                                  NORMAL
..................................................................
TEMPERATURE (F)
 TODAY
  MAXIMUM         89    247 PM 104    1966  82      7       81
  MINIMUM         71    448 AM  56    2001  67      4       67
  AVERAGE         80                        75      5       74

PRECIPITATION (IN)
  TODAY            0.00          1.73 1978   0.12  -0.12     0.00
  MONTH TO DATE    0.53                      0.35   0.18     0.45
  SINCE JUN 1      4.73                      4.21   0.52     2.06
  SINCE JAN 1     26.63                     21.55   5.08    17.04

SNOWFALL (IN)
  TODAY            0.0          MM      MM   0.0    0.0      0.0
  MONTH TO DATE    0.0                       0.0    0.0      0.0
  SINCE OCT 1     30.9                      23.8    7.1     41.4
  SINCE JUL 1      0.0                       0.0    0.0      0.0
  SNOW DEPTH       0

DEGREE DAYS
 HEATING
  TODAY            0                         0      0        0
  MONTH TO DATE    0                         0      0        0
  SINCE JUN 1     20                        21     -1        3
  SINCE JUL 1      0                         0      0        0

 COOLING
  TODAY           15                        10      5        9
  MONTH TO DATE   38                        30      8       28
  SINCE JUN 1    239                       213     26      246
  SINCE JAN 1    289                       248     41      297
..................................................................


WIND (MPH)
  HIGHEST WIND SPEED    20   HIGHEST WIND DIRECTION    SW (220)
  HIGHEST GUST SPEED    24   HIGHEST GUST DIRECTION    SW (220)
  AVERAGE WIND SPEED     9.2


SKY COVER
  AVERAGE SKY COVER 0.5


WEATHER CONDITIONS
 THE FOLLOWING WEATHER WAS RECORDED TODAY.
  NO SIGNIFICANT WEATHER WAS OBSERVED.


RELATIVE HUMIDITY (PERCENT)
 HIGHEST    93           200 AM
 LOWEST     36          1100 AM
 AVERAGE    65

..........................................................


THE KENNEDY NY CLIMATE NORMALS FOR TOMORROW
                         NORMAL    RECORD    YEAR
 MAXIMUM TEMPERATURE (F)   83       101      2010
                                             1966
 MINIMUM TEMPERATURE (F)   68        59      1986


SUNRISE AND SUNSET
JULY  3 2017..........SUNRISE   529 AM EDT   SUNSET   830 PM EDT
JULY  4 2017..........SUNRISE   530 AM EDT   SUNSET   829 PM EDT


-  INDICATES NEGATIVE NUMBERS.
R  INDICATES RECORD WAS SET OR TIED.
MM INDICATES DATA IS MISSING.
T  INDICATES TRACE AMOUNT.




$$
