000
CDUS41 KOKX 280623
CLIJFK


CLIMATE REPORT
NATIONAL WEATHER SERVICE NEW YORK NY
222 AM EDT SAT JUN 28 2014


...................................

...THE KENNEDY NY CLIMATE SUMMARY FOR JUNE 27 2014...

CLIMATE NORMAL PERIOD 1981 TO 2010
CLIMATE RECORD PERIOD 1949 TO 2014


WEATHER ITEM   OBSERVED TIME   RECORD YEAR NORMAL DEPARTURE LAST
                VALUE   (LST)  VALUE       VALUE  FROM      YEAR
                                                  NORMAL
..................................................................
TEMPERATURE (F)
 YESTERDAY
  MAXIMUM         79    214 PM  98    1963  81     -2       84
  MINIMUM         65   1130 PM  54    1965  66     -1       71
  AVERAGE         72                        74     -2       78

PRECIPITATION (IN)
  YESTERDAY        0.00          1.74 2007   0.12  -0.12     0.13
  MONTH TO DATE    2.61                      3.53  -0.92     7.93
  SINCE JUN 1      2.61                      3.53  -0.92     7.93
  SINCE JAN 1     25.05                     20.87   4.18    21.18

SNOWFALL (IN)
  YESTERDAY        0.0          MM      MM   0.0    0.0      0.0
  MONTH TO DATE    0.0                       0.0    0.0      0.0
  SINCE OCT 1     45.6                      23.8   21.8     17.6
  SINCE JUL 1     45.6                      23.8   21.8     17.6
  SNOW DEPTH       0

DEGREE DAYS
 HEATING
  YESTERDAY        0                         0      0        0
  MONTH TO DATE    0                        20    -20       10
  SINCE JUN 1      0                        20    -20       10
  SINCE JUL 1   5099                      4838    261     4706

 COOLING
  YESTERDAY        7                         9     -2       13
  MONTH TO DATE  181                       154     27      148
  SINCE JUN 1    181                       154     27      148
  SINCE JAN 1    213                       189     24      174
..................................................................


WIND (MPH)
  HIGHEST WIND SPEED    17   HIGHEST WIND DIRECTION     E (90)
  HIGHEST GUST SPEED    22   HIGHEST GUST DIRECTION     E (90)
  AVERAGE WIND SPEED     7.9


SKY COVER
  POSSIBLE SUNSHINE  MM
  AVERAGE SKY COVER 0.6


WEATHER CONDITIONS
 THE FOLLOWING WEATHER WAS RECORDED YESTERDAY.
  NO SIGNIFICANT WEATHER WAS OBSERVED.


RELATIVE HUMIDITY (PERCENT)
 HIGHEST    81           300 AM
 LOWEST     48           100 PM
 AVERAGE    65

..........................................................


THE KENNEDY NY CLIMATE NORMALS FOR TODAY
                         NORMAL    RECORD    YEAR
 MAXIMUM TEMPERATURE (F)   81        98      2010
 MINIMUM TEMPERATURE (F)   66        53      1995


SUNRISE AND SUNSET
JUNE 28 2014..........SUNRISE   527 AM EDT   SUNSET   830 PM EDT
JUNE 29 2014..........SUNRISE   527 AM EDT   SUNSET   830 PM EDT


-  INDICATES NEGATIVE NUMBERS.
R  INDICATES RECORD WAS SET OR TIED.
MM INDICATES DATA IS MISSING.
T  INDICATES TRACE AMOUNT.




$$
