130
CDUS41 KOKX 162033
CLIJFK


CLIMATE REPORT
NATIONAL WEATHER SERVICE NEW YORK NY
431 PM EDT TUE MAY 16 2017


...................................

...THE KENNEDY NY CLIMATE SUMMARY FOR MAY 16 2017...
VALID TODAY AS OF 0400 PM LOCAL TIME.

CLIMATE NORMAL PERIOD 1981 TO 2010
CLIMATE RECORD PERIOD 1948 TO 2017


WEATHER ITEM   OBSERVED TIME   RECORD YEAR NORMAL DEPARTURE LAST
                VALUE   (LST)  VALUE       VALUE  FROM      YEAR
                                                  NORMAL
..................................................................
TEMPERATURE (F)
 TODAY
  MAXIMUM         77    259 PM  83    1993  68      9       68
  MINIMUM         58    412 AM  43    1983  53      5       44
  AVERAGE         68                        61      7       56

PRECIPITATION (IN)
  TODAY            0.00          1.49 1989   0.12  -0.12     0.00
  MONTH TO DATE    3.51                      1.87   1.64     2.13
  SINCE MAR 1     13.36                      9.52   3.84     4.76
  SINCE JAN 1     19.58                     15.27   4.31    13.40

SNOWFALL (IN)
  TODAY            0.0          MM      MM   0.0    0.0      0.0
  MONTH TO DATE    0.0                       0.0    0.0      0.0
  SINCE OCT 1     30.9                      23.8    7.1     41.4
  SINCE JUL 1     30.9                      23.8    7.1     41.4
  SNOW DEPTH       0

DEGREE DAYS
 HEATING
  TODAY            0                         5     -5        9
  MONTH TO DATE  129                       114     15      155
  SINCE MAR 1   1217                      1254    -37     1099
  SINCE JUL 1   4135                      4765   -630     3853

 COOLING
  TODAY            3                         1      2        0
  MONTH TO DATE    6                         7     -1        0
  SINCE MAR 1     18                        10      8        0
  SINCE JAN 1     18                        10      8        0
..................................................................


WIND (MPH)
  HIGHEST WIND SPEED    21   HIGHEST WIND DIRECTION    SW (230)
  HIGHEST GUST SPEED    25   HIGHEST GUST DIRECTION    NW (310)
  AVERAGE WIND SPEED    13.2


SKY COVER
  AVERAGE SKY COVER 0.5


WEATHER CONDITIONS
 THE FOLLOWING WEATHER WAS RECORDED TODAY.
  NO SIGNIFICANT WEATHER WAS OBSERVED.


RELATIVE HUMIDITY (PERCENT)
 HIGHEST    62           300 AM
 LOWEST     38          1100 AM
 AVERAGE    50

..........................................................


THE KENNEDY NY CLIMATE NORMALS FOR TOMORROW
                         NORMAL    RECORD    YEAR
 MAXIMUM TEMPERATURE (F)   69        89      1974
 MINIMUM TEMPERATURE (F)   53        42      1983


SUNRISE AND SUNSET
MAY 16 2017...........SUNRISE   537 AM EDT   SUNSET   806 PM EDT
MAY 17 2017...........SUNRISE   536 AM EDT   SUNSET   807 PM EDT


-  INDICATES NEGATIVE NUMBERS.
R  INDICATES RECORD WAS SET OR TIED.
MM INDICATES DATA IS MISSING.
T  INDICATES TRACE AMOUNT.




$$
