000
CDUS41 KOKX 292031
CLIJFK


CLIMATE REPORT
NATIONAL WEATHER SERVICE NEW YORK NY
431 PM EDT TUE AUG 29 2017


...................................

...THE KENNEDY NY CLIMATE SUMMARY FOR AUGUST 29 2017...
VALID TODAY AS OF 0400 PM LOCAL TIME.

CLIMATE NORMAL PERIOD 1981 TO 2010
CLIMATE RECORD PERIOD 1948 TO 2017


WEATHER ITEM   OBSERVED TIME   RECORD YEAR NORMAL DEPARTURE LAST
                VALUE   (LST)  VALUE       VALUE  FROM      YEAR
                                                  NORMAL
..................................................................
TEMPERATURE (F)
 TODAY
  MAXIMUM         69   1108 AM  96    1948  80    -11       94
  MINIMUM         64    259 PM  51    1982  66     -2       72
                                      1965
  AVERAGE         67                        73     -6       83

PRECIPITATION (IN)
  TODAY            0.08          2.87 2002   0.10  -0.02     0.00
  MONTH TO DATE    1.96                      3.48  -1.52     0.62
  SINCE JUN 1     10.81                     11.42  -0.61     8.29
  SINCE JAN 1     32.71                     28.76   3.95    23.27

SNOWFALL (IN)
  TODAY            0.0          MM      MM   0.0    0.0      0.0
  MONTH TO DATE    0.0                       0.0    0.0      0.0
  SINCE OCT 1     30.9                      23.8    7.1     41.4
  SINCE JUL 1      0.0                       0.0    0.0      0.0
  SNOW DEPTH       0

DEGREE DAYS
 HEATING
  TODAY            0                         0      0        0
  MONTH TO DATE    0                         0      0        0
  SINCE JUN 1     20                        21     -1        3
  SINCE JUL 1      0                         0      0        0

 COOLING
  TODAY            2                         8     -6       18
  MONTH TO DATE  289                       291     -2      414
  SINCE JUN 1    858                       811     47     1060
  SINCE JAN 1    908                       846     62     1111
..................................................................


WIND (MPH)
  HIGHEST WIND SPEED    18   HIGHEST WIND DIRECTION     E (70)
  HIGHEST GUST SPEED    23   HIGHEST GUST DIRECTION    NE (60)
  AVERAGE WIND SPEED    10.8


SKY COVER
  AVERAGE SKY COVER 1.0


WEATHER CONDITIONS
 THE FOLLOWING WEATHER WAS RECORDED TODAY.
  LIGHT RAIN


RELATIVE HUMIDITY (PERCENT)
 HIGHEST    93           300 PM
 LOWEST     73           700 AM
 AVERAGE    83

..........................................................


THE KENNEDY NY CLIMATE NORMALS FOR TOMORROW
                         NORMAL    RECORD    YEAR
 MAXIMUM TEMPERATURE (F)   80        95      1973
 MINIMUM TEMPERATURE (F)   66        51      1965


SUNRISE AND SUNSET
AUGUST 29 2017........SUNRISE   619 AM EDT   SUNSET   732 PM EDT
AUGUST 30 2017........SUNRISE   620 AM EDT   SUNSET   730 PM EDT


-  INDICATES NEGATIVE NUMBERS.
R  INDICATES RECORD WAS SET OR TIED.
MM INDICATES DATA IS MISSING.
T  INDICATES TRACE AMOUNT.




$$
