000
CDUS41 KOKX 150616
CLIJFK


CLIMATE REPORT
NATIONAL WEATHER SERVICE NEW YORK NY
116 AM EST WED FEB 15 2017


...................................

...THE KENNEDY NY CLIMATE SUMMARY FOR FEBRUARY 14 2017...

CLIMATE NORMAL PERIOD 1981 TO 2010
CLIMATE RECORD PERIOD 1948 TO 2017


WEATHER ITEM   OBSERVED TIME   RECORD YEAR NORMAL DEPARTURE LAST
                VALUE   (LST)  VALUE       VALUE  FROM      YEAR
                                                  NORMAL
..................................................................
TEMPERATURE (F)
 YESTERDAY
  MAXIMUM         38   1150 PM  62    1990  42     -4       17
  MINIMUM         28    554 AM   1    2016  28      0        1
  AVERAGE         33                        35     -2        9

PRECIPITATION (IN)
  YESTERDAY        0.00          0.81 1950   0.09  -0.09     0.00
  MONTH TO DATE    1.24                      1.24   0.00     1.42
  SINCE DEC 1      8.94                      7.79   1.15    10.80
  SINCE JAN 1      5.88                      4.40   1.48     6.01

SNOWFALL (IN)
  YESTERDAY        0.0           2.5  1978   0.3   -0.3      0.0
  MONTH TO DATE    8.4                       4.2    4.2      6.4
  SINCE OCT 1     23.4                      15.4    8.0     37.8
  SINCE JUL 1     23.4                      15.4    8.0     37.8
  SNOW DEPTH       3

DEGREE DAYS
 HEATING
  YESTERDAY       32                        30      2       56
  MONTH TO DATE  404                       437    -33      438
  SINCE DEC 1   1998                      2283   -285     1815
  SINCE JUL 1   2638                      3107   -469     2406

 COOLING
  YESTERDAY        0                         0      0        0
  MONTH TO DATE    0                         0      0        0
  SINCE DEC 1      0                         0      0        0
  SINCE JAN 1      0                         0      0        0
..................................................................


WIND (MPH)
  HIGHEST WIND SPEED    21   HIGHEST WIND DIRECTION    NW (310)
  HIGHEST GUST SPEED    27   HIGHEST GUST DIRECTION    NW (330)
  AVERAGE WIND SPEED    11.3


SKY COVER
  POSSIBLE SUNSHINE  MM
  AVERAGE SKY COVER 0.5


WEATHER CONDITIONS
 THE FOLLOWING WEATHER WAS RECORDED YESTERDAY.
  NO SIGNIFICANT WEATHER WAS OBSERVED.


RELATIVE HUMIDITY (PERCENT)
 HIGHEST    89           800 PM
 LOWEST     56          1100 AM
 AVERAGE    73

..........................................................


THE KENNEDY NY CLIMATE NORMALS FOR TODAY
                         NORMAL    RECORD    YEAR
 MAXIMUM TEMPERATURE (F)   42        62      1949
 MINIMUM TEMPERATURE (F)   28         5      2015


SUNRISE AND SUNSET
FEBRUARY 15 2017......SUNRISE   649 AM EST   SUNSET   530 PM EST
FEBRUARY 16 2017......SUNRISE   647 AM EST   SUNSET   532 PM EST


-  INDICATES NEGATIVE NUMBERS.
R  INDICATES RECORD WAS SET OR TIED.
MM INDICATES DATA IS MISSING.
T  INDICATES TRACE AMOUNT.




$$
