000
CDUS41 KOKX 042139
CLIJFK


CLIMATE REPORT
NATIONAL WEATHER SERVICE NEW YORK NY
439 PM EST TUE NOV 4 2014


...................................

...THE KENNEDY NY CLIMATE SUMMARY FOR NOVEMBER 4 2014...
VALID TODAY AS OF 0400 PM LOCAL TIME.

CLIMATE NORMAL PERIOD 1981 TO 2010
CLIMATE RECORD PERIOD 1949 TO 2014


WEATHER ITEM   OBSERVED TIME   RECORD YEAR NORMAL DEPARTURE LAST
                VALUE   (LST)  VALUE       VALUE  FROM      YEAR
                                                  NORMAL
..................................................................
TEMPERATURE (F)
 TODAY
  MAXIMUM         67    155 PM  77    1975  58      9       48
  MINIMUM         50    607 AM  34    2013  44      6       34
                                      2006
                                      1966
  AVERAGE         59                        51      8       41

PRECIPITATION (IN)
  TODAY            0.00          1.33 2004   0.10  -0.10     0.00
  MONTH TO DATE    1.03                      0.43   0.60     0.07
  SINCE SEP 1      6.15                      7.55  -1.40     2.32
  SINCE JAN 1     40.26                     36.51   3.75    28.51

SNOWFALL (IN)
  TODAY            0.0          MM      MM   0.0    0.0      0.0
  MONTH TO DATE    0.0                       0.0    0.0      0.0
  SINCE OCT 1      0.0                       0.0    0.0      0.0
  SINCE JUL 1      0.0                       0.0    0.0      0.0
  SNOW DEPTH       0

DEGREE DAYS
 HEATING
  TODAY            6                        14     -8       24
  MONTH TO DATE   58                        54      4       48
  SINCE SEP 1    252                       352   -100      279
  SINCE JUL 1    252                       353   -101      279

 COOLING
  TODAY            0                         0      0        0
  MONTH TO DATE    0                         0      0        0
  SINCE SEP 1    187                       144     43      152
  SINCE JAN 1   1050                      1005     45     1111
..................................................................


WIND (MPH)
  HIGHEST WIND SPEED    15   HIGHEST WIND DIRECTION     S (190)
  HIGHEST GUST SPEED    18   HIGHEST GUST DIRECTION     W (270)
  AVERAGE WIND SPEED     9.5


SKY COVER
  AVERAGE SKY COVER 0.8


WEATHER CONDITIONS
 THE FOLLOWING WEATHER WAS RECORDED TODAY.
  NO SIGNIFICANT WEATHER WAS OBSERVED.


RELATIVE HUMIDITY (PERCENT)
 HIGHEST    60           400 PM
 LOWEST     26           200 PM
 AVERAGE    43

..........................................................


THE KENNEDY NY CLIMATE NORMALS FOR TOMORROW
                         NORMAL    RECORD    YEAR
 MAXIMUM TEMPERATURE (F)   58        75      1975
 MINIMUM TEMPERATURE (F)   44        32      1965


SUNRISE AND SUNSET
NOVEMBER  4 2014......SUNRISE   629 AM EST   SUNSET   448 PM EST
NOVEMBER  5 2014......SUNRISE   630 AM EST   SUNSET   447 PM EST


-  INDICATES NEGATIVE NUMBERS.
R  INDICATES RECORD WAS SET OR TIED.
MM INDICATES DATA IS MISSING.
T  INDICATES TRACE AMOUNT.




$$
