000
CDUS41 KOKX 230616
CLIJFK


CLIMATE REPORT
NATIONAL WEATHER SERVICE NEW YORK NY
216 AM EDT TUE JUN 23 2015


...................................

...THE KENNEDY NY CLIMATE SUMMARY FOR JUNE 22 2015...

CLIMATE NORMAL PERIOD 1981 TO 2010
CLIMATE RECORD PERIOD 1949 TO 2015


WEATHER ITEM   OBSERVED TIME   RECORD YEAR NORMAL DEPARTURE LAST
                VALUE   (LST)  VALUE       VALUE  FROM      YEAR
                                                  NORMAL
..................................................................
TEMPERATURE (F)
 YESTERDAY
  MAXIMUM         89    454 PM  94    2012  80      9       77
  MINIMUM         74   1132 PM  55    1992  65      9       61
  AVERAGE         82                        72     10       69

PRECIPITATION (IN)
  YESTERDAY        0.00          1.25 1995   0.12  -0.12     0.00
  MONTH TO DATE    3.65                      2.95   0.70     2.50
  SINCE JUN 1      3.65                      2.95   0.70     2.50
  SINCE JAN 1     18.26                     20.29  -2.03    24.94

SNOWFALL (IN)
  YESTERDAY        0.0          MM      MM   0.0    0.0      0.0
  MONTH TO DATE    0.0                       0.0    0.0      0.0
  SINCE OCT 1     44.2                      23.8   20.4     45.6
  SINCE JUL 1     44.2                      23.8   20.4     45.6
  SNOW DEPTH       0

DEGREE DAYS
 HEATING
  YESTERDAY        0                         0      0        0
  MONTH TO DATE   29                        20      9        0
  SINCE JUN 1     29                        20      9        0
  SINCE JUL 1   5000                      4838    162     5099

 COOLING
  YESTERDAY       17                         8      9        4
  MONTH TO DATE  153                       112     41      134
  SINCE JUN 1    153                       112     41      134
  SINCE JAN 1    213                       147     66      166
..................................................................


WIND (MPH)
  HIGHEST WIND SPEED    20   HIGHEST WIND DIRECTION     W (260)
  HIGHEST GUST SPEED    26   HIGHEST GUST DIRECTION    NW (310)
  AVERAGE WIND SPEED    11.5


SKY COVER
  POSSIBLE SUNSHINE  MM
  AVERAGE SKY COVER 0.5


WEATHER CONDITIONS
 THE FOLLOWING WEATHER WAS RECORDED YESTERDAY.
  NO SIGNIFICANT WEATHER WAS OBSERVED.


RELATIVE HUMIDITY (PERCENT)
 HIGHEST    74          1000 PM
 LOWEST     35          1200 PM
 AVERAGE    55

..........................................................


THE KENNEDY NY CLIMATE NORMALS FOR TODAY
                         NORMAL    RECORD    YEAR
 MAXIMUM TEMPERATURE (F)   80        94      2010
 MINIMUM TEMPERATURE (F)   65        52      1992


SUNRISE AND SUNSET
JUNE 23 2015..........SUNRISE   525 AM EDT   SUNSET   830 PM EDT
JUNE 24 2015..........SUNRISE   525 AM EDT   SUNSET   830 PM EDT


-  INDICATES NEGATIVE NUMBERS.
R  INDICATES RECORD WAS SET OR TIED.
MM INDICATES DATA IS MISSING.
T  INDICATES TRACE AMOUNT.




$$
