000
CDUS41 KOKX 272132
CLIJFK


CLIMATE REPORT
NATIONAL WEATHER SERVICE NEW YORK NY
432 PM EST TUE DEC 27 2016


...................................

...THE KENNEDY NY CLIMATE SUMMARY FOR DECEMBER 27 2016...
VALID TODAY AS OF 0400 PM LOCAL TIME.

CLIMATE NORMAL PERIOD 1981 TO 2010
CLIMATE RECORD PERIOD 1948 TO 2016


WEATHER ITEM   OBSERVED TIME   RECORD YEAR NORMAL DEPARTURE LAST
                VALUE   (LST)  VALUE       VALUE  FROM      YEAR
                                                  NORMAL
..................................................................
TEMPERATURE (F)
 TODAY
  MAXIMUM         62    303 PM  63    2015  41     21       63
  MINIMUM         48   1227 AM   8    1948  28     20       48
  AVERAGE         55                        35     20       56

PRECIPITATION (IN)
  TODAY            T             0.81 1964   0.10  -0.10     0.08
  MONTH TO DATE    2.70                      3.00  -0.30     3.65
  SINCE DEC 1      2.70                      3.00  -0.30     3.65
  SINCE JAN 1     35.65                     42.38  -6.73    37.17

SNOWFALL (IN)
  TODAY            0.0           5.1  2010   0.2   -0.2      0.0
  MONTH TO DATE    3.3                       3.8   -0.5      0.0
  SINCE OCT 1      3.3                       4.0   -0.7      0.0
  SINCE JUL 1      3.3                       4.0   -0.7      0.0
  SNOW DEPTH       0

DEGREE DAYS
 HEATING
  TODAY           10                        30    -20        9
  MONTH TO DATE  673                       722    -49      363
  SINCE DEC 1    673                       722    -49      363
  SINCE JUL 1   1313                      1546   -233      954

 COOLING
  TODAY            0                         0      0        0
  MONTH TO DATE    0                         0      0        0
  SINCE DEC 1      0                         0      0        0
  SINCE JAN 1   1362                      1005    357     1387
..................................................................


WIND (MPH)
  HIGHEST WIND SPEED    24   HIGHEST WIND DIRECTION     W (260)
  HIGHEST GUST SPEED    30   HIGHEST GUST DIRECTION     W (260)
  AVERAGE WIND SPEED    14.5


SKY COVER
  AVERAGE SKY COVER 0.9


WEATHER CONDITIONS
 THE FOLLOWING WEATHER WAS RECORDED TODAY.
  FOG
  HAZE


RELATIVE HUMIDITY (PERCENT)
 HIGHEST    93          1200 AM
 LOWEST     39           300 PM
 AVERAGE    66

..........................................................


THE KENNEDY NY CLIMATE NORMALS FOR TOMORROW
                         NORMAL    RECORD    YEAR
 MAXIMUM TEMPERATURE (F)   41        64      2008
 MINIMUM TEMPERATURE (F)   28        12      1960


SUNRISE AND SUNSET
DECEMBER 27 2016......SUNRISE   718 AM EST   SUNSET   435 PM EST
DECEMBER 28 2016......SUNRISE   718 AM EST   SUNSET   436 PM EST


-  INDICATES NEGATIVE NUMBERS.
R  INDICATES RECORD WAS SET OR TIED.
MM INDICATES DATA IS MISSING.
T  INDICATES TRACE AMOUNT.




$$
