000
CDUS41 KOKX 180619
CLIJFK


CLIMATE REPORT
NATIONAL WEATHER SERVICE NEW YORK NY
219 AM EDT SAT MAR 18 2017


...................................

...THE KENNEDY NY CLIMATE SUMMARY FOR MARCH 17 2017...

CLIMATE NORMAL PERIOD 1981 TO 2010
CLIMATE RECORD PERIOD 1948 TO 2017


WEATHER ITEM   OBSERVED TIME   RECORD YEAR NORMAL DEPARTURE LAST
                VALUE   (LST)  VALUE       VALUE  FROM      YEAR
                                                  NORMAL
..................................................................
TEMPERATURE (F)
 YESTERDAY
  MAXIMUM         45    312 PM  69    2003  49     -4       63
  MINIMUM         30    600 AM  13    1967  34     -4       44
  AVERAGE         38                        42     -4       54

PRECIPITATION (IN)
  YESTERDAY        0.00          1.11 1968   0.13  -0.13      T
  MONTH TO DATE    2.37                      1.95   0.42     0.79
  SINCE MAR 1      2.37                      1.95   0.42     0.79
  SINCE JAN 1      8.59                      7.70   0.89     9.43

SNOWFALL (IN)
  YESTERDAY        0.0           2.9  1967   0.1   -0.1      0.0
  MONTH TO DATE    7.5                       2.5    5.0      1.4
  SINCE OCT 1     30.9                      22.0    8.9     40.9
  SINCE JUL 1     30.9                      22.0    8.9     40.9
  SNOW DEPTH       3

DEGREE DAYS
 HEATING
  YESTERDAY       27                        23      4       11
  MONTH TO DATE  486                       431     55      303
  SINCE MAR 1    486                       431     55      303
  SINCE JUL 1   3404                      3942   -538     3057

 COOLING
  YESTERDAY        0                         0      0        0
  MONTH TO DATE    0                         0      0        0
  SINCE MAR 1      0                         0      0        0
  SINCE JAN 1      0                         0      0        0
..................................................................


WIND (MPH)
  HIGHEST WIND SPEED    21   HIGHEST WIND DIRECTION    SW (240)
  HIGHEST GUST SPEED    25   HIGHEST GUST DIRECTION     W (290)
  AVERAGE WIND SPEED    13.2


SKY COVER
  POSSIBLE SUNSHINE  MM
  AVERAGE SKY COVER 0.3


WEATHER CONDITIONS
 THE FOLLOWING WEATHER WAS RECORDED YESTERDAY.
  NO SIGNIFICANT WEATHER WAS OBSERVED.


RELATIVE HUMIDITY (PERCENT)
 HIGHEST    64           800 PM
 LOWEST     31           200 PM
 AVERAGE    48

..........................................................


THE KENNEDY NY CLIMATE NORMALS FOR TODAY
                         NORMAL    RECORD    YEAR
 MAXIMUM TEMPERATURE (F)   50        79      2011
 MINIMUM TEMPERATURE (F)   35         9      1967


SUNRISE AND SUNSET
MARCH 18 2017.........SUNRISE   701 AM EDT   SUNSET   705 PM EDT
MARCH 19 2017.........SUNRISE   700 AM EDT   SUNSET   706 PM EDT


-  INDICATES NEGATIVE NUMBERS.
R  INDICATES RECORD WAS SET OR TIED.
MM INDICATES DATA IS MISSING.
T  INDICATES TRACE AMOUNT.




$$
