000
CDUS41 KOKX 302032
CLIJFK


CLIMATE REPORT
NATIONAL WEATHER SERVICE NEW YORK NY
432 PM EDT SUN MAR 30 2014


...................................

...THE KENNEDY NY CLIMATE SUMMARY FOR MARCH 30 2014...
VALID TODAY AS OF 0400 PM LOCAL TIME.

CLIMATE NORMAL PERIOD 1981 TO 2010
CLIMATE RECORD PERIOD 1949 TO 2014


WEATHER ITEM   OBSERVED TIME   RECORD YEAR NORMAL DEPARTURE LAST
                VALUE   (LST)  VALUE       VALUE  FROM      YEAR
                                                  NORMAL
..................................................................
TEMPERATURE (F)
 TODAY
  MAXIMUM         55   1221 AM  72    1979  53      2       58
                                      1949
  MINIMUM         47    713 AM  22    1970  38      9       39
  AVERAGE         51                        46      5       49

PRECIPITATION (IN)
  TODAY            0.31          2.29 2010   0.13   0.18     0.00
  MONTH TO DATE    3.83                      3.65   0.18     2.20
  SINCE MAR 1      3.83                      3.65   0.18     2.20
  SINCE JAN 1     11.43                      9.40   2.03     7.32

SNOWFALL (IN)
  TODAY            0.0           0.1  1991   0.0    0.0      0.0
  MONTH TO DATE    0.6                       3.4   -2.8      4.4
  SINCE OCT 1     45.5                      22.9   22.6     17.6
  SINCE JUL 1     45.5                      22.9   22.6     17.6
  SNOW DEPTH       0

DEGREE DAYS
 HEATING
  TODAY           14                        19     -5       16
  MONTH TO DATE  827                       705    122      745
  SINCE MAR 1    827                       705    122      745
  SINCE JUL 1   4534                      4216    318     4075

 COOLING
  TODAY            0                         0      0        0
  MONTH TO DATE    0                         0      0        0
  SINCE MAR 1      0                         0      0        0
  SINCE JAN 1      0                         0      0        0
..................................................................


WIND (MPH)
  HIGHEST WIND SPEED    25   HIGHEST WIND DIRECTION     N (10)
  HIGHEST GUST SPEED    32   HIGHEST GUST DIRECTION     N (20)
  AVERAGE WIND SPEED    12.7


SKY COVER
  AVERAGE SKY COVER 1.0


WEATHER CONDITIONS
 THE FOLLOWING WEATHER WAS RECORDED TODAY.
  HEAVY RAIN
  RAIN
  LIGHT RAIN
  FOG
  FOG W/VISIBILITY <= 1/4 MILE


RELATIVE HUMIDITY (PERCENT)
 HIGHEST    96          1200 AM
 LOWEST     86          1100 AM
 AVERAGE    91

..........................................................


THE KENNEDY NY CLIMATE NORMALS FOR TOMORROW
                         NORMAL    RECORD    YEAR
 MAXIMUM TEMPERATURE (F)   54        74      1986
                                             1981
 MINIMUM TEMPERATURE (F)   39        21      1964


SUNRISE AND SUNSET
MARCH 30 2014.........SUNRISE   642 AM EDT   SUNSET   718 PM EDT
MARCH 31 2014.........SUNRISE   640 AM EDT   SUNSET   719 PM EDT


-  INDICATES NEGATIVE NUMBERS.
R  INDICATES RECORD WAS SET OR TIED.
MM INDICATES DATA IS MISSING.
T  INDICATES TRACE AMOUNT.




$$
