000
CDUS41 KOKX 142031
CLIJFK


CLIMATE REPORT
NATIONAL WEATHER SERVICE NEW YORK NY
431 PM EDT THU MAY 14 2015


...................................

...THE KENNEDY NY CLIMATE SUMMARY FOR MAY 14 2015...
VALID TODAY AS OF 0400 PM LOCAL TIME.

CLIMATE NORMAL PERIOD 1981 TO 2010
CLIMATE RECORD PERIOD 1949 TO 2015


WEATHER ITEM   OBSERVED TIME   RECORD YEAR NORMAL DEPARTURE LAST
                VALUE   (LST)  VALUE       VALUE  FROM      YEAR
                                                  NORMAL
..................................................................
TEMPERATURE (F)
 TODAY
  MAXIMUM         71   1232 PM  87    1991  68      3       64
  MINIMUM         51    505 AM  39    1987  52     -1       50
  AVERAGE         61                        60      1       57

PRECIPITATION (IN)
  TODAY            0.00          2.03 1978   0.12  -0.12      T
  MONTH TO DATE    0.03                      1.63  -1.60     1.48
  SINCE MAR 1      6.52                      9.28  -2.76    12.72
  SINCE JAN 1     14.18                     15.03  -0.85    20.32

SNOWFALL (IN)
  TODAY            0.0          MM      MM   0.0    0.0      0.0
  MONTH TO DATE    0.0                       0.0    0.0      0.0
  SINCE OCT 1     44.2                      23.8   20.4     45.6
  SINCE JUL 1     44.2                      23.8   20.4     45.6
  SNOW DEPTH       0

DEGREE DAYS
 HEATING
  TODAY            4                         6     -2        8
  MONTH TO DATE   54                       104    -50       64
  SINCE MAR 1   1256                      1244     12     1356
  SINCE JUL 1   4948                      4755    193     5063

 COOLING
  TODAY            0                         1     -1        0
  MONTH TO DATE   21                         5     16        7
  SINCE MAR 1     21                         8     13        7
  SINCE JAN 1     21                         8     13        7
..................................................................


WIND (MPH)
  HIGHEST WIND SPEED    17   HIGHEST WIND DIRECTION    SW (230)
  HIGHEST GUST SPEED    22   HIGHEST GUST DIRECTION    SW (230)
  AVERAGE WIND SPEED    12.0


SKY COVER
  AVERAGE SKY COVER 0.4


WEATHER CONDITIONS
 THE FOLLOWING WEATHER WAS RECORDED TODAY.
  NO SIGNIFICANT WEATHER WAS OBSERVED.


RELATIVE HUMIDITY (PERCENT)
 HIGHEST    54           400 AM
 LOWEST     20          1100 AM
 AVERAGE    37

..........................................................


THE KENNEDY NY CLIMATE NORMALS FOR TOMORROW
                         NORMAL    RECORD    YEAR
 MAXIMUM TEMPERATURE (F)   68        82      2007
 MINIMUM TEMPERATURE (F)   52        44      1966


SUNRISE AND SUNSET
MAY 14 2015...........SUNRISE   539 AM EDT   SUNSET   804 PM EDT
MAY 15 2015...........SUNRISE   539 AM EDT   SUNSET   805 PM EDT


-  INDICATES NEGATIVE NUMBERS.
R  INDICATES RECORD WAS SET OR TIED.
MM INDICATES DATA IS MISSING.
T  INDICATES TRACE AMOUNT.




$$
