000
CDUS41 KOKX 072040
CLIJFK


CLIMATE REPORT
NATIONAL WEATHER SERVICE NEW YORK NY
440 PM EDT WED SEP 7 2016


...................................

...THE KENNEDY NY CLIMATE SUMMARY FOR SEPTEMBER 7 2016...
VALID TODAY AS OF 0400 PM LOCAL TIME.

CLIMATE NORMAL PERIOD 1981 TO 2010
CLIMATE RECORD PERIOD 1948 TO 2016


WEATHER ITEM   OBSERVED TIME   RECORD YEAR NORMAL DEPARTURE LAST
                VALUE   (LST)  VALUE       VALUE  FROM      YEAR
                                                  NORMAL
..................................................................
TEMPERATURE (F)
 TODAY
  MAXIMUM         86        MM  93    1983  78      8       86
  MINIMUM         70        MM  47    1962  64      6       70
  AVERAGE         78                        71      7       78

PRECIPITATION (IN)
  TODAY            0.01          0.98 1974   0.10  -0.09     0.00
  MONTH TO DATE    0.67                      0.75  -0.08     0.00
  SINCE SEP 1      0.67                      0.75  -0.08     0.00
  SINCE JAN 1     23.94                     29.71  -5.77    25.54

SNOWFALL (IN)
  TODAY            0.0          MM      MM   0.0    0.0      0.0
  MONTH TO DATE    0.0                       0.0    0.0      0.0
  SINCE OCT 1     41.4                      23.8   17.6     44.2
  SINCE JUL 1      0.0                       0.0    0.0      0.0
  SNOW DEPTH       0

DEGREE DAYS
 HEATING
  TODAY            0                         0      0        0
  MONTH TO DATE    0                         0      0        0
  SINCE SEP 1      0                         0      0        0
  SINCE JUL 1      0                         1     -1        0

 COOLING
  TODAY           13                         6      7       13
  MONTH TO DATE   67                        49     18       86
  SINCE SEP 1     67                        49     18       86
  SINCE JAN 1   1204                       910    294     1219
..................................................................


WIND (MPH)
  HIGHEST WIND SPEED    MM   HIGHEST WIND DIRECTION    MM
  HIGHEST GUST SPEED    MM   HIGHEST GUST DIRECTION    MM
  AVERAGE WIND SPEED    MM


SKY COVER
  AVERAGE SKY COVER 0.7


WEATHER CONDITIONS
 THE FOLLOWING WEATHER WAS RECORDED TODAY.
  LIGHT RAIN


RELATIVE HUMIDITY (PERCENT)
 HIGHEST    MM
 LOWEST     MM
 AVERAGE    MM

..........................................................


THE KENNEDY NY CLIMATE NORMALS FOR TOMORROW
                         NORMAL    RECORD    YEAR
 MAXIMUM TEMPERATURE (F)   78        92      2010
 MINIMUM TEMPERATURE (F)   64        50      1962


SUNRISE AND SUNSET
SEPTEMBER  7 2016.....SUNRISE   628 AM EDT   SUNSET   717 PM EDT
SEPTEMBER  8 2016.....SUNRISE   629 AM EDT   SUNSET   715 PM EDT


-  INDICATES NEGATIVE NUMBERS.
R  INDICATES RECORD WAS SET OR TIED.
MM INDICATES DATA IS MISSING.
T  INDICATES TRACE AMOUNT.




$$
