000
CDUS41 KOKX 180620
CLIJFK


CLIMATE REPORT
NATIONAL WEATHER SERVICE NEW YORK NY
220 AM EDT FRI JUL 18 2014


...................................

...THE KENNEDY NY CLIMATE SUMMARY FOR JULY 17 2014...

CLIMATE NORMAL PERIOD 1981 TO 2010
CLIMATE RECORD PERIOD 1949 TO 2014


WEATHER ITEM   OBSERVED TIME   RECORD YEAR NORMAL DEPARTURE LAST
                VALUE   (LST)  VALUE       VALUE  FROM      YEAR
                                                  NORMAL
..................................................................
TEMPERATURE (F)
 YESTERDAY
  MAXIMUM         82   1120 AM  97    1969  84     -2       95
  MINIMUM         67    502 AM  61    1989  69     -2       79
                                      1962
  AVERAGE         75                        76     -1       87

PRECIPITATION (IN)
  YESTERDAY        0.00          1.73 2005   0.14  -0.14     0.00
  MONTH TO DATE    4.20                      2.16   2.04     1.65
  SINCE JUN 1      6.81                      6.02   0.79     9.60
  SINCE JAN 1     29.25                     23.36   5.89    22.85

SNOWFALL (IN)
  YESTERDAY        0.0          MM      MM   0.0    0.0      0.0
  MONTH TO DATE    0.0                       0.0    0.0      0.0
  SINCE OCT 1     45.6                      23.8   21.8     17.6
  SINCE JUL 1      0.0                       0.0    0.0      0.0
  SNOW DEPTH       0

DEGREE DAYS
 HEATING
  YESTERDAY        0                         0      0        0
  MONTH TO DATE    0                         0      0        0
  SINCE JUN 1      0                        21    -21       10
  SINCE JUL 1      0                         0      0        0

 COOLING
  YESTERDAY       10                        11     -1       22
  MONTH TO DATE  193                       180     13      262
  SINCE JUN 1    401                       363     38      442
  SINCE JAN 1    433                       398     35      468
..................................................................


WIND (MPH)
  HIGHEST WIND SPEED    15   HIGHEST WIND DIRECTION     S (190)
  HIGHEST GUST SPEED    20   HIGHEST GUST DIRECTION     S (200)
  AVERAGE WIND SPEED     8.9


SKY COVER
  POSSIBLE SUNSHINE  MM
  AVERAGE SKY COVER 0.6


WEATHER CONDITIONS
 THE FOLLOWING WEATHER WAS RECORDED YESTERDAY.
  NO SIGNIFICANT WEATHER WAS OBSERVED.


RELATIVE HUMIDITY (PERCENT)
 HIGHEST    68           400 AM
 LOWEST     39          1100 AM
 AVERAGE    54

..........................................................


THE KENNEDY NY CLIMATE NORMALS FOR TODAY
                         NORMAL    RECORD    YEAR
 MAXIMUM TEMPERATURE (F)   84       100      2013
 MINIMUM TEMPERATURE (F)   69        58      1962


SUNRISE AND SUNSET
JULY 18 2014..........SUNRISE   539 AM EDT   SUNSET   823 PM EDT
JULY 19 2014..........SUNRISE   540 AM EDT   SUNSET   822 PM EDT


-  INDICATES NEGATIVE NUMBERS.
R  INDICATES RECORD WAS SET OR TIED.
MM INDICATES DATA IS MISSING.
T  INDICATES TRACE AMOUNT.




$$
