350
CDUS41 KOKX 172046
CLIJFK


CLIMATE REPORT
NATIONAL WEATHER SERVICE NEW YORK NY
446 PM EDT SUN APR 17 2016


...................................

...THE KENNEDY NY CLIMATE SUMMARY FOR APRIL 17 2016...
VALID TODAY AS OF 0400 PM LOCAL TIME.

CLIMATE NORMAL PERIOD 1981 TO 2010
CLIMATE RECORD PERIOD 1949 TO 2016


WEATHER ITEM   OBSERVED TIME   RECORD YEAR NORMAL DEPARTURE LAST
                VALUE   (LST)  VALUE       VALUE  FROM      YEAR
                                                  NORMAL
..................................................................
TEMPERATURE (F)
 TODAY
  MAXIMUM         69   1254 PM  90    2002  60      9       69
  MINIMUM         43    536 AM  33    1980  44     -1       52
                                      1962
  AVERAGE         56                        52      4       61

PRECIPITATION (IN)
  TODAY            0.00          1.05 1986   0.12  -0.12     0.11
  MONTH TO DATE    1.03                      2.27  -1.24     0.49
  SINCE MAR 1      2.42                      6.05  -3.63     5.37
  SINCE JAN 1     11.06                     11.80  -0.74    13.03

SNOWFALL (IN)
  TODAY            0.0          MM      MM   0.1   -0.1      0.0
  MONTH TO DATE    T                         0.7   -0.7      0.0
  SINCE OCT 1     41.4                      23.7   17.7     44.2
  SINCE JUL 1     41.4                      23.7   17.7     44.2
  SNOW DEPTH       0

DEGREE DAYS
 HEATING
  TODAY            9                        13     -4        4
  MONTH TO DATE  305                       272     33      235
  SINCE MAR 1    838                       997   -159     1072
  SINCE JUL 1   3592                      4508   -916     4764

 COOLING
  TODAY            0                         0      0        0
  MONTH TO DATE    0                         0      0        0
  SINCE MAR 1      0                         0      0        0
  SINCE JAN 1      0                         0      0        0
..................................................................


WIND (MPH)
  HIGHEST WIND SPEED    13   HIGHEST WIND DIRECTION     S (190)
  HIGHEST GUST SPEED    16   HIGHEST GUST DIRECTION    NE (30)
  AVERAGE WIND SPEED     6.0


SKY COVER
  AVERAGE SKY COVER 0.2


WEATHER CONDITIONS
 THE FOLLOWING WEATHER WAS RECORDED TODAY.
  NO SIGNIFICANT WEATHER WAS OBSERVED.


RELATIVE HUMIDITY (PERCENT)
 HIGHEST    83           600 AM
 LOWEST     16          1200 PM
 AVERAGE    50

..........................................................


THE KENNEDY NY CLIMATE NORMALS FOR TOMORROW
                         NORMAL    RECORD    YEAR
 MAXIMUM TEMPERATURE (F)   60        86      2002
 MINIMUM TEMPERATURE (F)   44        35      2003


SUNRISE AND SUNSET
APRIL 17 2016.........SUNRISE   613 AM EDT   SUNSET   737 PM EDT
APRIL 18 2016.........SUNRISE   611 AM EDT   SUNSET   738 PM EDT


-  INDICATES NEGATIVE NUMBERS.
R  INDICATES RECORD WAS SET OR TIED.
MM INDICATES DATA IS MISSING.
T  INDICATES TRACE AMOUNT.




$$
