000
CDUS41 KOKX 042134
CLIJFK


CLIMATE REPORT
NATIONAL WEATHER SERVICE NEW YORK NY
434 PM EST SUN FEB 4 2018


...................................

...THE KENNEDY NY CLIMATE SUMMARY FOR FEBRUARY 4 2018...
VALID TODAY AS OF 0400 PM LOCAL TIME.

CLIMATE NORMAL PERIOD 1981 TO 2010
CLIMATE RECORD PERIOD 1948 TO 2018


WEATHER ITEM   OBSERVED TIME   RECORD YEAR NORMAL DEPARTURE LAST
                VALUE   (LST)  VALUE       VALUE  FROM      YEAR
                                                  NORMAL
..................................................................
TEMPERATURE (F)
 TODAY
  MAXIMUM         43    359 PM  68    1991  40      3       35
  MINIMUM         30    211 AM   9    1996  27      3       23
  AVERAGE         37                        33      4       29

PRECIPITATION (IN)
  TODAY            0.01          1.93 1961   0.09  -0.08     0.00
  MONTH TO DATE    0.27                      0.36  -0.09      T
  SINCE DEC 1      3.76                      6.91  -3.15     7.70
  SINCE JAN 1      2.11                      3.52  -1.41     4.64

SNOWFALL (IN)
  TODAY            0.0          18.1  1961   0.3   -0.3      0.0
  MONTH TO DATE    T                         1.2   -1.2       T
  SINCE OCT 1     16.4                      12.4    4.0     15.0
  SINCE JUL 1     16.4                      12.4    4.0     15.0
  SNOW DEPTH       0

DEGREE DAYS
 HEATING
  TODAY           28                        32     -4       36
  MONTH TO DATE  135                       128      7      123
  SINCE DEC 1   2132                      1974    158     1717
  SINCE JUL 1   2817                      2798     19     2357

 COOLING
  TODAY            0                         0      0        0
  MONTH TO DATE    0                         0      0        0
  SINCE DEC 1      0                         0      0        0
  SINCE JAN 1      0                         0      0        0
..................................................................


WIND (MPH)
  HIGHEST WIND SPEED    20   HIGHEST WIND DIRECTION     S (190)
  HIGHEST GUST SPEED    24   HIGHEST GUST DIRECTION    SW (210)
  AVERAGE WIND SPEED    11.6


SKY COVER
  AVERAGE SKY COVER 0.9


WEATHER CONDITIONS
 THE FOLLOWING WEATHER WAS RECORDED TODAY.
  LIGHT RAIN


RELATIVE HUMIDITY (PERCENT)
 HIGHEST    96           400 PM
 LOWEST     49           300 AM
 AVERAGE    73

..........................................................


THE KENNEDY NY CLIMATE NORMALS FOR TOMORROW
                         NORMAL    RECORD    YEAR
 MAXIMUM TEMPERATURE (F)   40        66      1991
 MINIMUM TEMPERATURE (F)   27         7      1996


SUNRISE AND SUNSET
FEBRUARY  4 2018......SUNRISE   702 AM EST   SUNSET   517 PM EST
FEBRUARY  5 2018......SUNRISE   701 AM EST   SUNSET   518 PM EST


-  INDICATES NEGATIVE NUMBERS.
R  INDICATES RECORD WAS SET OR TIED.
MM INDICATES DATA IS MISSING.
T  INDICATES TRACE AMOUNT.




$$
