000
CDUS41 KOKX 112034
CLIJFK


CLIMATE REPORT
NATIONAL WEATHER SERVICE NEW YORK NY
434 PM EDT SAT OCT 11 2014


...................................

...THE KENNEDY NY CLIMATE SUMMARY FOR OCTOBER 11 2014...
VALID TODAY AS OF 0400 PM LOCAL TIME.

CLIMATE NORMAL PERIOD 1981 TO 2010
CLIMATE RECORD PERIOD 1949 TO 2014


WEATHER ITEM   OBSERVED TIME   RECORD YEAR NORMAL DEPARTURE LAST
                VALUE   (LST)  VALUE       VALUE  FROM      YEAR
                                                  NORMAL
..................................................................
TEMPERATURE (F)
 TODAY
  MAXIMUM         59    116 AM  80    1960  66     -7       69
  MINIMUM         53    746 AM  37    1979  51      2       60
                                      1964
  AVERAGE         56                        59     -3       65

PRECIPITATION (IN)
  TODAY            0.45          2.90 2002   0.13   0.32      T
  MONTH TO DATE    1.19                      1.37  -0.18     0.27
  SINCE SEP 1      2.62                      4.87  -2.25     2.19
  SINCE JAN 1     36.73                     33.83   2.90    28.38

SNOWFALL (IN)
  TODAY            0.0          MM      MM   0.0    0.0      0.0
  MONTH TO DATE    0.0                       0.0    0.0      0.0
  SINCE OCT 1      0.0                       0.0    0.0      0.0
  SINCE JUL 1      0.0                       0.0    0.0      0.0
  SNOW DEPTH       0

DEGREE DAYS
 HEATING
  TODAY            9                         7      2        0
  MONTH TO DATE   42                        60    -18       13
  SINCE SEP 1     61                        98    -37       58
  SINCE JUL 1     61                        99    -38       58

 COOLING
  TODAY            0                         1     -1        0
  MONTH TO DATE    9                        11     -2       35
  SINCE SEP 1    173                       141     32      148
  SINCE JAN 1   1036                      1002     34     1107
..................................................................


WIND (MPH)
  HIGHEST WIND SPEED    17   HIGHEST WIND DIRECTION     N (10)
  HIGHEST GUST SPEED    21   HIGHEST GUST DIRECTION     N (10)
  AVERAGE WIND SPEED    10.2


SKY COVER
  AVERAGE SKY COVER 1.0


WEATHER CONDITIONS
 THE FOLLOWING WEATHER WAS RECORDED TODAY.
  RAIN
  LIGHT RAIN
  FOG


RELATIVE HUMIDITY (PERCENT)
 HIGHEST    93           800 AM
 LOWEST     57          1200 AM
 AVERAGE    75

..........................................................


THE KENNEDY NY CLIMATE NORMALS FOR TOMORROW
                         NORMAL    RECORD    YEAR
 MAXIMUM TEMPERATURE (F)   66        83      1969
 MINIMUM TEMPERATURE (F)   51        38      1996
                                             1964


SUNRISE AND SUNSET
OCTOBER 11 2014.......SUNRISE   702 AM EDT   SUNSET   621 PM EDT
OCTOBER 12 2014.......SUNRISE   703 AM EDT   SUNSET   620 PM EDT


-  INDICATES NEGATIVE NUMBERS.
R  INDICATES RECORD WAS SET OR TIED.
MM INDICATES DATA IS MISSING.
T  INDICATES TRACE AMOUNT.




$$
