000
CDUS41 KOKX 090617
CLIJFK


CLIMATE REPORT
NATIONAL WEATHER SERVICE NEW YORK NY
217 AM EDT THU OCT 9 2014


...................................

...THE KENNEDY NY CLIMATE SUMMARY FOR OCTOBER 8 2014...

CLIMATE NORMAL PERIOD 1981 TO 2010
CLIMATE RECORD PERIOD 1949 TO 2014


WEATHER ITEM   OBSERVED TIME   RECORD YEAR NORMAL DEPARTURE LAST
                VALUE   (LST)  VALUE       VALUE  FROM      YEAR
                                                  NORMAL
..................................................................
TEMPERATURE (F)
 YESTERDAY
  MAXIMUM         75    255 PM  90    2007  67      8       68
  MINIMUM         62   1156 PM  40    2001  52     10       55
                                      1988
  AVERAGE         69                        60      9       62

PRECIPITATION (IN)
  YESTERDAY        0.02          2.17 1996   0.12  -0.10     0.00
  MONTH TO DATE    0.74                      0.98  -0.24     0.27
  SINCE SEP 1      2.17                      4.48  -2.31     2.19
  SINCE JAN 1     36.28                     33.44   2.84    28.38

SNOWFALL (IN)
  YESTERDAY        0.0          MM      MM   0.0    0.0      0.0
  MONTH TO DATE    0.0                       0.0    0.0      0.0
  SINCE OCT 1      0.0                       0.0    0.0      0.0
  SINCE JUL 1      0.0                       0.0    0.0      0.0
  SNOW DEPTH       0

DEGREE DAYS
 HEATING
  YESTERDAY        0                         6     -6        3
  MONTH TO DATE   24                        40    -16        3
  SINCE SEP 1     43                        78    -35       48
  SINCE JUL 1     43                        79    -36       48

 COOLING
  YESTERDAY        4                         1      3        0
  MONTH TO DATE    9                         8      1       35
  SINCE SEP 1    173                       138     35      148
  SINCE JAN 1   1036                       999     37     1107
..................................................................


WIND (MPH)
  HIGHEST WIND SPEED    33   HIGHEST WIND DIRECTION     S (190)
  HIGHEST GUST SPEED    41   HIGHEST GUST DIRECTION     S (190)
  AVERAGE WIND SPEED    17.2


SKY COVER
  POSSIBLE SUNSHINE  MM
  AVERAGE SKY COVER 0.6


WEATHER CONDITIONS
 THE FOLLOWING WEATHER WAS RECORDED YESTERDAY.
  LIGHT RAIN


RELATIVE HUMIDITY (PERCENT)
 HIGHEST    84           500 AM
 LOWEST     33           300 PM
 AVERAGE    59

..........................................................


THE KENNEDY NY CLIMATE NORMALS FOR TODAY
                         NORMAL    RECORD    YEAR
 MAXIMUM TEMPERATURE (F)   67        87      2011
 MINIMUM TEMPERATURE (F)   52        35      2001


SUNRISE AND SUNSET
OCTOBER  9 2014.......SUNRISE   700 AM EDT   SUNSET   624 PM EDT
OCTOBER 10 2014.......SUNRISE   701 AM EDT   SUNSET   623 PM EDT


-  INDICATES NEGATIVE NUMBERS.
R  INDICATES RECORD WAS SET OR TIED.
MM INDICATES DATA IS MISSING.
T  INDICATES TRACE AMOUNT.




$$
