650
CDUS41 KOKX 262133
CLIJFK


CLIMATE REPORT
NATIONAL WEATHER SERVICE NEW YORK NY
433 PM EST SAT NOV 26 2016


...................................

...THE KENNEDY NY CLIMATE SUMMARY FOR NOVEMBER 26 2016...
VALID TODAY AS OF 0400 PM LOCAL TIME.

CLIMATE NORMAL PERIOD 1981 TO 2010
CLIMATE RECORD PERIOD 1948 TO 2016


WEATHER ITEM   OBSERVED TIME   RECORD YEAR NORMAL DEPARTURE LAST
                VALUE   (LST)  VALUE       VALUE  FROM      YEAR
                                                  NORMAL
..................................................................
TEMPERATURE (F)
 TODAY
  MAXIMUM         53   1232 PM  64    2011  51      2       60
                                      2001
  MINIMUM         45    659 AM  24    1993  38      7       35
                                      1949
  AVERAGE         49                        44      5       48

PRECIPITATION (IN)
  TODAY            0.00          1.50 1996   0.11  -0.11     0.00
  MONTH TO DATE    1.58                      2.82  -1.24     1.18
  SINCE SEP 1      7.78                      9.94  -2.16     7.96
  SINCE JAN 1     31.05                     38.90  -7.85    33.50

SNOWFALL (IN)
  TODAY            0.0          MM      MM   0.0    0.0      0.0
  MONTH TO DATE    T                         0.1   -0.1      0.0
  SINCE OCT 1      T                         0.1   -0.1      0.0
  SINCE JUL 1      T                         0.1   -0.1      0.0
  SNOW DEPTH       0

DEGREE DAYS
 HEATING
  TODAY           16                        21     -5       17
  MONTH TO DATE  368                       440    -72      304
  SINCE SEP 1    582                       738   -156      526
  SINCE JUL 1    582                       739   -157      526

 COOLING
  TODAY            0                         0      0        0
  MONTH TO DATE    0                         0      0        4
  SINCE SEP 1    225                       144     81      254
  SINCE JAN 1   1362                      1005    357     1387
..................................................................


WIND (MPH)
  HIGHEST WIND SPEED    22   HIGHEST WIND DIRECTION    NW (320)
  HIGHEST GUST SPEED    25   HIGHEST GUST DIRECTION    NW (310)
  AVERAGE WIND SPEED    10.0


SKY COVER
  AVERAGE SKY COVER 0.7


WEATHER CONDITIONS
 THE FOLLOWING WEATHER WAS RECORDED TODAY.
  FOG
  HAZE


RELATIVE HUMIDITY (PERCENT)
 HIGHEST    89           700 AM
 LOWEST     52           200 PM
 AVERAGE    71

..........................................................


THE KENNEDY NY CLIMATE NORMALS FOR TOMORROW
                         NORMAL    RECORD    YEAR
 MAXIMUM TEMPERATURE (F)   50        63      2015
                                             2007
 MINIMUM TEMPERATURE (F)   37        23      1949


SUNRISE AND SUNSET
NOVEMBER 26 2016......SUNRISE   655 AM EST   SUNSET   430 PM EST
NOVEMBER 27 2016......SUNRISE   656 AM EST   SUNSET   430 PM EST


-  INDICATES NEGATIVE NUMBERS.
R  INDICATES RECORD WAS SET OR TIED.
MM INDICATES DATA IS MISSING.
T  INDICATES TRACE AMOUNT.




$$
