000
CDUS41 KOKX 072145
CLIJFK


CLIMATE REPORT
NATIONAL WEATHER SERVICE NEW YORK NY
444 PM EST TUE FEB 7 2017


...................................

...THE KENNEDY NY CLIMATE SUMMARY FOR FEBRUARY 7 2017...
VALID TODAY AS OF 0400 PM LOCAL TIME.

CLIMATE NORMAL PERIOD 1981 TO 2010
CLIMATE RECORD PERIOD 1948 TO 2017


WEATHER ITEM   OBSERVED TIME   RECORD YEAR NORMAL DEPARTURE LAST
                VALUE   (LST)  VALUE       VALUE  FROM      YEAR
                                                  NORMAL
..................................................................
TEMPERATURE (F)
 TODAY
  MAXIMUM         44   1009 AM  53    1990  40      4       45
  MINIMUM         35    405 AM   7    1993  27      8       29
  AVERAGE         40                        34      6       37

PRECIPITATION (IN)
  TODAY            0.10          1.36 1971   0.08   0.02     0.00
  MONTH TO DATE    0.10                      0.62  -0.52     1.24
  SINCE DEC 1      7.80                      7.17   0.63    10.62
  SINCE JAN 1      4.74                      3.78   0.96     5.83

SNOWFALL (IN)
  TODAY            0.0           9.3  1967   0.3   -0.3      0.0
  MONTH TO DATE    T                         2.1   -2.1      4.6
  SINCE OCT 1     15.0                      13.3    1.7     36.0
  SINCE JUL 1     15.0                      13.3    1.7     36.0
  SNOW DEPTH       0

DEGREE DAYS
 HEATING
  TODAY           25                        31     -6       28
  MONTH TO DATE  200                       222    -22      158
  SINCE DEC 1   1794                      2068   -274     1535
  SINCE JUL 1   2434                      2892   -458     2126

 COOLING
  TODAY            0                         0      0        0
  MONTH TO DATE    0                         0      0        0
  SINCE DEC 1      0                         0      0        0
  SINCE JAN 1      0                         0      0        0
..................................................................


WIND (MPH)
  HIGHEST WIND SPEED    16   HIGHEST WIND DIRECTION    NE (30)
  HIGHEST GUST SPEED    18   HIGHEST GUST DIRECTION    NE (30)
  AVERAGE WIND SPEED     6.3


SKY COVER
  AVERAGE SKY COVER 1.0


WEATHER CONDITIONS
 THE FOLLOWING WEATHER WAS RECORDED TODAY.
  RAIN
  LIGHT RAIN
  FOG
  HAZE


RELATIVE HUMIDITY (PERCENT)
 HIGHEST   100          1200 AM
 LOWEST     89           900 AM
 AVERAGE    95

..........................................................


THE KENNEDY NY CLIMATE NORMALS FOR TOMORROW
                         NORMAL    RECORD    YEAR
 MAXIMUM TEMPERATURE (F)   41        62      1965
 MINIMUM TEMPERATURE (F)   27        -2      1963


SUNRISE AND SUNSET
FEBRUARY  7 2017......SUNRISE   658 AM EST   SUNSET   521 PM EST
FEBRUARY  8 2017......SUNRISE   657 AM EST   SUNSET   522 PM EST


-  INDICATES NEGATIVE NUMBERS.
R  INDICATES RECORD WAS SET OR TIED.
MM INDICATES DATA IS MISSING.
T  INDICATES TRACE AMOUNT.




$$
