000
CDUS41 KOKX 010616
CLIJFK


CLIMATE REPORT
NATIONAL WEATHER SERVICE NEW YORK NY
216 AM EDT SAT JUL 1 2017


...................................

...THE KENNEDY NY CLIMATE SUMMARY FOR JUNE 30 2017...

CLIMATE NORMAL PERIOD 1981 TO 2010
CLIMATE RECORD PERIOD 1948 TO 2017


WEATHER ITEM   OBSERVED TIME   RECORD YEAR NORMAL DEPARTURE LAST
                VALUE   (LST)  VALUE       VALUE  FROM      YEAR
                                                  NORMAL
..................................................................
TEMPERATURE (F)
 YESTERDAY
  MAXIMUM         80    216 PM  99    1964  82     -2       85
  MINIMUM         68   1159 PM  56    1988  67      1       70
  AVERAGE         74                        74      0       78

PRECIPITATION (IN)
  YESTERDAY        0.00          6.27 1984   0.11  -0.11     0.00
  MONTH TO DATE    4.20                      3.86   0.34     1.61
  SINCE JUN 1      4.20                      3.86   0.34     1.61
  SINCE JAN 1     26.10                     21.20   4.90    16.59

SNOWFALL (IN)
  YESTERDAY        0.0          MM      MM   0.0    0.0      0.0
  MONTH TO DATE    0.0                       0.0    0.0      0.0
  SINCE OCT 1     30.9                      23.8    7.1     41.4
  SINCE JUL 1     30.9                      23.8    7.1     41.4
  SNOW DEPTH       0

DEGREE DAYS
 HEATING
  YESTERDAY        0                         0      0        0
  MONTH TO DATE   20                        20      0        3
  SINCE JUN 1     20                        21     -1        3
  SINCE JUL 1   4197                      4839   -642     3893

 COOLING
  YESTERDAY        9                         9      0       13
  MONTH TO DATE  201                       183     18      218
  SINCE JUN 1    201                       183     18      218
  SINCE JAN 1    251                       218     33      269
..................................................................


WIND (MPH)
  HIGHEST WIND SPEED    29   HIGHEST WIND DIRECTION     S (190)
  HIGHEST GUST SPEED    37   HIGHEST GUST DIRECTION     S (190)
  AVERAGE WIND SPEED    14.9


SKY COVER
  POSSIBLE SUNSHINE  MM
  AVERAGE SKY COVER 0.7


WEATHER CONDITIONS
 THE FOLLOWING WEATHER WAS RECORDED YESTERDAY.
  NO SIGNIFICANT WEATHER WAS OBSERVED.


RELATIVE HUMIDITY (PERCENT)
 HIGHEST    90          1000 PM
 LOWEST     74           900 AM
 AVERAGE    82

..........................................................


THE KENNEDY NY CLIMATE NORMALS FOR TODAY
                         NORMAL    RECORD    YEAR
 MAXIMUM TEMPERATURE (F)   82       102      1963
 MINIMUM TEMPERATURE (F)   67        56      1988


SUNRISE AND SUNSET
JULY  1 2017..........SUNRISE   528 AM EDT   SUNSET   830 PM EDT
JULY  2 2017..........SUNRISE   529 AM EDT   SUNSET   830 PM EDT


-  INDICATES NEGATIVE NUMBERS.
R  INDICATES RECORD WAS SET OR TIED.
MM INDICATES DATA IS MISSING.
T  INDICATES TRACE AMOUNT.




$$
