000
CDUS41 KOKX 140629
CLIJFK


CLIMATE REPORT
NATIONAL WEATHER SERVICE NEW YORK NY
229 AM EDT THU SEP 14 2017


...................................

...THE KENNEDY NY CLIMATE SUMMARY FOR SEPTEMBER 13 2017...

CLIMATE NORMAL PERIOD 1981 TO 2010
CLIMATE RECORD PERIOD 1948 TO 2017


WEATHER ITEM   OBSERVED TIME   RECORD YEAR NORMAL DEPARTURE LAST
                VALUE   (LST)  VALUE       VALUE  FROM      YEAR
                                                  NORMAL
..................................................................
TEMPERATURE (F)
 YESTERDAY
  MAXIMUM         80   1211 PM  89    1994  76      4       78
  MINIMUM         61    446 AM  47    1963  62     -1       63
  AVERAGE         71                        69      2       71

PRECIPITATION (IN)
  YESTERDAY        0.40          1.55 1988   0.11   0.29     0.00
  MONTH TO DATE    1.90                      1.38   0.52     0.67
  SINCE SEP 1      1.90                      1.38   0.52     0.67
  SINCE JAN 1     35.15                     30.34   4.81    23.94

SNOWFALL (IN)
  YESTERDAY        0.0          MM      MM   0.0    0.0      0.0
  MONTH TO DATE    0.0                       0.0    0.0      0.0
  SINCE OCT 1     30.9                      23.8    7.1     41.4
  SINCE JUL 1      0.0                       0.0    0.0      0.0
  SNOW DEPTH       0

DEGREE DAYS
 HEATING
  YESTERDAY        0                         1     -1        0
  MONTH TO DATE    5                         3      2        0
  SINCE SEP 1      5                         3      2        0
  SINCE JUL 1      5                         4      1        0

 COOLING
  YESTERDAY        6                         5      1        6
  MONTH TO DATE   40                        82    -42      135
  SINCE SEP 1     40                        82    -42      135
  SINCE JAN 1    963                       943     20     1272
..................................................................


WIND (MPH)
  HIGHEST WIND SPEED    16   HIGHEST WIND DIRECTION     S (180)
  HIGHEST GUST SPEED    21   HIGHEST GUST DIRECTION     S (180)
  AVERAGE WIND SPEED     8.2


SKY COVER
  POSSIBLE SUNSHINE  MM
  AVERAGE SKY COVER 0.6


WEATHER CONDITIONS
 THE FOLLOWING WEATHER WAS RECORDED YESTERDAY.
  THUNDERSTORM
  HEAVY RAIN
  RAIN
  LIGHT RAIN
  FOG


RELATIVE HUMIDITY (PERCENT)
 HIGHEST    97          1100 PM
 LOWEST     42          1200 PM
 AVERAGE    70

..........................................................


THE KENNEDY NY CLIMATE NORMALS FOR TODAY
                         NORMAL    RECORD    YEAR
 MAXIMUM TEMPERATURE (F)   76        89      1995
                                             1972
 MINIMUM TEMPERATURE (F)   62        48      1975
                                             1963


SUNRISE AND SUNSET
SEPTEMBER 14 2017.....SUNRISE   635 AM EDT   SUNSET   705 PM EDT
SEPTEMBER 15 2017.....SUNRISE   636 AM EDT   SUNSET   704 PM EDT


-  INDICATES NEGATIVE NUMBERS.
R  INDICATES RECORD WAS SET OR TIED.
MM INDICATES DATA IS MISSING.
T  INDICATES TRACE AMOUNT.




$$
