000
CDUS41 KOKX 020617
CLIJFK


CLIMATE REPORT
NATIONAL WEATHER SERVICE NEW YORK NY
117 AM EST MON JAN 2 2017


...................................

...THE KENNEDY NY CLIMATE SUMMARY FOR JANUARY 1 2017...

CLIMATE NORMAL PERIOD 1981 TO 2010
CLIMATE RECORD PERIOD 1948 TO 2017


WEATHER ITEM   OBSERVED TIME   RECORD YEAR NORMAL DEPARTURE LAST
                VALUE   (LST)  VALUE       VALUE  FROM      YEAR
                                                  NORMAL
..................................................................
TEMPERATURE (F)
 YESTERDAY
  MAXIMUM         52    214 PM  62    1966  40     12       44
  MINIMUM         34   1111 PM   9    1968  28      6       36
  AVERAGE         43                        34      9       40

PRECIPITATION (IN)
  YESTERDAY        T             1.18 2007   0.10  -0.10     0.00
                                      2003
  MONTH TO DATE    T                         0.10  -0.10     0.00
  SINCE DEC 1      3.06                      3.49  -0.43     4.79
  SINCE JAN 1      T                         0.10  -0.10     0.00

SNOWFALL (IN)
  YESTERDAY        0.0           6.0  1971   0.2   -0.2      0.0
  MONTH TO DATE    0.0                       0.2   -0.2      0.0
  SINCE OCT 1      3.3                       5.1   -1.8      0.1
  SINCE JUL 1      3.3                       5.1   -1.8      0.1
  SNOW DEPTH       0

DEGREE DAYS
 HEATING
  YESTERDAY       22                        31     -9       25
  MONTH TO DATE   22                        31     -9       25
  SINCE DEC 1    804                       876    -72      470
  SINCE JUL 1   1444                      1700   -256     1061

 COOLING
  YESTERDAY        0                         0      0        0
  MONTH TO DATE    0                         0      0        0
  SINCE DEC 1      0                         0      0        0
  SINCE JAN 1      0                         0      0        0
..................................................................


WIND (MPH)
  HIGHEST WIND SPEED    21   HIGHEST WIND DIRECTION     W (290)
  HIGHEST GUST SPEED    27   HIGHEST GUST DIRECTION     W (270)
  AVERAGE WIND SPEED     9.8


SKY COVER
  POSSIBLE SUNSHINE  MM
  AVERAGE SKY COVER 0.4


WEATHER CONDITIONS
 THE FOLLOWING WEATHER WAS RECORDED YESTERDAY.
  NO SIGNIFICANT WEATHER WAS OBSERVED.


RELATIVE HUMIDITY (PERCENT)
 HIGHEST    59           500 AM
 LOWEST     23           400 PM
 AVERAGE    41

..........................................................


THE KENNEDY NY CLIMATE NORMALS FOR TODAY
                         NORMAL    RECORD    YEAR
 MAXIMUM TEMPERATURE (F)   40        57      1985
                                             1979
 MINIMUM TEMPERATURE (F)   27         6      1968


SUNRISE AND SUNSET
JANUARY  2 2017.......SUNRISE   719 AM EST   SUNSET   440 PM EST
JANUARY  3 2017.......SUNRISE   719 AM EST   SUNSET   441 PM EST


-  INDICATES NEGATIVE NUMBERS.
R  INDICATES RECORD WAS SET OR TIED.
MM INDICATES DATA IS MISSING.
T  INDICATES TRACE AMOUNT.




$$
