000
CDUS41 KOKX 170626
CLIJFK


CLIMATE REPORT
NATIONAL WEATHER SERVICE NEW YORK NY
125 AM EST TUE FEB 17 2015


...................................

...THE KENNEDY NY CLIMATE SUMMARY FOR FEBRUARY 16 2015...

CLIMATE NORMAL PERIOD 1981 TO 2010
CLIMATE RECORD PERIOD 1949 TO 2015


WEATHER ITEM   OBSERVED TIME   RECORD YEAR NORMAL DEPARTURE LAST
                VALUE   (LST)  VALUE       VALUE  FROM      YEAR
                                                  NORMAL
..................................................................
TEMPERATURE (F)
 YESTERDAY
  MAXIMUM         23    131 PM  61    1976  42    -19       30
  MINIMUM          5R   658 AM   9    2003  28    -23       22
                                      1987
  AVERAGE         14                        35    -21       26

PRECIPITATION (IN)
  YESTERDAY        0.00          0.75 1980   0.09  -0.09     0.00
  MONTH TO DATE    1.37                      1.42  -0.05     3.92
  SINCE DEC 1     13.72                      7.97   5.75    11.43
  SINCE JAN 1      6.68                      4.58   2.10     6.93

SNOWFALL (IN)
  YESTERDAY        0.0           6.7  1996   0.3   -0.3      0.0
  MONTH TO DATE    5.4                       4.8    0.6     18.9
  SINCE OCT 1     22.9                      16.0    6.9     42.8
  SINCE JUL 1     22.9                      16.0    6.9     42.8
  SNOW DEPTH       1

DEGREE DAYS
 HEATING
  YESTERDAY       51                        30     21       39
  MONTH TO DATE  630                       497    133      564
  SINCE DEC 1   2410                      2343     67     2516
  SINCE JUL 1   3194                      3167     27     3330

 COOLING
  YESTERDAY        0                         0      0        0
  MONTH TO DATE    0                         0      0        0
  SINCE DEC 1      0                         0      0        0
  SINCE JAN 1      0                         0      0        0
..................................................................


WIND (MPH)
  HIGHEST WIND SPEED    33   HIGHEST WIND DIRECTION    NW (300)
  HIGHEST GUST SPEED    44   HIGHEST GUST DIRECTION    NW (310)
  AVERAGE WIND SPEED    14.8


SKY COVER
  POSSIBLE SUNSHINE  MM
  AVERAGE SKY COVER 0.6


WEATHER CONDITIONS
 THE FOLLOWING WEATHER WAS RECORDED YESTERDAY.
  NO SIGNIFICANT WEATHER WAS OBSERVED.


RELATIVE HUMIDITY (PERCENT)
 HIGHEST    49           700 AM
 LOWEST     22           100 PM
 AVERAGE    36

..........................................................


THE KENNEDY NY CLIMATE NORMALS FOR TODAY
                         NORMAL    RECORD    YEAR
 MAXIMUM TEMPERATURE (F)   42        65      1976
 MINIMUM TEMPERATURE (F)   28         5      1979


SUNRISE AND SUNSET
FEBRUARY 17 2015......SUNRISE   647 AM EST   SUNSET   532 PM EST
FEBRUARY 18 2015......SUNRISE   645 AM EST   SUNSET   533 PM EST


-  INDICATES NEGATIVE NUMBERS.
R  INDICATES RECORD WAS SET OR TIED.
MM INDICATES DATA IS MISSING.
T  INDICATES TRACE AMOUNT.




$$
