000
CDUS41 KOKX 010616
CLIJFK


CLIMATE REPORT
NATIONAL WEATHER SERVICE NEW YORK NY
216 AM EDT WED NOV 1 2017


...................................

...THE KENNEDY NY CLIMATE SUMMARY FOR OCTOBER 31 2017...

CLIMATE NORMAL PERIOD 1981 TO 2010
CLIMATE RECORD PERIOD 1948 TO 2017


WEATHER ITEM   OBSERVED TIME   RECORD YEAR NORMAL DEPARTURE LAST
                VALUE   (LST)  VALUE       VALUE  FROM      YEAR
                                                  NORMAL
..................................................................
TEMPERATURE (F)
 YESTERDAY
  MAXIMUM         59    119 PM  74    2004  60     -1       57
                                      1961
  MINIMUM         44   1159 PM  30    1966  45     -1       44
  AVERAGE         52                        52      0       51

PRECIPITATION (IN)
  YESTERDAY        0.00          0.98 1989   0.11  -0.11     0.00
  MONTH TO DATE    4.21                      3.62   0.59     3.33
  SINCE SEP 1      6.41                      7.12  -0.71     6.20
  SINCE JAN 1     39.66                     36.08   3.58    29.47

SNOWFALL (IN)
  YESTERDAY        0.0          MM      MM   0.0    0.0      0.0
  MONTH TO DATE    0.0                       0.0    0.0      0.0
  SINCE OCT 1      0.0                       0.0    0.0      0.0
  SINCE JUL 1      0.0                       0.0    0.0      0.0
  SNOW DEPTH       0

DEGREE DAYS
 HEATING
  YESTERDAY       13                        13      0       14
  MONTH TO DATE  113                       261   -148      201
  SINCE SEP 1    125                       298   -173      214
  SINCE JUL 1    125                       299   -174      214

 COOLING
  YESTERDAY        0                         0      0        0
  MONTH TO DATE   66                        14     52       20
  SINCE SEP 1    250                       144    106      225
  SINCE JAN 1   1173                      1005    168     1362
..................................................................


WIND (MPH)
  HIGHEST WIND SPEED    23   HIGHEST WIND DIRECTION     W (260)
  HIGHEST GUST SPEED    32   HIGHEST GUST DIRECTION     W (250)
  AVERAGE WIND SPEED    14.9


SKY COVER
  POSSIBLE SUNSHINE  MM
  AVERAGE SKY COVER 0.3


WEATHER CONDITIONS
 THE FOLLOWING WEATHER WAS RECORDED YESTERDAY.
  HAZE


RELATIVE HUMIDITY (PERCENT)
 HIGHEST    77           300 AM
 LOWEST     36           100 PM
 AVERAGE    57

..........................................................


THE KENNEDY NY CLIMATE NORMALS FOR TODAY
                         NORMAL    RECORD    YEAR
 MAXIMUM TEMPERATURE (F)   59        77      1982
 MINIMUM TEMPERATURE (F)   45        36      1983
                                             1976
                                             1964


SUNRISE AND SUNSET
NOVEMBER  1 2017......SUNRISE   726 AM EDT   SUNSET   551 PM EDT
NOVEMBER  2 2017......SUNRISE   727 AM EDT   SUNSET   550 PM EDT


-  INDICATES NEGATIVE NUMBERS.
R  INDICATES RECORD WAS SET OR TIED.
MM INDICATES DATA IS MISSING.
T  INDICATES TRACE AMOUNT.




$$
