000
CDUS41 KOKX 102032
CLIJFK


CLIMATE REPORT
NATIONAL WEATHER SERVICE NEW YORK NY
432 PM EDT WED SEP 10 2014


...................................

...THE KENNEDY NY CLIMATE SUMMARY FOR SEPTEMBER 10 2014...
VALID TODAY AS OF 0400 PM LOCAL TIME.

CLIMATE NORMAL PERIOD 1981 TO 2010
CLIMATE RECORD PERIOD 1949 TO 2014


WEATHER ITEM   OBSERVED TIME   RECORD YEAR NORMAL DEPARTURE LAST
                VALUE   (LST)  VALUE       VALUE  FROM      YEAR
                                                  NORMAL
..................................................................
TEMPERATURE (F)
 TODAY
  MAXIMUM         78   1213 PM  98    1983  77      1       81
  MINIMUM         63    628 AM  50    1978  63      0       70
  AVERAGE         71                        70      1       76

PRECIPITATION (IN)
  TODAY            0.00          0.95 1948   0.10  -0.10      T
  MONTH TO DATE    0.04                      1.06  -1.02     0.03
  SINCE SEP 1      0.04                      1.06  -1.02     0.03
  SINCE JAN 1     34.15                     30.02   4.13    26.22

SNOWFALL (IN)
  TODAY            0.0          MM      MM   0.0    0.0      0.0
  MONTH TO DATE    0.0                       0.0    0.0      0.0
  SINCE OCT 1     45.6                      23.8   21.8     17.6
  SINCE JUL 1      0.0                       0.0    0.0      0.0
  SNOW DEPTH       0

DEGREE DAYS
 HEATING
  TODAY            0                         0      0        0
  MONTH TO DATE    0                         0      0        3
  SINCE SEP 1      0                         0      0        3
  SINCE JUL 1      0                         1     -1        3

 COOLING
  TODAY            6                         6      0       11
  MONTH TO DATE  112                        67     45       79
  SINCE SEP 1    112                        67     45       79
  SINCE JAN 1    975                       928     47     1038
..................................................................


WIND (MPH)
  HIGHEST WIND SPEED    13   HIGHEST WIND DIRECTION    SE (150)
  HIGHEST GUST SPEED    16   HIGHEST GUST DIRECTION    SE (150)
  AVERAGE WIND SPEED     7.7


SKY COVER
  AVERAGE SKY COVER 0.5


WEATHER CONDITIONS
 THE FOLLOWING WEATHER WAS RECORDED TODAY.
  NO SIGNIFICANT WEATHER WAS OBSERVED.


RELATIVE HUMIDITY (PERCENT)
 HIGHEST    84           400 AM
 LOWEST     47          1200 PM
 AVERAGE    66

..........................................................


THE KENNEDY NY CLIMATE NORMALS FOR TOMORROW
                         NORMAL    RECORD    YEAR
 MAXIMUM TEMPERATURE (F)   77        96      1983
 MINIMUM TEMPERATURE (F)   63        49      1967


SUNRISE AND SUNSET
SEPTEMBER 10 2014.....SUNRISE   631 AM EDT   SUNSET   713 PM EDT
SEPTEMBER 11 2014.....SUNRISE   632 AM EDT   SUNSET   711 PM EDT


-  INDICATES NEGATIVE NUMBERS.
R  INDICATES RECORD WAS SET OR TIED.
MM INDICATES DATA IS MISSING.
T  INDICATES TRACE AMOUNT.




$$
