000
CDUS41 KOKX 010617
CLIJFK


CLIMATE REPORT
NATIONAL WEATHER SERVICE NEW YORK NY
217 AM EDT FRI SEP 1 2017


...................................

...THE KENNEDY NY CLIMATE SUMMARY FOR AUGUST 31 2017...

CLIMATE NORMAL PERIOD 1981 TO 2010
CLIMATE RECORD PERIOD 1948 TO 2017


WEATHER ITEM   OBSERVED TIME   RECORD YEAR NORMAL DEPARTURE LAST
                VALUE   (LST)  VALUE       VALUE  FROM      YEAR
                                                  NORMAL
..................................................................
TEMPERATURE (F)
 YESTERDAY
  MAXIMUM         86    205 PM  97    2010  80      6       85
  MINIMUM         65   1159 PM  46    1965  66     -1       73
  AVERAGE         76                        73      3       79

PRECIPITATION (IN)
  YESTERDAY        T             1.47 1949   0.10  -0.10      T
  MONTH TO DATE    2.50                      3.68  -1.18     0.62
  SINCE JUN 1     11.35                     11.62  -0.27     8.29
  SINCE JAN 1     33.25                     28.96   4.29    23.27

SNOWFALL (IN)
  YESTERDAY        0.0          MM      MM   0.0    0.0      0.0
  MONTH TO DATE    0.0                       0.0    0.0      0.0
  SINCE OCT 1     30.9                      23.8    7.1     41.4
  SINCE JUL 1      0.0                       0.0    0.0      0.0
  SNOW DEPTH       0

DEGREE DAYS
 HEATING
  YESTERDAY        0                         0      0        0
  MONTH TO DATE    0                         0      0        0
  SINCE JUN 1     20                        22     -2        3
  SINCE JUL 1      0                         1     -1        0

 COOLING
  YESTERDAY       11                         8      3       14
  MONTH TO DATE  304                       306     -2      440
  SINCE JUN 1    873                       826     47     1086
  SINCE JAN 1    923                       861     62     1137
..................................................................


WIND (MPH)
  HIGHEST WIND SPEED    21   HIGHEST WIND DIRECTION    NW (330)
  HIGHEST GUST SPEED    28   HIGHEST GUST DIRECTION     W (290)
  AVERAGE WIND SPEED    13.4


SKY COVER
  POSSIBLE SUNSHINE  MM
  AVERAGE SKY COVER 0.5


WEATHER CONDITIONS
 THE FOLLOWING WEATHER WAS RECORDED YESTERDAY.
  NO SIGNIFICANT WEATHER WAS OBSERVED.


RELATIVE HUMIDITY (PERCENT)
 HIGHEST    87           600 AM
 LOWEST     44           100 PM
 AVERAGE    66

..........................................................


THE KENNEDY NY CLIMATE NORMALS FOR TODAY
                         NORMAL    RECORD    YEAR
 MAXIMUM TEMPERATURE (F)   80        92      2012
                                             2010
 MINIMUM TEMPERATURE (F)   66        54      1985
                                             1967


SUNRISE AND SUNSET
SEPTEMBER  1 2017.....SUNRISE   622 AM EDT   SUNSET   727 PM EDT
SEPTEMBER  2 2017.....SUNRISE   623 AM EDT   SUNSET   725 PM EDT


-  INDICATES NEGATIVE NUMBERS.
R  INDICATES RECORD WAS SET OR TIED.
MM INDICATES DATA IS MISSING.
T  INDICATES TRACE AMOUNT.




$$
