000
CDUS41 KOKX 172140
CLIJFK


CLIMATE REPORT
NATIONAL WEATHER SERVICE NEW YORK NY
440 PM EST TUE FEB 17 2015


...................................

...THE KENNEDY NY CLIMATE SUMMARY FOR FEBRUARY 17 2015...
VALID TODAY AS OF 0400 PM LOCAL TIME.

CLIMATE NORMAL PERIOD 1981 TO 2010
CLIMATE RECORD PERIOD 1949 TO 2015


WEATHER ITEM   OBSERVED TIME   RECORD YEAR NORMAL DEPARTURE LAST
                VALUE   (LST)  VALUE       VALUE  FROM      YEAR
                                                  NORMAL
..................................................................
TEMPERATURE (F)
 TODAY
  MAXIMUM         27    353 PM  65    1976  42    -15       32
  MINIMUM         16    812 AM   5    1979  28    -12       19
  AVERAGE         22                        35    -13       26

PRECIPITATION (IN)
  TODAY            0.19          1.28 2003   0.09   0.10     0.00
  MONTH TO DATE    1.56                      1.51   0.05     3.92
  SINCE DEC 1     13.91                      8.06   5.85    11.43
  SINCE JAN 1      6.87                      4.67   2.20     6.93

SNOWFALL (IN)
  TODAY            3.5          21.6  2003   0.4    3.1      0.0
  MONTH TO DATE    8.9                       5.2    3.7     18.9
  SINCE OCT 1     26.4                      16.4   10.0     42.8
  SINCE JUL 1     26.4                      16.4   10.0     42.8
  SNOW DEPTH       4

DEGREE DAYS
 HEATING
  TODAY           43                        30     13       39
  MONTH TO DATE  673                       527    146      603
  SINCE DEC 1   2453                      2373     80     2555
  SINCE JUL 1   3237                      3197     40     3369

 COOLING
  TODAY            0                         0      0        0
  MONTH TO DATE    0                         0      0        0
  SINCE DEC 1      0                         0      0        0
  SINCE JAN 1      0                         0      0        0
..................................................................


WIND (MPH)
  HIGHEST WIND SPEED    16   HIGHEST WIND DIRECTION    NE (30)
  HIGHEST GUST SPEED    20   HIGHEST GUST DIRECTION     N (20)
  AVERAGE WIND SPEED     9.4


SKY COVER
  AVERAGE SKY COVER 0.9


WEATHER CONDITIONS
 THE FOLLOWING WEATHER WAS RECORDED TODAY.
  LIGHT SNOW


RELATIVE HUMIDITY (PERCENT)
 HIGHEST    80           400 AM
 LOWEST     31          1200 AM
 AVERAGE    56

..........................................................


THE KENNEDY NY CLIMATE NORMALS FOR TOMORROW
                         NORMAL    RECORD    YEAR
 MAXIMUM TEMPERATURE (F)   42        67      2011
 MINIMUM TEMPERATURE (F)   29         2      1979


SUNRISE AND SUNSET
FEBRUARY 17 2015......SUNRISE   647 AM EST   SUNSET   532 PM EST
FEBRUARY 18 2015......SUNRISE   645 AM EST   SUNSET   533 PM EST


-  INDICATES NEGATIVE NUMBERS.
R  INDICATES RECORD WAS SET OR TIED.
MM INDICATES DATA IS MISSING.
T  INDICATES TRACE AMOUNT.




$$
