000
CDUS41 KOKX 080619
CLIJFK


CLIMATE REPORT
NATIONAL WEATHER SERVICE NEW YORK NY
219 AM EDT MON MAY 8 2017


...................................

...THE KENNEDY NY CLIMATE SUMMARY FOR MAY 7 2017...

CLIMATE NORMAL PERIOD 1981 TO 2010
CLIMATE RECORD PERIOD 1948 TO 2017


WEATHER ITEM   OBSERVED TIME   RECORD YEAR NORMAL DEPARTURE LAST
                VALUE   (LST)  VALUE       VALUE  FROM      YEAR
                                                  NORMAL
..................................................................
TEMPERATURE (F)
 YESTERDAY
  MAXIMUM         57    108 PM  87    2000  66     -9       56
  MINIMUM         49   1159 PM  38    1970  50     -1       48
  AVERAGE         53                        58     -5       52

PRECIPITATION (IN)
  YESTERDAY        T             1.38 1967   0.12  -0.12      T
  MONTH TO DATE    1.85                      0.81   1.04     1.77
  SINCE MAR 1     11.70                      8.46   3.24     4.40
  SINCE JAN 1     17.92                     14.21   3.71    13.04

SNOWFALL (IN)
  YESTERDAY        0.0          MM      MM   0.0    0.0      0.0
  MONTH TO DATE    0.0                       0.0    0.0      0.0
  SINCE OCT 1     30.9                      23.8    7.1     41.4
  SINCE JUL 1     30.9                      23.8    7.1     41.4
  SNOW DEPTH       0

DEGREE DAYS
 HEATING
  YESTERDAY       12                         8      4       13
  MONTH TO DATE   51                        59     -8       98
  SINCE MAR 1   1139                      1199    -60     1042
  SINCE JUL 1   4057                      4710   -653     3796

 COOLING
  YESTERDAY        0                         0      0        0
  MONTH TO DATE    3                         0      3        0
  SINCE MAR 1     15                         3     12        0
  SINCE JAN 1     15                         3     12        0
..................................................................


WIND (MPH)
  HIGHEST WIND SPEED    24   HIGHEST WIND DIRECTION     W (260)
  HIGHEST GUST SPEED    29   HIGHEST GUST DIRECTION     W (260)
  AVERAGE WIND SPEED    15.5


SKY COVER
  POSSIBLE SUNSHINE  MM
  AVERAGE SKY COVER 0.8


WEATHER CONDITIONS
 THE FOLLOWING WEATHER WAS RECORDED YESTERDAY.
  LIGHT RAIN


RELATIVE HUMIDITY (PERCENT)
 HIGHEST    77          1200 AM
 LOWEST     59           600 PM
 AVERAGE    68

..........................................................


THE KENNEDY NY CLIMATE NORMALS FOR TODAY
                         NORMAL    RECORD    YEAR
 MAXIMUM TEMPERATURE (F)   66        86      1964
 MINIMUM TEMPERATURE (F)   50        40      1967


SUNRISE AND SUNSET
MAY  8 2017...........SUNRISE   545 AM EDT   SUNSET   759 PM EDT
MAY  9 2017...........SUNRISE   544 AM EDT   SUNSET   800 PM EDT


-  INDICATES NEGATIVE NUMBERS.
R  INDICATES RECORD WAS SET OR TIED.
MM INDICATES DATA IS MISSING.
T  INDICATES TRACE AMOUNT.




$$
