000
CDUS41 KOKX 012036
CLIJFK


CLIMATE REPORT
NATIONAL WEATHER SERVICE NEW YORK NY
436 PM EDT SAT NOV 1 2014


...................................

...THE KENNEDY NY CLIMATE SUMMARY FOR NOVEMBER 1 2014...
VALID TODAY AS OF 0400 PM LOCAL TIME.

CLIMATE NORMAL PERIOD 1981 TO 2010
CLIMATE RECORD PERIOD 1949 TO 2014


WEATHER ITEM   OBSERVED TIME   RECORD YEAR NORMAL DEPARTURE LAST
                VALUE   (LST)  VALUE       VALUE  FROM      YEAR
                                                  NORMAL
..................................................................
TEMPERATURE (F)
 TODAY
  MAXIMUM         49    324 AM  77    1982  59    -10       69
  MINIMUM         45   1236 PM  36    1983  45      0       58
                                      1976
                                      1964
  AVERAGE         47                        52     -5       64

PRECIPITATION (IN)
  TODAY            0.77          1.25 1988   0.11   0.66     0.07
  MONTH TO DATE    0.77                      0.11   0.66     0.07
  SINCE SEP 1      5.89                      7.23  -1.34     2.32
  SINCE JAN 1     40.00                     36.19   3.81    28.51

SNOWFALL (IN)
  TODAY            0.0          MM      MM   0.0    0.0      0.0
  MONTH TO DATE    0.0                       0.0    0.0      0.0
  SINCE OCT 1      0.0                       0.0    0.0      0.0
  SINCE JUL 1      0.0                       0.0    0.0      0.0
  SNOW DEPTH       0

DEGREE DAYS
 HEATING
  TODAY           18                        13      5        1
  MONTH TO DATE   18                        13      5        1
  SINCE SEP 1    212                       311    -99      232
  SINCE JUL 1    212                       312   -100      232

 COOLING
  TODAY            0                         0      0        0
  MONTH TO DATE    0                         0      0        0
  SINCE SEP 1    187                       144     43      152
  SINCE JAN 1   1050                      1005     45     1111
..................................................................


WIND (MPH)
  HIGHEST WIND SPEED    25   HIGHEST WIND DIRECTION     N (350)
  HIGHEST GUST SPEED    35   HIGHEST GUST DIRECTION    NE (30)
  AVERAGE WIND SPEED    18.1


SKY COVER
  AVERAGE SKY COVER 1.0


WEATHER CONDITIONS
 THE FOLLOWING WEATHER WAS RECORDED TODAY.
  HEAVY RAIN
  RAIN
  LIGHT RAIN


RELATIVE HUMIDITY (PERCENT)
 HIGHEST    86          1200 AM
 LOWEST     66           500 AM
 AVERAGE    76

..........................................................


THE KENNEDY NY CLIMATE NORMALS FOR TOMORROW
                         NORMAL    RECORD    YEAR
 MAXIMUM TEMPERATURE (F)   59        74      1974
 MINIMUM TEMPERATURE (F)   44        31      1965


SUNRISE AND SUNSET
NOVEMBER  1 2014......SUNRISE   725 AM EDT   SUNSET   552 PM EDT
NOVEMBER  2 2014......SUNRISE   626 AM EST   SUNSET   450 PM EST


-  INDICATES NEGATIVE NUMBERS.
R  INDICATES RECORD WAS SET OR TIED.
MM INDICATES DATA IS MISSING.
T  INDICATES TRACE AMOUNT.




$$
