000
CDUS41 KOKX 130644
CLIJFK


CLIMATE REPORT
NATIONAL WEATHER SERVICE NEW YORK NY
243 AM EDT FRI MAY 13 2016


...................................

...THE KENNEDY NY CLIMATE SUMMARY FOR MAY 12 2016...

CLIMATE NORMAL PERIOD 1981 TO 2010
CLIMATE RECORD PERIOD 1949 TO 2016


WEATHER ITEM   OBSERVED TIME   RECORD YEAR NORMAL DEPARTURE LAST
                VALUE   (LST)  VALUE       VALUE  FROM      YEAR
                                                  NORMAL
..................................................................
TEMPERATURE (F)
 YESTERDAY
  MAXIMUM         75   1022 AM  89    1991  67      8       87
  MINIMUM         51    406 AM  43    1963  52     -1       65
  AVERAGE         63                        59      4       76

PRECIPITATION (IN)
  YESTERDAY        0.00          1.00 2006   0.11  -0.11     0.01
  MONTH TO DATE    1.88                      1.39   0.49     0.03
  SINCE MAR 1      4.51                      9.04  -4.53     6.52
  SINCE JAN 1     13.15                     14.79  -1.64    14.18

SNOWFALL (IN)
  YESTERDAY        0.0          MM      MM   0.0    0.0      0.0
  MONTH TO DATE    0.0                       0.0    0.0      0.0
  SINCE OCT 1     41.4                      23.8   17.6     44.2
  SINCE JUL 1     41.4                      23.8   17.6     44.2
  SNOW DEPTH       0

DEGREE DAYS
 HEATING
  YESTERDAY        2                         6     -4        0
  MONTH TO DATE  127                        92     35       49
  SINCE MAR 1   1071                      1232   -161     1251
  SINCE JUL 1   3825                      4743   -918     4943

 COOLING
  YESTERDAY        0                         1     -1       11
  MONTH TO DATE    0                         3     -3       21
  SINCE MAR 1      0                         6     -6       21
  SINCE JAN 1      0                         6     -6       21
..................................................................


WIND (MPH)
  HIGHEST WIND SPEED    15   HIGHEST WIND DIRECTION     S (160)
  HIGHEST GUST SPEED    24   HIGHEST GUST DIRECTION     S (200)
  AVERAGE WIND SPEED     6.7


SKY COVER
  POSSIBLE SUNSHINE  MM
  AVERAGE SKY COVER 0.6


WEATHER CONDITIONS
 THE FOLLOWING WEATHER WAS RECORDED YESTERDAY.
  NO SIGNIFICANT WEATHER WAS OBSERVED.


RELATIVE HUMIDITY (PERCENT)
 HIGHEST    89          1200 AM
 LOWEST     25           900 AM
 AVERAGE    57

..........................................................


THE KENNEDY NY CLIMATE NORMALS FOR TODAY
                         NORMAL    RECORD    YEAR
 MAXIMUM TEMPERATURE (F)   68        82      2004
 MINIMUM TEMPERATURE (F)   52        42      1962


SUNRISE AND SUNSET
MAY 13 2016...........SUNRISE   540 AM EDT   SUNSET   804 PM EDT
MAY 14 2016...........SUNRISE   539 AM EDT   SUNSET   805 PM EDT


-  INDICATES NEGATIVE NUMBERS.
R  INDICATES RECORD WAS SET OR TIED.
MM INDICATES DATA IS MISSING.
T  INDICATES TRACE AMOUNT.




$$
