000
CDUS41 KOKX 090621
CLIJFK


CLIMATE REPORT
NATIONAL WEATHER SERVICE NEW YORK NY
219 AM EDT SAT AUG 9 2014


...................................

...THE KENNEDY NY CLIMATE SUMMARY FOR AUGUST 8 2014...

CLIMATE NORMAL PERIOD 1981 TO 2010
CLIMATE RECORD PERIOD 1949 TO 2014


WEATHER ITEM   OBSERVED TIME   RECORD YEAR NORMAL DEPARTURE LAST
                VALUE   (LST)  VALUE       VALUE  FROM      YEAR
                                                  NORMAL
..................................................................
TEMPERATURE (F)
 YESTERDAY
  MAXIMUM         84    356 PM  99    2001  83      1       81
  MINIMUM         65    451 AM  58    1989  69     -4       70
  AVERAGE         75                        76     -1       76

PRECIPITATION (IN)
  YESTERDAY        0.00          3.77 1976   0.13  -0.13     0.72
  MONTH TO DATE    0.49                      1.05  -0.56     1.37
  SINCE JUN 1      7.93                      8.99  -1.06    11.58
  SINCE JAN 1     30.37                     26.33   4.04    24.83

SNOWFALL (IN)
  YESTERDAY        0.0          MM      MM   0.0    0.0      0.0
  MONTH TO DATE    0.0                       0.0    0.0      0.0
  SINCE OCT 1     45.6                      23.8   21.8     17.6
  SINCE JUL 1      0.0                       0.0    0.0      0.0
  SNOW DEPTH       0

DEGREE DAYS
 HEATING
  YESTERDAY        0                         0      0        0
  MONTH TO DATE    0                         0      0        0
  SINCE JUN 1      0                        21    -21       10
  SINCE JUL 1      0                         0      0        0

 COOLING
  YESTERDAY       10                        11     -1       11
  MONTH TO DATE   84                        88     -4       74
  SINCE JUN 1    625                       608     17      709
  SINCE JAN 1    657                       643     14      735
..................................................................


WIND (MPH)
  HIGHEST WIND SPEED    16   HIGHEST WIND DIRECTION     N (350)
  HIGHEST GUST SPEED    21   HIGHEST GUST DIRECTION     N (360)
  AVERAGE WIND SPEED     6.4


SKY COVER
  POSSIBLE SUNSHINE  MM
  AVERAGE SKY COVER 0.5


WEATHER CONDITIONS
 THE FOLLOWING WEATHER WAS RECORDED YESTERDAY.
  NO SIGNIFICANT WEATHER WAS OBSERVED.


RELATIVE HUMIDITY (PERCENT)
 HIGHEST    73           800 PM
 LOWEST     26           100 PM
 AVERAGE    50

..........................................................


THE KENNEDY NY CLIMATE NORMALS FOR TODAY
                         NORMAL    RECORD    YEAR
 MAXIMUM TEMPERATURE (F)   83        98      2001
 MINIMUM TEMPERATURE (F)   69        57      1989


SUNRISE AND SUNSET
AUGUST  9 2014........SUNRISE   600 AM EDT   SUNSET   801 PM EDT
AUGUST 10 2014........SUNRISE   601 AM EDT   SUNSET   800 PM EDT


-  INDICATES NEGATIVE NUMBERS.
R  INDICATES RECORD WAS SET OR TIED.
MM INDICATES DATA IS MISSING.
T  INDICATES TRACE AMOUNT.




$$
