000
CDUS41 KOKX 092033
CLIJFK


CLIMATE REPORT
NATIONAL WEATHER SERVICE NEW YORK NY
433 PM EDT WED JUL 9 2014


...................................

...THE KENNEDY NY CLIMATE SUMMARY FOR JULY 9 2014...
VALID TODAY AS OF 0400 PM LOCAL TIME.

CLIMATE NORMAL PERIOD 1981 TO 2010
CLIMATE RECORD PERIOD 1949 TO 2014


WEATHER ITEM   OBSERVED TIME   RECORD YEAR NORMAL DEPARTURE LAST
                VALUE   (LST)  VALUE       VALUE  FROM      YEAR
                                                  NORMAL
..................................................................
TEMPERATURE (F)
 TODAY
  MAXIMUM         84   1247 PM 101    1993  83      1       87
  MINIMUM         71    520 AM  55    1963  68      3       73
  AVERAGE         78                        76      2       80

PRECIPITATION (IN)
  TODAY            0.00          0.88 1992   0.12  -0.12      T
  MONTH TO DATE    1.19                      1.06   0.13     1.32
  SINCE JUN 1      3.80                      4.92  -1.12     9.27
  SINCE JAN 1     26.24                     22.26   3.98    22.52

SNOWFALL (IN)
  TODAY            0.0          MM      MM   0.0    0.0      0.0
  MONTH TO DATE    0.0                       0.0    0.0      0.0
  SINCE OCT 1     45.6                      23.8   21.8     17.6
  SINCE JUL 1      0.0                       0.0    0.0      0.0
  SNOW DEPTH       0

DEGREE DAYS
 HEATING
  TODAY            0                         0      0        0
  MONTH TO DATE    0                         0      0        0
  SINCE JUN 1      0                        21    -21       10
  SINCE JUL 1      0                         0      0        0

 COOLING
  TODAY           13                        11      2       15
  MONTH TO DATE  105                        92     13      127
  SINCE JUN 1    313                       275     38      307
  SINCE JAN 1    345                       310     35      333
..................................................................


WIND (MPH)
  HIGHEST WIND SPEED    21   HIGHEST WIND DIRECTION     S (170)
  HIGHEST GUST SPEED    25   HIGHEST GUST DIRECTION     S (170)
  AVERAGE WIND SPEED    12.2


SKY COVER
  AVERAGE SKY COVER 0.6


WEATHER CONDITIONS
 THE FOLLOWING WEATHER WAS RECORDED TODAY.
  NO SIGNIFICANT WEATHER WAS OBSERVED.


RELATIVE HUMIDITY (PERCENT)
 HIGHEST    84           300 AM
 LOWEST     55           100 PM
 AVERAGE    70

..........................................................


THE KENNEDY NY CLIMATE NORMALS FOR TOMORROW
                         NORMAL    RECORD    YEAR
 MAXIMUM TEMPERATURE (F)   83       100      1993
 MINIMUM TEMPERATURE (F)   68        58      2009
                                             1963


SUNRISE AND SUNSET
JULY  9 2014..........SUNRISE   533 AM EDT   SUNSET   828 PM EDT
JULY 10 2014..........SUNRISE   533 AM EDT   SUNSET   827 PM EDT


-  INDICATES NEGATIVE NUMBERS.
R  INDICATES RECORD WAS SET OR TIED.
MM INDICATES DATA IS MISSING.
T  INDICATES TRACE AMOUNT.




$$
