000
CDUS41 KOKX 241243
CLIJFK


CLIMATE REPORT
NATIONAL WEATHER SERVICE NEW YORK NY
833 AM EDT FRI JUL 24 2015


...................................

...THE KENNEDY NY CLIMATE SUMMARY FOR JULY 23 2015...

CLIMATE NORMAL PERIOD 1981 TO 2010
CLIMATE RECORD PERIOD 1949 TO 2015


WEATHER ITEM   OBSERVED TIME   RECORD YEAR NORMAL DEPARTURE LAST
                VALUE   (LST)  VALUE       VALUE  FROM      YEAR
                                                  NORMAL
..................................................................
TEMPERATURE (F)
 YESTERDAY
  MAXIMUM         88    314 PM 102    2011  84      4       83
  MINIMUM         70    504 AM  59    1992  69      1       71
  AVERAGE         79                        76      3       77

PRECIPITATION (IN)
  YESTERDAY        0.00          1.66 2007   0.13  -0.13     0.02
  MONTH TO DATE    1.34                      2.98  -1.64     4.22
  SINCE JUN 1      6.33                      6.84  -0.51     6.83
  SINCE JAN 1     20.94                     24.18  -3.24    29.27

SNOWFALL (IN)
  YESTERDAY        0.0          MM      MM   0.0    0.0      0.0
  MONTH TO DATE    0.0                       0.0    0.0      0.0
  SINCE OCT 1     44.2                      23.8   20.4     45.6
  SINCE JUL 1      0.0                       0.0    0.0      0.0
  SNOW DEPTH       0

DEGREE DAYS
 HEATING
  YESTERDAY        0                         0      0        0
  MONTH TO DATE    0                         0      0        0
  SINCE JUN 1     29                        21      8        0
  SINCE JUL 1      0                         0      0        0

 COOLING
  YESTERDAY       14                        11      3       12
  MONTH TO DATE  299                       246     53      252
  SINCE JUN 1    524                       429     95      460
  SINCE JAN 1    584                       464    120      492
..................................................................


WIND (MPH)
  HIGHEST WIND SPEED    21   HIGHEST WIND DIRECTION     S (200)
  HIGHEST GUST SPEED    25   HIGHEST GUST DIRECTION     S (200)
  AVERAGE WIND SPEED     9.8


SKY COVER
  POSSIBLE SUNSHINE  MM
  AVERAGE SKY COVER 0.4


WEATHER CONDITIONS
 THE FOLLOWING WEATHER WAS RECORDED YESTERDAY.
  NO SIGNIFICANT WEATHER WAS OBSERVED.


RELATIVE HUMIDITY (PERCENT)
 HIGHEST    60           700 PM
 LOWEST     21           100 PM
 AVERAGE    41

..........................................................


THE KENNEDY NY CLIMATE NORMALS FOR TODAY
                         NORMAL    RECORD    YEAR
 MAXIMUM TEMPERATURE (F)   84        97      2010
 MINIMUM TEMPERATURE (F)   69        58      1997
                                             1985


SUNRISE AND SUNSET
JULY 24 2015..........SUNRISE   544 AM EDT   SUNSET   818 PM EDT
JULY 25 2015..........SUNRISE   545 AM EDT   SUNSET   818 PM EDT


-  INDICATES NEGATIVE NUMBERS.
R  INDICATES RECORD WAS SET OR TIED.
MM INDICATES DATA IS MISSING.
T  INDICATES TRACE AMOUNT.




$$
