000
CDUS41 KOKX 300616
CLIJFK


CLIMATE REPORT
NATIONAL WEATHER SERVICE NEW YORK NY
216 AM EDT MON JUN 30 2014


...................................

...THE KENNEDY NY CLIMATE SUMMARY FOR JUNE 29 2014...

CLIMATE NORMAL PERIOD 1981 TO 2010
CLIMATE RECORD PERIOD 1949 TO 2014


WEATHER ITEM   OBSERVED TIME   RECORD YEAR NORMAL DEPARTURE LAST
                VALUE   (LST)  VALUE       VALUE  FROM      YEAR
                                                  NORMAL
..................................................................
TEMPERATURE (F)
 YESTERDAY
  MAXIMUM         79    155 PM  99    1959  82     -3       80
  MINIMUM         65    437 AM  55    1995  67     -2       69
  AVERAGE         72                        74     -2       75

PRECIPITATION (IN)
  YESTERDAY        0.00          2.75 1976   0.11  -0.11      T
  MONTH TO DATE    2.61                      3.75  -1.14     7.93
  SINCE JUN 1      2.61                      3.75  -1.14     7.93
  SINCE JAN 1     25.05                     21.09   3.96    21.18

SNOWFALL (IN)
  YESTERDAY        0.0          MM      MM   0.0    0.0      0.0
  MONTH TO DATE    0.0                       0.0    0.0      0.0
  SINCE OCT 1     45.6                      23.8   21.8     17.6
  SINCE JUL 1     45.6                      23.8   21.8     17.6
  SNOW DEPTH       0

DEGREE DAYS
 HEATING
  YESTERDAY        0                         0      0        0
  MONTH TO DATE    0                        20    -20       10
  SINCE JUN 1      0                        20    -20       10
  SINCE JUL 1   5099                      4838    261     4706

 COOLING
  YESTERDAY        7                         9     -2       10
  MONTH TO DATE  199                       172     27      170
  SINCE JUN 1    199                       172     27      170
  SINCE JAN 1    231                       207     24      196
..................................................................


WIND (MPH)
  HIGHEST WIND SPEED    20   HIGHEST WIND DIRECTION     S (170)
  HIGHEST GUST SPEED    26   HIGHEST GUST DIRECTION     W (250)
  AVERAGE WIND SPEED     9.1


SKY COVER
  POSSIBLE SUNSHINE  MM
  AVERAGE SKY COVER 0.7


WEATHER CONDITIONS
 THE FOLLOWING WEATHER WAS RECORDED YESTERDAY.
  NO SIGNIFICANT WEATHER WAS OBSERVED.


RELATIVE HUMIDITY (PERCENT)
 HIGHEST    84          1000 PM
 LOWEST     45           200 PM
 AVERAGE    65

..........................................................


THE KENNEDY NY CLIMATE NORMALS FOR TODAY
                         NORMAL    RECORD    YEAR
 MAXIMUM TEMPERATURE (F)   82        99      1964
 MINIMUM TEMPERATURE (F)   67        56      1988


SUNRISE AND SUNSET
JUNE 30 2014..........SUNRISE   527 AM EDT   SUNSET   830 PM EDT
JULY  1 2014..........SUNRISE   528 AM EDT   SUNSET   830 PM EDT


-  INDICATES NEGATIVE NUMBERS.
R  INDICATES RECORD WAS SET OR TIED.
MM INDICATES DATA IS MISSING.
T  INDICATES TRACE AMOUNT.




$$
