000
CDUS41 KOKX 010625
CLIJFK


CLIMATE REPORT
NATIONAL WEATHER SERVICE NEW YORK NY
225 AM EDT TUE APR 1 2014


...................................

...THE KENNEDY NY CLIMATE SUMMARY FOR MARCH 31 2014...

CLIMATE NORMAL PERIOD 1981 TO 2010
CLIMATE RECORD PERIOD 1949 TO 2014


WEATHER ITEM   OBSERVED TIME   RECORD YEAR NORMAL DEPARTURE LAST
                VALUE   (LST)  VALUE       VALUE  FROM      YEAR
                                                  NORMAL
..................................................................
TEMPERATURE (F)
 YESTERDAY
  MAXIMUM         56    439 PM  74    1986  54      2       52
                                      1981
  MINIMUM         34    611 AM  21    1964  39     -5       35
  AVERAGE         45                        46     -1       44

PRECIPITATION (IN)
  YESTERDAY        0.21          1.71 1997   0.13   0.08     0.12
  MONTH TO DATE    4.26                      3.78   0.48     2.32
  SINCE MAR 1      4.26                      3.78   0.48     2.32
  SINCE JAN 1     11.86                      9.53   2.33     7.44

SNOWFALL (IN)
  YESTERDAY        T             0.8  1970   0.1   -0.1      0.0
  MONTH TO DATE    0.6                       3.5   -2.9      4.4
  SINCE OCT 1     45.5                      23.0   22.5     17.6
  SINCE JUL 1     45.5                      23.0   22.5     17.6
  SNOW DEPTH       0

DEGREE DAYS
 HEATING
  YESTERDAY       20                        19      1       21
  MONTH TO DATE  850                       724    126      766
  SINCE MAR 1    850                       725    125      766
  SINCE JUL 1   4557                      4236    321     4096

 COOLING
  YESTERDAY        0                         0      0        0
  MONTH TO DATE    0                         0      0        0
  SINCE MAR 1      0                         0      0        0
  SINCE JAN 1      0                         0      0        0
..................................................................


WIND (MPH)
  HIGHEST WIND SPEED    30   HIGHEST WIND DIRECTION     N (360)
  HIGHEST GUST SPEED    38   HIGHEST GUST DIRECTION     N (10)
  AVERAGE WIND SPEED    19.7


SKY COVER
  POSSIBLE SUNSHINE  MM
  AVERAGE SKY COVER 0.6


WEATHER CONDITIONS
 THE FOLLOWING WEATHER WAS RECORDED YESTERDAY.
  RAIN
  LIGHT RAIN
  SNOW
  LIGHT SNOW
  FOG


RELATIVE HUMIDITY (PERCENT)
 HIGHEST    79           100 AM
 LOWEST     41           500 PM
 AVERAGE    60

..........................................................


THE KENNEDY NY CLIMATE NORMALS FOR TODAY
                         NORMAL    RECORD    YEAR
 MAXIMUM TEMPERATURE (F)   54        75      1978
 MINIMUM TEMPERATURE (F)   39        26      1969
                                             1964


SUNRISE AND SUNSET
APRIL  1 2014.........SUNRISE   639 AM EDT   SUNSET   720 PM EDT
APRIL  2 2014.........SUNRISE   637 AM EDT   SUNSET   721 PM EDT


-  INDICATES NEGATIVE NUMBERS.
R  INDICATES RECORD WAS SET OR TIED.
MM INDICATES DATA IS MISSING.
T  INDICATES TRACE AMOUNT.




$$
