000
CDUS41 KOKX 120620
CLIJFK


CLIMATE REPORT
NATIONAL WEATHER SERVICE NEW YORK NY
220 AM EDT FRI MAY 12 2017


...................................

...THE KENNEDY NY CLIMATE SUMMARY FOR MAY 11 2017...

CLIMATE NORMAL PERIOD 1981 TO 2010
CLIMATE RECORD PERIOD 1948 TO 2017


WEATHER ITEM   OBSERVED TIME   RECORD YEAR NORMAL DEPARTURE LAST
                VALUE   (LST)  VALUE       VALUE  FROM      YEAR
                                                  NORMAL
..................................................................
TEMPERATURE (F)
 YESTERDAY
  MAXIMUM         61   1028 AM  85    1993  67     -6       71
                                      1970
  MINIMUM         48    435 AM  40    1966  51     -3       48
  AVERAGE         55                        59     -4       60

PRECIPITATION (IN)
  YESTERDAY        0.00          1.09 1998   0.12  -0.12     0.00
  MONTH TO DATE    1.85                      1.28   0.57     1.88
  SINCE MAR 1     11.70                      8.93   2.77     4.51
  SINCE JAN 1     17.92                     14.68   3.24    13.15

SNOWFALL (IN)
  YESTERDAY        0.0          MM      MM   0.0    0.0      0.0
  MONTH TO DATE    0.0                       0.0    0.0      0.0
  SINCE OCT 1     30.9                      23.8    7.1     41.4
  SINCE JUL 1     30.9                      23.8    7.1     41.4
  SNOW DEPTH       0

DEGREE DAYS
 HEATING
  YESTERDAY       10                         6      4        5
  MONTH TO DATE   94                        86      8      125
  SINCE MAR 1   1182                      1226    -44     1069
  SINCE JUL 1   4100                      4737   -637     3823

 COOLING
  YESTERDAY        0                         1     -1        0
  MONTH TO DATE    3                         2      1        0
  SINCE MAR 1     15                         5     10        0
  SINCE JAN 1     15                         5     10        0
..................................................................


WIND (MPH)
  HIGHEST WIND SPEED    13   HIGHEST WIND DIRECTION    SE (120)
  HIGHEST GUST SPEED    16   HIGHEST GUST DIRECTION     S (160)
  AVERAGE WIND SPEED     6.3


SKY COVER
  POSSIBLE SUNSHINE  MM
  AVERAGE SKY COVER 0.8


WEATHER CONDITIONS
 THE FOLLOWING WEATHER WAS RECORDED YESTERDAY.
  NO SIGNIFICANT WEATHER WAS OBSERVED.


RELATIVE HUMIDITY (PERCENT)
 HIGHEST    77          1200 AM
 LOWEST     39          1000 AM
 AVERAGE    58

..........................................................


THE KENNEDY NY CLIMATE NORMALS FOR TODAY
                         NORMAL    RECORD    YEAR
 MAXIMUM TEMPERATURE (F)   67        89      1991
 MINIMUM TEMPERATURE (F)   52        43      1963


SUNRISE AND SUNSET
MAY 12 2017...........SUNRISE   541 AM EDT   SUNSET   803 PM EDT
MAY 13 2017...........SUNRISE   540 AM EDT   SUNSET   804 PM EDT


-  INDICATES NEGATIVE NUMBERS.
R  INDICATES RECORD WAS SET OR TIED.
MM INDICATES DATA IS MISSING.
T  INDICATES TRACE AMOUNT.




$$
