000
CDUS41 KOKX 080623
CLIJFK


CLIMATE REPORT
NATIONAL WEATHER SERVICE NEW YORK NY
223 AM EDT FRI APR 8 2016


...................................

...THE KENNEDY NY CLIMATE SUMMARY FOR APRIL 7 2016...

CLIMATE NORMAL PERIOD 1981 TO 2010
CLIMATE RECORD PERIOD 1949 TO 2016


WEATHER ITEM   OBSERVED TIME   RECORD YEAR NORMAL DEPARTURE LAST
                VALUE   (LST)  VALUE       VALUE  FROM      YEAR
                                                  NORMAL
..................................................................
TEMPERATURE (F)
 YESTERDAY
  MAXIMUM         59    432 PM  87    2010  56      3       57
  MINIMUM         48    119 AM  20    1982  41      7       44
  AVERAGE         54                        48      6       51

PRECIPITATION (IN)
  YESTERDAY        0.06          0.85 1971   0.13  -0.07     0.03
  MONTH TO DATE    0.77                      0.93  -0.16     0.14
  SINCE MAR 1      2.16                      4.71  -2.55     5.02
  SINCE JAN 1     10.80                     10.46   0.34    12.68

SNOWFALL (IN)
  YESTERDAY        0.0           5.4  2003   0.0    0.0      0.0
  MONTH TO DATE    T                         0.3   -0.3      0.0
  SINCE OCT 1     41.4                      23.3   18.1     44.2
  SINCE JUL 1     41.4                      23.3   18.1     44.2
  SNOW DEPTH       0

DEGREE DAYS
 HEATING
  YESTERDAY       11                        17     -6       14
  MONTH TO DATE  132                       124      8      110
  SINCE MAR 1    665                       849   -184      947
  SINCE JUL 1   3419                      4360   -941     4639

 COOLING
  YESTERDAY        0                         0      0        0
  MONTH TO DATE    0                         0      0        0
  SINCE MAR 1      0                         0      0        0
  SINCE JAN 1      0                         0      0        0
..................................................................


WIND (MPH)
  HIGHEST WIND SPEED    39   HIGHEST WIND DIRECTION     S (160)
  HIGHEST GUST SPEED    46   HIGHEST GUST DIRECTION     S (160)
  AVERAGE WIND SPEED    19.6


SKY COVER
  POSSIBLE SUNSHINE  MM
  AVERAGE SKY COVER 0.9


WEATHER CONDITIONS
 THE FOLLOWING WEATHER WAS RECORDED YESTERDAY.
  RAIN
  LIGHT RAIN
  FOG
  HAZE


RELATIVE HUMIDITY (PERCENT)
 HIGHEST    93           100 PM
 LOWEST     59           900 PM
 AVERAGE    76

..........................................................


THE KENNEDY NY CLIMATE NORMALS FOR TODAY
                         NORMAL    RECORD    YEAR
 MAXIMUM TEMPERATURE (F)   57        82      1959
 MINIMUM TEMPERATURE (F)   41        26      1982


SUNRISE AND SUNSET
APRIL  8 2016.........SUNRISE   627 AM EDT   SUNSET   728 PM EDT
APRIL  9 2016.........SUNRISE   625 AM EDT   SUNSET   729 PM EDT


-  INDICATES NEGATIVE NUMBERS.
R  INDICATES RECORD WAS SET OR TIED.
MM INDICATES DATA IS MISSING.
T  INDICATES TRACE AMOUNT.




$$
