000
CDUS41 KOKX 282034
CLIJFK


CLIMATE REPORT
NATIONAL WEATHER SERVICE NEW YORK NY
433 PM EDT FRI MAR 28 2014


...................................

...THE KENNEDY NY CLIMATE SUMMARY FOR MARCH 28 2014...
VALID TODAY AS OF 0400 PM LOCAL TIME.

CLIMATE NORMAL PERIOD 1981 TO 2010
CLIMATE RECORD PERIOD 1949 TO 2014


WEATHER ITEM   OBSERVED TIME   RECORD YEAR NORMAL DEPARTURE LAST
                VALUE   (LST)  VALUE       VALUE  FROM      YEAR
                                                  NORMAL
..................................................................
TEMPERATURE (F)
 TODAY
  MAXIMUM         49   1249 PM  76    1991  53     -4       53
                                      1989
  MINIMUM         36   1212 AM  22    1982  38     -2       37
  AVERAGE         43                        45     -2       45

PRECIPITATION (IN)
  TODAY            T             2.56 2005   0.13  -0.13      T
  MONTH TO DATE    0.92                      3.39  -2.47     2.20
  SINCE MAR 1      0.92                      3.39  -2.47     2.20
  SINCE JAN 1      8.52                      9.14  -0.62     7.32

SNOWFALL (IN)
  TODAY            0.0           0.8  1984   0.0    0.0      0.0
  MONTH TO DATE    0.6                       3.3   -2.7      4.4
  SINCE OCT 1     45.5                      22.8   22.7     17.6
  SINCE JUL 1     45.5                      22.8   22.7     17.6
  SNOW DEPTH       0

DEGREE DAYS
 HEATING
  TODAY           22                        20      2       20
  MONTH TO DATE  796                       666    130      713
  SINCE MAR 1    796                       666    130      713
  SINCE JUL 1   4503                      4177    326     4043

 COOLING
  TODAY            0                         0      0        0
  MONTH TO DATE    0                         0      0        0
  SINCE MAR 1      0                         0      0        0
  SINCE JAN 1      0                         0      0        0
..................................................................


WIND (MPH)
  HIGHEST WIND SPEED    24   HIGHEST WIND DIRECTION     S (180)
  HIGHEST GUST SPEED    31   HIGHEST GUST DIRECTION     S (170)
  AVERAGE WIND SPEED    13.6


SKY COVER
  AVERAGE SKY COVER 0.9


WEATHER CONDITIONS
 THE FOLLOWING WEATHER WAS RECORDED TODAY.
  LIGHT RAIN


RELATIVE HUMIDITY (PERCENT)
 HIGHEST    82           700 AM
 LOWEST     70          1200 AM
 AVERAGE    76

..........................................................


THE KENNEDY NY CLIMATE NORMALS FOR TOMORROW
                         NORMAL    RECORD    YEAR
 MAXIMUM TEMPERATURE (F)   53        82      1998
 MINIMUM TEMPERATURE (F)   38        26      1959


SUNRISE AND SUNSET
MARCH 28 2014.........SUNRISE   645 AM EDT   SUNSET   716 PM EDT
MARCH 29 2014.........SUNRISE   644 AM EDT   SUNSET   717 PM EDT


-  INDICATES NEGATIVE NUMBERS.
R  INDICATES RECORD WAS SET OR TIED.
MM INDICATES DATA IS MISSING.
T  INDICATES TRACE AMOUNT.




$$
