000
CDUS41 KOKX 070616
CLIJFK


CLIMATE REPORT
NATIONAL WEATHER SERVICE NEW YORK NY
116 AM EST SUN DEC 7 2014


...................................

...THE KENNEDY NY CLIMATE SUMMARY FOR DECEMBER 6 2014...

CLIMATE NORMAL PERIOD 1981 TO 2010
CLIMATE RECORD PERIOD 1949 TO 2014


WEATHER ITEM   OBSERVED TIME   RECORD YEAR NORMAL DEPARTURE LAST
                VALUE   (LST)  VALUE       VALUE  FROM      YEAR
                                                  NORMAL
..................................................................
TEMPERATURE (F)
 YESTERDAY
  MAXIMUM         52    337 PM  70    2001  47      5       56
  MINIMUM         41   1159 PM  21    2007  34      7       37
                                      1976
  AVERAGE         47                        41      6       47

PRECIPITATION (IN)
  YESTERDAY        1.24R         1.16 1996   0.11   1.13     0.57
  MONTH TO DATE    2.10                      0.71   1.39     0.58
  SINCE DEC 1      2.10                      0.71   1.39     0.58
  SINCE JAN 1     45.81                     40.09   5.72    31.56

SNOWFALL (IN)
  YESTERDAY        0.0           5.9  2003   0.1   -0.1      0.0
  MONTH TO DATE    0.0                       0.5   -0.5      0.0
  SINCE OCT 1      0.1                       0.7   -0.6      0.2
  SINCE JUL 1      0.1                       0.7   -0.6      0.2
  SNOW DEPTH       0

DEGREE DAYS
 HEATING
  YESTERDAY       18                        24     -6       18
  MONTH TO DATE  119                       141    -22      114
  SINCE DEC 1    119                       141    -22      114
  SINCE JUL 1    903                       965    -62      928

 COOLING
  YESTERDAY        0                         0      0        0
  MONTH TO DATE    0                         0      0        0
  SINCE DEC 1      0                         0      0        0
  SINCE JAN 1   1050                      1005     45     1111
..................................................................


WIND (MPH)
  HIGHEST WIND SPEED    26   HIGHEST WIND DIRECTION     N (10)
  HIGHEST GUST SPEED    35   HIGHEST GUST DIRECTION     N (360)
  AVERAGE WIND SPEED     7.3


SKY COVER
  POSSIBLE SUNSHINE  MM
  AVERAGE SKY COVER 1.0


WEATHER CONDITIONS
 THE FOLLOWING WEATHER WAS RECORDED YESTERDAY.
  RAIN
  LIGHT RAIN
  FOG


RELATIVE HUMIDITY (PERCENT)
 HIGHEST    96           300 PM
 LOWEST     80          1000 AM
 AVERAGE    88

..........................................................


THE KENNEDY NY CLIMATE NORMALS FOR TODAY
                         NORMAL    RECORD    YEAR
 MAXIMUM TEMPERATURE (F)   47        75      1998
 MINIMUM TEMPERATURE (F)   34        20      1964


SUNRISE AND SUNSET
DECEMBER  7 2014......SUNRISE   705 AM EST   SUNSET   428 PM EST
DECEMBER  8 2014......SUNRISE   706 AM EST   SUNSET   428 PM EST


-  INDICATES NEGATIVE NUMBERS.
R  INDICATES RECORD WAS SET OR TIED.
MM INDICATES DATA IS MISSING.
T  INDICATES TRACE AMOUNT.




$$
