116
CDUS41 KOKX 150617
CLIJFK


CLIMATE REPORT
NATIONAL WEATHER SERVICE NEW YORK NY
217 AM EDT SAT APR 15 2017


...................................

...THE KENNEDY NY CLIMATE SUMMARY FOR APRIL 14 2017...

CLIMATE NORMAL PERIOD 1981 TO 2010
CLIMATE RECORD PERIOD 1948 TO 2017


WEATHER ITEM   OBSERVED TIME   RECORD YEAR NORMAL DEPARTURE LAST
                VALUE   (LST)  VALUE       VALUE  FROM      YEAR
                                                  NORMAL
..................................................................
TEMPERATURE (F)
 YESTERDAY
  MAXIMUM         60    139 PM  78    1949  59      1       57
  MINIMUM         47   1159 PM  27    1950  43      4       38
  AVERAGE         54                        51      3       48

PRECIPITATION (IN)
  YESTERDAY        0.00          0.74 1979   0.13  -0.13     0.00
  MONTH TO DATE    2.10                      1.89   0.21     1.03
  SINCE MAR 1      7.89                      5.67   2.22     2.42
  SINCE JAN 1     14.11                     11.42   2.69    11.06

SNOWFALL (IN)
  YESTERDAY        0.0           0.6  1950   0.1   -0.1      0.0
  MONTH TO DATE    0.0                       0.6   -0.6       T
  SINCE OCT 1     30.9                      23.6    7.3     41.4
  SINCE JUL 1     30.9                      23.6    7.3     41.4
  SNOW DEPTH       0

DEGREE DAYS
 HEATING
  YESTERDAY       11                        14     -3       17
  MONTH TO DATE  180                       231    -51      267
  SINCE MAR 1    968                       956     12      800
  SINCE JUL 1   3886                      4467   -581     3554

 COOLING
  YESTERDAY        0                         0      0        0
  MONTH TO DATE    0                         0      0        0
  SINCE MAR 1      0                         0      0        0
  SINCE JAN 1      0                         0      0        0
..................................................................


WIND (MPH)
  HIGHEST WIND SPEED    16   HIGHEST WIND DIRECTION     S (180)
  HIGHEST GUST SPEED    19   HIGHEST GUST DIRECTION     S (190)
  AVERAGE WIND SPEED     7.5


SKY COVER
  POSSIBLE SUNSHINE  MM
  AVERAGE SKY COVER 0.4


WEATHER CONDITIONS
 THE FOLLOWING WEATHER WAS RECORDED YESTERDAY.
  NO SIGNIFICANT WEATHER WAS OBSERVED.


RELATIVE HUMIDITY (PERCENT)
 HIGHEST    86          1100 PM
 LOWEST     36          1000 AM
 AVERAGE    61

..........................................................


THE KENNEDY NY CLIMATE NORMALS FOR TODAY
                         NORMAL    RECORD    YEAR
 MAXIMUM TEMPERATURE (F)   59        80      2006
                                             2002
                                             1960
 MINIMUM TEMPERATURE (F)   43        33      1962
                                             1950


SUNRISE AND SUNSET
APRIL 15 2017.........SUNRISE   616 AM EDT   SUNSET   735 PM EDT
APRIL 16 2017.........SUNRISE   615 AM EDT   SUNSET   736 PM EDT


-  INDICATES NEGATIVE NUMBERS.
R  INDICATES RECORD WAS SET OR TIED.
MM INDICATES DATA IS MISSING.
T  INDICATES TRACE AMOUNT.




$$
