000
CDUS41 KOKX 052036
CLIJFK


CLIMATE REPORT
NATIONAL WEATHER SERVICE NEW YORK NY
435 PM EDT MON JUN 5 2017


...................................

...THE KENNEDY NY CLIMATE SUMMARY FOR JUNE 5 2017...
VALID TODAY AS OF 0400 PM LOCAL TIME.

CLIMATE NORMAL PERIOD 1981 TO 2010
CLIMATE RECORD PERIOD 1948 TO 2017


WEATHER ITEM   OBSERVED TIME   RECORD YEAR NORMAL DEPARTURE LAST
                VALUE   (LST)  VALUE       VALUE  FROM      YEAR
                                                  NORMAL
..................................................................
TEMPERATURE (F)
 TODAY
  MAXIMUM         71   1252 PM  90    2010  75     -4       71
  MINIMUM         61    537 AM  50    1997  60      1       66
                                      1964
  AVERAGE         66                        67     -1       69

PRECIPITATION (IN)
  TODAY            0.40          1.18 1985   0.14   0.26     0.67
  MONTH TO DATE    0.51                      0.72  -0.21     0.68
  SINCE JUN 1      0.51                      0.72  -0.21     0.68
  SINCE JAN 1     22.41                     18.06   4.35    15.66

SNOWFALL (IN)
  TODAY            0.0          MM      MM   0.0    0.0      0.0
  MONTH TO DATE    0.0                       0.0    0.0      0.0
  SINCE OCT 1     30.9                      23.8    7.1     41.4
  SINCE JUL 1     30.9                      23.8    7.1     41.4
  SNOW DEPTH       0

DEGREE DAYS
 HEATING
  TODAY            0                         2     -2        0
  MONTH TO DATE    3                        10     -7        0
  SINCE JUN 1      3                        10     -7        0
  SINCE JUL 1   4180                      4828   -648     3890

 COOLING
  TODAY            1                         4     -3        4
  MONTH TO DATE   10                        16     -6       22
  SINCE JUN 1     10                        16     -6       22
  SINCE JAN 1     60                        51      9       73
..................................................................


WIND (MPH)
  HIGHEST WIND SPEED    12   HIGHEST WIND DIRECTION    SW (210)
  HIGHEST GUST SPEED    14   HIGHEST GUST DIRECTION    SW (210)
  AVERAGE WIND SPEED     5.0


SKY COVER
  AVERAGE SKY COVER 0.9


WEATHER CONDITIONS
 THE FOLLOWING WEATHER WAS RECORDED TODAY.
  THUNDERSTORM
  HEAVY RAIN
  RAIN
  LIGHT RAIN
  FOG
  HAZE


RELATIVE HUMIDITY (PERCENT)
 HIGHEST   100           100 AM
 LOWEST     84          1000 AM
 AVERAGE    92

..........................................................


THE KENNEDY NY CLIMATE NORMALS FOR TOMORROW
                         NORMAL    RECORD    YEAR
 MAXIMUM TEMPERATURE (F)   75        90      1968
 MINIMUM TEMPERATURE (F)   60        51      2000


SUNRISE AND SUNSET
JUNE  5 2017..........SUNRISE   525 AM EDT   SUNSET   823 PM EDT
JUNE  6 2017..........SUNRISE   525 AM EDT   SUNSET   823 PM EDT


-  INDICATES NEGATIVE NUMBERS.
R  INDICATES RECORD WAS SET OR TIED.
MM INDICATES DATA IS MISSING.
T  INDICATES TRACE AMOUNT.




$$
