000
CDUS41 KOKX 090700
CLIJFK


CLIMATE REPORT
NATIONAL WEATHER SERVICE NEW YORK NY
259 AM EDT SAT APR 9 2016


...................................

...THE KENNEDY NY CLIMATE SUMMARY FOR APRIL 8 2016...

CLIMATE NORMAL PERIOD 1981 TO 2010
CLIMATE RECORD PERIOD 1949 TO 2016


WEATHER ITEM   OBSERVED TIME   RECORD YEAR NORMAL DEPARTURE LAST
                VALUE   (LST)  VALUE       VALUE  FROM      YEAR
                                                  NORMAL
..................................................................
TEMPERATURE (F)
 YESTERDAY
  MAXIMUM         50   1130 AM  82    1959  57     -7       49
  MINIMUM         39   1159 PM  26    1982  41     -2       36
  AVERAGE         45                        49     -4       43

PRECIPITATION (IN)
  YESTERDAY        T             0.98 2005   0.14  -0.14     0.01
  MONTH TO DATE    0.77                      1.07  -0.30     0.15
  SINCE MAR 1      2.16                      4.85  -2.69     5.03
  SINCE JAN 1     10.80                     10.60   0.20    12.69

SNOWFALL (IN)
  YESTERDAY        0.0           T    2009   0.1   -0.1      0.0
  MONTH TO DATE    T                         0.4   -0.4      0.0
  SINCE OCT 1     41.4                      23.4   18.0     44.2
  SINCE JUL 1     41.4                      23.4   18.0     44.2
  SNOW DEPTH       0

DEGREE DAYS
 HEATING
  YESTERDAY       20                        16      4       22
  MONTH TO DATE  152                       140     12      132
  SINCE MAR 1    685                       865   -180      969
  SINCE JUL 1   3439                      4376   -937     4661

 COOLING
  YESTERDAY        0                         0      0        0
  MONTH TO DATE    0                         0      0        0
  SINCE MAR 1      0                         0      0        0
  SINCE JAN 1      0                         0      0        0
..................................................................


WIND (MPH)
  HIGHEST WIND SPEED    30   HIGHEST WIND DIRECTION     W (260)
  HIGHEST GUST SPEED    37   HIGHEST GUST DIRECTION     W (280)
  AVERAGE WIND SPEED    16.4


SKY COVER
  POSSIBLE SUNSHINE  MM
  AVERAGE SKY COVER 0.5


WEATHER CONDITIONS
 THE FOLLOWING WEATHER WAS RECORDED YESTERDAY.
  LIGHT RAIN


RELATIVE HUMIDITY (PERCENT)
 HIGHEST    71           200 AM
 LOWEST     31           500 PM
 AVERAGE    51

..........................................................


THE KENNEDY NY CLIMATE NORMALS FOR TODAY
                         NORMAL    RECORD    YEAR
 MAXIMUM TEMPERATURE (F)   57        83      2013
 MINIMUM TEMPERATURE (F)   42        26      1977


SUNRISE AND SUNSET
APRIL  9 2016.........SUNRISE   625 AM EDT   SUNSET   729 PM EDT
APRIL 10 2016.........SUNRISE   624 AM EDT   SUNSET   730 PM EDT


-  INDICATES NEGATIVE NUMBERS.
R  INDICATES RECORD WAS SET OR TIED.
MM INDICATES DATA IS MISSING.
T  INDICATES TRACE AMOUNT.




$$
