000
CDUS41 KOKX 272032
CLIJFK


CLIMATE REPORT
NATIONAL WEATHER SERVICE NEW YORK NY
432 PM EDT WED SEP 27 2017


...................................

...THE KENNEDY NY CLIMATE SUMMARY FOR SEPTEMBER 27 2017...
VALID TODAY AS OF 0400 PM LOCAL TIME.

CLIMATE NORMAL PERIOD 1981 TO 2010
CLIMATE RECORD PERIOD 1948 TO 2017


WEATHER ITEM   OBSERVED TIME   RECORD YEAR NORMAL DEPARTURE LAST
                VALUE   (LST)  VALUE       VALUE  FROM      YEAR
                                                  NORMAL
..................................................................
TEMPERATURE (F)
 TODAY
  MAXIMUM         87    230 PM  89    1998  71     16       75
  MINIMUM         69    504 AM  46    2000  57     12       61
                                      1978
  AVERAGE         78                        64     14       68

PRECIPITATION (IN)
  TODAY            0.00          2.48 1985   0.13  -0.13     0.18
  MONTH TO DATE    2.16                      3.10  -0.94     2.54
  SINCE SEP 1      2.16                      3.10  -0.94     2.54
  SINCE JAN 1     35.41                     32.06   3.35    25.81

SNOWFALL (IN)
  TODAY            0.0          MM      MM   0.0    0.0      0.0
  MONTH TO DATE    0.0                       0.0    0.0      0.0
  SINCE OCT 1     30.9                      23.8    7.1     41.4
  SINCE JUL 1      0.0                       0.0    0.0      0.0
  SNOW DEPTH       0

DEGREE DAYS
 HEATING
  TODAY            0                         3     -3        0
  MONTH TO DATE    5                        26    -21        6
  SINCE SEP 1      5                        26    -21        6
  SINCE JUL 1      5                        27    -22        6

 COOLING
  TODAY           13                         2     11        3
  MONTH TO DATE  179                       125     54      205
  SINCE SEP 1    179                       125     54      205
  SINCE JAN 1   1102                       986    116     1342
..................................................................


WIND (MPH)
  HIGHEST WIND SPEED    15   HIGHEST WIND DIRECTION     E (110)
  HIGHEST GUST SPEED    19   HIGHEST GUST DIRECTION     E (110)
  AVERAGE WIND SPEED     7.6


SKY COVER
  AVERAGE SKY COVER 0.7


WEATHER CONDITIONS
 THE FOLLOWING WEATHER WAS RECORDED TODAY.
  FOG


RELATIVE HUMIDITY (PERCENT)
 HIGHEST    93           700 AM
 LOWEST     65          1200 PM
 AVERAGE    79

..........................................................


THE KENNEDY NY CLIMATE NORMALS FOR TOMORROW
                         NORMAL    RECORD    YEAR
 MAXIMUM TEMPERATURE (F)   71        82      1948
 MINIMUM TEMPERATURE (F)   56        44      1989


SUNRISE AND SUNSET
SEPTEMBER 27 2017.....SUNRISE   648 AM EDT   SUNSET   643 PM EDT
SEPTEMBER 28 2017.....SUNRISE   649 AM EDT   SUNSET   642 PM EDT


-  INDICATES NEGATIVE NUMBERS.
R  INDICATES RECORD WAS SET OR TIED.
MM INDICATES DATA IS MISSING.
T  INDICATES TRACE AMOUNT.




$$
