031
CDUS41 KOKX 090626
CLIJFK


CLIMATE REPORT
NATIONAL WEATHER SERVICE NEW YORK NY
126 AM EST MON JAN 9 2017


...................................

...THE KENNEDY NY CLIMATE SUMMARY FOR JANUARY 8 2017...

CLIMATE NORMAL PERIOD 1981 TO 2010
CLIMATE RECORD PERIOD 1948 TO 2017


WEATHER ITEM   OBSERVED TIME   RECORD YEAR NORMAL DEPARTURE LAST
                VALUE   (LST)  VALUE       VALUE  FROM      YEAR
                                                  NORMAL
..................................................................
TEMPERATURE (F)
 YESTERDAY
  MAXIMUM         26    319 PM  58    1949  39    -13       47
  MINIMUM         18    846 AM   1    1968  27     -9       32
  AVERAGE         22                        33    -11       40

PRECIPITATION (IN)
  YESTERDAY        T             1.24 2007   0.11  -0.11     0.00
  MONTH TO DATE    1.02                      0.85   0.17     0.00
  SINCE DEC 1      4.08                      4.24  -0.16     4.79
  SINCE JAN 1      1.02                      0.85   0.17     0.00

SNOWFALL (IN)
  YESTERDAY        T             9.6  1988   0.2   -0.2      0.0
  MONTH TO DATE    9.3                       1.6    7.7      0.0
  SINCE OCT 1     12.6                       6.5    6.1      0.1
  SINCE JUL 1     12.6                       6.5    6.1      0.1
  SNOW DEPTH       8

DEGREE DAYS
 HEATING
  YESTERDAY       43                        32     11       25
  MONTH TO DATE  239                       254    -15      244
  SINCE DEC 1   1021                      1099    -78      689
  SINCE JUL 1   1661                      1923   -262     1280

 COOLING
  YESTERDAY        0                         0      0        0
  MONTH TO DATE    0                         0      0        0
  SINCE DEC 1      0                         0      0        0
  SINCE JAN 1      0                         0      0        0
..................................................................


WIND (MPH)
  HIGHEST WIND SPEED    29   HIGHEST WIND DIRECTION    NW (320)
  HIGHEST GUST SPEED    35   HIGHEST GUST DIRECTION    NW (310)
  AVERAGE WIND SPEED    18.3


SKY COVER
  POSSIBLE SUNSHINE  MM
  AVERAGE SKY COVER 0.4


WEATHER CONDITIONS
 THE FOLLOWING WEATHER WAS RECORDED YESTERDAY.
  NO SIGNIFICANT WEATHER WAS OBSERVED.


RELATIVE HUMIDITY (PERCENT)
 HIGHEST    54           100 AM
 LOWEST     35           400 PM
 AVERAGE    45

..........................................................


THE KENNEDY NY CLIMATE NORMALS FOR TODAY
                         NORMAL    RECORD    YEAR
 MAXIMUM TEMPERATURE (F)   39        65      2008
 MINIMUM TEMPERATURE (F)   26         0      1968


SUNRISE AND SUNSET
JANUARY  9 2017.......SUNRISE   719 AM EST   SUNSET   446 PM EST
JANUARY 10 2017.......SUNRISE   718 AM EST   SUNSET   447 PM EST


-  INDICATES NEGATIVE NUMBERS.
R  INDICATES RECORD WAS SET OR TIED.
MM INDICATES DATA IS MISSING.
T  INDICATES TRACE AMOUNT.




$$
