000
CDUS41 KOKX 082039
CLIJFK


CLIMATE REPORT
NATIONAL WEATHER SERVICE NEW YORK NY
438 PM EDT THU SEP 8 2016


...................................

...THE KENNEDY NY CLIMATE SUMMARY FOR SEPTEMBER 8 2016...
VALID TODAY AS OF 0400 PM LOCAL TIME.

CLIMATE NORMAL PERIOD 1981 TO 2010
CLIMATE RECORD PERIOD 1948 TO 2016


WEATHER ITEM   OBSERVED TIME   RECORD YEAR NORMAL DEPARTURE LAST
                VALUE   (LST)  VALUE       VALUE  FROM      YEAR
                                                  NORMAL
..................................................................
TEMPERATURE (F)
 TODAY
  MAXIMUM         82    101 PM  92    2010  78      4       91
  MINIMUM         70    346 AM  50    1962  64      6       73
  AVERAGE         76                        71      5       82

PRECIPITATION (IN)
  TODAY            0.00          2.93 2004   0.10  -0.10     0.00
  MONTH TO DATE    0.67                      0.85  -0.18     0.00
  SINCE SEP 1      0.67                      0.85  -0.18     0.00
  SINCE JAN 1     23.94                     29.81  -5.87    25.54

SNOWFALL (IN)
  TODAY            0.0          MM      MM   0.0    0.0      0.0
  MONTH TO DATE    0.0                       0.0    0.0      0.0
  SINCE OCT 1     41.4                      23.8   17.6     44.2
  SINCE JUL 1      0.0                       0.0    0.0      0.0
  SNOW DEPTH       0

DEGREE DAYS
 HEATING
  TODAY            0                         0      0        0
  MONTH TO DATE    0                         0      0        0
  SINCE SEP 1      0                         0      0        0
  SINCE JUL 1      0                         1     -1        0

 COOLING
  TODAY           11                         6      5       17
  MONTH TO DATE   78                        55     23      103
  SINCE SEP 1     78                        55     23      103
  SINCE JAN 1   1215                       916    299     1236
..................................................................


WIND (MPH)
  HIGHEST WIND SPEED    14   HIGHEST WIND DIRECTION     S (180)
  HIGHEST GUST SPEED    17   HIGHEST GUST DIRECTION     S (160)
  AVERAGE WIND SPEED     6.0


SKY COVER
  AVERAGE SKY COVER 0.4


WEATHER CONDITIONS
 THE FOLLOWING WEATHER WAS RECORDED TODAY.
  NO SIGNIFICANT WEATHER WAS OBSERVED.


RELATIVE HUMIDITY (PERCENT)
 HIGHEST    90           100 AM
 LOWEST     67           900 AM
 AVERAGE    79

..........................................................


THE KENNEDY NY CLIMATE NORMALS FOR TOMORROW
                         NORMAL    RECORD    YEAR
 MAXIMUM TEMPERATURE (F)   78        93      1959
 MINIMUM TEMPERATURE (F)   63        51      1986
                                             1949


SUNRISE AND SUNSET
SEPTEMBER  8 2016.....SUNRISE   629 AM EDT   SUNSET   715 PM EDT
SEPTEMBER  9 2016.....SUNRISE   630 AM EDT   SUNSET   713 PM EDT


-  INDICATES NEGATIVE NUMBERS.
R  INDICATES RECORD WAS SET OR TIED.
MM INDICATES DATA IS MISSING.
T  INDICATES TRACE AMOUNT.




$$
