000
CDUS41 KOKX 112133
CLIJFK


CLIMATE REPORT
NATIONAL WEATHER SERVICE NEW YORK NY
433 PM EST SAT MAR 11 2017


...................................

...THE KENNEDY NY CLIMATE SUMMARY FOR MARCH 11 2017...
VALID TODAY AS OF 0400 PM LOCAL TIME.

CLIMATE NORMAL PERIOD 1981 TO 2010
CLIMATE RECORD PERIOD 1948 TO 2017


WEATHER ITEM   OBSERVED TIME   RECORD YEAR NORMAL DEPARTURE LAST
                VALUE   (LST)  VALUE       VALUE  FROM      YEAR
                                                  NORMAL
..................................................................
TEMPERATURE (F)
 TODAY
  MAXIMUM         29    359 PM  68    2016  47    -18       68
  MINIMUM         18    636 AM  15    1960  33    -15       50
  AVERAGE         24                        40    -16       59

PRECIPITATION (IN)
  TODAY            T             1.73 2000   0.11  -0.11     0.02
  MONTH TO DATE    0.43                      1.23  -0.80     0.31
  SINCE MAR 1      0.43                      1.23  -0.80     0.31
  SINCE JAN 1      6.65                      6.98  -0.33     8.95

SNOWFALL (IN)
  TODAY            T             0.8  1972   0.1   -0.1      0.0
  MONTH TO DATE    2.4                       1.8    0.6      1.4
  SINCE OCT 1     25.8                      21.3    4.5     40.9
  SINCE JUL 1     25.8                      21.3    4.5     40.9
  SNOW DEPTH       2

DEGREE DAYS
 HEATING
  TODAY           41                        25     16        6
  MONTH TO DATE  275                       287    -12      217
  SINCE MAR 1    275                       287    -12      217
  SINCE JUL 1   3193                      3798   -605     2971

 COOLING
  TODAY            0                         0      0        0
  MONTH TO DATE    0                         0      0        0
  SINCE MAR 1      0                         0      0        0
  SINCE JAN 1      0                         0      0        0
..................................................................


WIND (MPH)
  HIGHEST WIND SPEED    33   HIGHEST WIND DIRECTION    NW (310)
  HIGHEST GUST SPEED    40   HIGHEST GUST DIRECTION    NW (320)
  AVERAGE WIND SPEED    18.5


SKY COVER
  AVERAGE SKY COVER 0.6


WEATHER CONDITIONS
 THE FOLLOWING WEATHER WAS RECORDED TODAY.
  NO SIGNIFICANT WEATHER WAS OBSERVED.


RELATIVE HUMIDITY (PERCENT)
 HIGHEST    50          1200 AM
 LOWEST     35           400 AM
 AVERAGE    43

..........................................................


THE KENNEDY NY CLIMATE NORMALS FOR TOMORROW
                         NORMAL    RECORD    YEAR
 MAXIMUM TEMPERATURE (F)   48        68      1973
 MINIMUM TEMPERATURE (F)   33        12      1984


SUNRISE AND SUNSET
MARCH 11 2017.........SUNRISE   613 AM EST   SUNSET   558 PM EST
MARCH 12 2017.........SUNRISE   711 AM EDT   SUNSET   659 PM EDT


-  INDICATES NEGATIVE NUMBERS.
R  INDICATES RECORD WAS SET OR TIED.
MM INDICATES DATA IS MISSING.
T  INDICATES TRACE AMOUNT.




$$
