000
CDUS41 KOKX 300617
CLIJFK


CLIMATE REPORT
NATIONAL WEATHER SERVICE NEW YORK NY
216 AM EDT SUN JUL 30 2017


...................................

...THE KENNEDY NY CLIMATE SUMMARY FOR JULY 29 2017...

CLIMATE NORMAL PERIOD 1981 TO 2010
CLIMATE RECORD PERIOD 1948 TO 2017


WEATHER ITEM   OBSERVED TIME   RECORD YEAR NORMAL DEPARTURE LAST
                VALUE   (LST)  VALUE       VALUE  FROM      YEAR
                                                  NORMAL
..................................................................
TEMPERATURE (F)
 YESTERDAY
  MAXIMUM         76    228 PM  99    2002  83     -7       86
  MINIMUM         66    739 AM  61    1965  69     -3       70
  AVERAGE         71                        76     -5       78

PRECIPITATION (IN)
  YESTERDAY        0.01          1.95 1980   0.15  -0.14     0.65
  MONTH TO DATE    4.65                      3.80   0.85     5.43
  SINCE JUN 1      8.85                      7.66   1.19     7.04
  SINCE JAN 1     30.75                     25.00   5.75    22.02

SNOWFALL (IN)
  YESTERDAY        0.0          MM      MM   0.0    0.0      0.0
  MONTH TO DATE    0.0                       0.0    0.0      0.0
  SINCE OCT 1     30.9                      23.8    7.1     41.4
  SINCE JUL 1      0.0                       0.0    0.0      0.0
  SNOW DEPTH       0

DEGREE DAYS
 HEATING
  YESTERDAY        0                         0      0        0
  MONTH TO DATE    0                         0      0        0
  SINCE JUN 1     20                        21     -1        3
  SINCE JUL 1      0                         0      0        0

 COOLING
  YESTERDAY        6                        11     -5       13
  MONTH TO DATE  344                       312     32      402
  SINCE JUN 1    550                       495     55      620
  SINCE JAN 1    600                       530     70      671
..................................................................


WIND (MPH)
  HIGHEST WIND SPEED    30   HIGHEST WIND DIRECTION    NE (40)
  HIGHEST GUST SPEED    38   HIGHEST GUST DIRECTION    NE (40)
  AVERAGE WIND SPEED    16.9


SKY COVER
  POSSIBLE SUNSHINE  MM
  AVERAGE SKY COVER 0.8


WEATHER CONDITIONS
 THE FOLLOWING WEATHER WAS RECORDED YESTERDAY.
  LIGHT RAIN


RELATIVE HUMIDITY (PERCENT)
 HIGHEST    87          1200 AM
 LOWEST     53           400 AM
 AVERAGE    70

..........................................................


THE KENNEDY NY CLIMATE NORMALS FOR TODAY
                         NORMAL    RECORD    YEAR
 MAXIMUM TEMPERATURE (F)   83        96      2002
 MINIMUM TEMPERATURE (F)   69        59      1968
                                             1965


SUNRISE AND SUNSET
JULY 30 2017..........SUNRISE   550 AM EDT   SUNSET   812 PM EDT
JULY 31 2017..........SUNRISE   551 AM EDT   SUNSET   811 PM EDT


-  INDICATES NEGATIVE NUMBERS.
R  INDICATES RECORD WAS SET OR TIED.
MM INDICATES DATA IS MISSING.
T  INDICATES TRACE AMOUNT.




$$
