000
CDUS41 KOKX 222032
CLIJFK


CLIMATE REPORT
NATIONAL WEATHER SERVICE NEW YORK NY
432 PM EDT WED JUL 22 2015


...................................

...THE KENNEDY NY CLIMATE SUMMARY FOR JULY 22 2015...
VALID TODAY AS OF 0400 PM LOCAL TIME.

CLIMATE NORMAL PERIOD 1981 TO 2010
CLIMATE RECORD PERIOD 1949 TO 2015


WEATHER ITEM   OBSERVED TIME   RECORD YEAR NORMAL DEPARTURE LAST
                VALUE   (LST)  VALUE       VALUE  FROM      YEAR
                                                  NORMAL
..................................................................
TEMPERATURE (F)
 TODAY
  MAXIMUM         88    251 PM 103    2011  84      4       84
  MINIMUM         72    539 AM  59    1966  69      3       68
  AVERAGE         80                        76      4       76

PRECIPITATION (IN)
  TODAY            0.00          1.16 2008   0.14  -0.14     0.00
  MONTH TO DATE    1.34                      2.85  -1.51     4.20
  SINCE JUN 1      6.33                      6.71  -0.38     6.81
  SINCE JAN 1     20.94                     24.05  -3.11    29.25

SNOWFALL (IN)
  TODAY            0.0          MM      MM   0.0    0.0      0.0
  MONTH TO DATE    0.0                       0.0    0.0      0.0
  SINCE OCT 1     44.2                      23.8   20.4     45.6
  SINCE JUL 1      0.0                       0.0    0.0      0.0
  SNOW DEPTH       0

DEGREE DAYS
 HEATING
  TODAY            0                         0      0        0
  MONTH TO DATE    0                         0      0        0
  SINCE JUN 1     29                        21      8        0
  SINCE JUL 1      0                         0      0        0

 COOLING
  TODAY           15                        11      4       11
  MONTH TO DATE  284                       235     49      240
  SINCE JUN 1    509                       418     91      448
  SINCE JAN 1    569                       453    116      480
..................................................................


WIND (MPH)
  HIGHEST WIND SPEED    23   HIGHEST WIND DIRECTION    NW (310)
  HIGHEST GUST SPEED    29   HIGHEST GUST DIRECTION    NW (310)
  AVERAGE WIND SPEED    14.5


SKY COVER
  AVERAGE SKY COVER 0.1


WEATHER CONDITIONS
 THE FOLLOWING WEATHER WAS RECORDED TODAY.
  NO SIGNIFICANT WEATHER WAS OBSERVED.


RELATIVE HUMIDITY (PERCENT)
 HIGHEST    56          1200 AM
 LOWEST     23          1200 PM
 AVERAGE    40

..........................................................


THE KENNEDY NY CLIMATE NORMALS FOR TOMORROW
                         NORMAL    RECORD    YEAR
 MAXIMUM TEMPERATURE (F)   84       102      2011
 MINIMUM TEMPERATURE (F)   69        59      1992


SUNRISE AND SUNSET
JULY 22 2015..........SUNRISE   543 AM EDT   SUNSET   820 PM EDT
JULY 23 2015..........SUNRISE   543 AM EDT   SUNSET   819 PM EDT


-  INDICATES NEGATIVE NUMBERS.
R  INDICATES RECORD WAS SET OR TIED.
MM INDICATES DATA IS MISSING.
T  INDICATES TRACE AMOUNT.




$$
