000
CDUS41 KOKX 272031
CLIJFK


CLIMATE REPORT
NATIONAL WEATHER SERVICE NEW YORK NY
430 PM EDT THU MAR 27 2014


...................................

...THE KENNEDY NY CLIMATE SUMMARY FOR MARCH 27 2014...
VALID TODAY AS OF 0400 PM LOCAL TIME.

CLIMATE NORMAL PERIOD 1981 TO 2010
CLIMATE RECORD PERIOD 1949 TO 2014


WEATHER ITEM   OBSERVED TIME   RECORD YEAR NORMAL DEPARTURE LAST
                VALUE   (LST)  VALUE       VALUE  FROM      YEAR
                                                  NORMAL
..................................................................
TEMPERATURE (F)
 TODAY
  MAXIMUM         39    259 PM  80    1998  52    -13       54
  MINIMUM         23R   604 AM  24    2001  37    -14       35
                                      1975
  AVERAGE         31                        45    -14       45

PRECIPITATION (IN)
  TODAY            0.00          1.22 1983   0.14  -0.14     0.00
  MONTH TO DATE    0.92                      3.26  -2.34     2.20
  SINCE MAR 1      0.92                      3.26  -2.34     2.20
  SINCE JAN 1      8.52                      9.01  -0.49     7.32

SNOWFALL (IN)
  TODAY            0.0           0.0  2006   0.1   -0.1      0.0
  MONTH TO DATE    0.6                       3.3   -2.7      4.4
  SINCE OCT 1     45.5                      22.8   22.7     17.6
  SINCE JUL 1     45.5                      22.8   22.7     17.6
  SNOW DEPTH       0

DEGREE DAYS
 HEATING
  TODAY           34                        20     14       20
  MONTH TO DATE  774                       646    128      693
  SINCE MAR 1    774                       646    128      693
  SINCE JUL 1   4481                      4157    324     4023

 COOLING
  TODAY            0                         0      0        0
  MONTH TO DATE    0                         0      0        0
  SINCE MAR 1      0                         0      0        0
  SINCE JAN 1      0                         0      0        0
..................................................................


WIND (MPH)
  HIGHEST WIND SPEED    26   HIGHEST WIND DIRECTION    NW (310)
  HIGHEST GUST SPEED    32   HIGHEST GUST DIRECTION    NW (310)
  AVERAGE WIND SPEED    12.7


SKY COVER
  AVERAGE SKY COVER 0.3


WEATHER CONDITIONS
 THE FOLLOWING WEATHER WAS RECORDED TODAY.
  NO SIGNIFICANT WEATHER WAS OBSERVED.


RELATIVE HUMIDITY (PERCENT)
 HIGHEST    46           400 AM
 LOWEST     29           100 PM
 AVERAGE    38

..........................................................


THE KENNEDY NY CLIMATE NORMALS FOR TOMORROW
                         NORMAL    RECORD    YEAR
 MAXIMUM TEMPERATURE (F)   53        76      1991
                                             1989
 MINIMUM TEMPERATURE (F)   38        22      1982


SUNRISE AND SUNSET
MARCH 27 2014.........SUNRISE   647 AM EDT   SUNSET   715 PM EDT
MARCH 28 2014.........SUNRISE   645 AM EDT   SUNSET   716 PM EDT


-  INDICATES NEGATIVE NUMBERS.
R  INDICATES RECORD WAS SET OR TIED.
MM INDICATES DATA IS MISSING.
T  INDICATES TRACE AMOUNT.




$$
