000
CDUS41 KOKX 042033
CLIJFK


CLIMATE REPORT
NATIONAL WEATHER SERVICE NEW YORK NY
433 PM EDT THU AUG 4 2016


...................................

...THE KENNEDY NY CLIMATE SUMMARY FOR AUGUST 4 2016...
VALID TODAY AS OF 0400 PM LOCAL TIME.

CLIMATE NORMAL PERIOD 1981 TO 2010
CLIMATE RECORD PERIOD 1948 TO 2016


WEATHER ITEM   OBSERVED TIME   RECORD YEAR NORMAL DEPARTURE LAST
                VALUE   (LST)  VALUE       VALUE  FROM      YEAR
                                                  NORMAL
..................................................................
TEMPERATURE (F)
 TODAY
  MAXIMUM         80   1200 PM  93    2006  83     -3       92
                                      1995
  MINIMUM         64        MM  57    1964  69     -5       70
  AVERAGE         72                        76     -4       81

PRECIPITATION (IN)
  TODAY            0.00          0.77 1979   0.13  -0.13     0.01
  MONTH TO DATE    T                         0.52  -0.52     0.01
  SINCE JUN 1      7.67                      8.46  -0.79     7.31
  SINCE JAN 1     22.65                     25.80  -3.15    21.92

SNOWFALL (IN)
  TODAY            0.0          MM      MM   0.0    0.0      0.0
  MONTH TO DATE    0.0                       0.0    0.0      0.0
  SINCE OCT 1     41.4                      23.8   17.6     44.2
  SINCE JUL 1      0.0                       0.0    0.0      0.0
  SNOW DEPTH       0

DEGREE DAYS
 HEATING
  TODAY            0                         0      0        0
  MONTH TO DATE    0                         0      0        0
  SINCE JUN 1      3                        21    -18       29
  SINCE JUL 1      0                         0      0        0

 COOLING
  TODAY            7                        11     -4       16
  MONTH TO DATE   31                        44    -13       63
  SINCE JUN 1    677                       564    113      711
  SINCE JAN 1    728                       599    129      771
..................................................................


WIND (MPH)
  HIGHEST WIND SPEED    13   HIGHEST WIND DIRECTION     S (170)
  HIGHEST GUST SPEED    16   HIGHEST GUST DIRECTION     S (190)
  AVERAGE WIND SPEED     5.1


SKY COVER
  AVERAGE SKY COVER 0.2


WEATHER CONDITIONS
 THE FOLLOWING WEATHER WAS RECORDED TODAY.
  NO SIGNIFICANT WEATHER WAS OBSERVED.


RELATIVE HUMIDITY (PERCENT)
 HIGHEST    87           100 AM
 LOWEST     62          1100 AM
 AVERAGE    75

..........................................................


THE KENNEDY NY CLIMATE NORMALS FOR TOMORROW
                         NORMAL    RECORD    YEAR
 MAXIMUM TEMPERATURE (F)   83        96      2010
                                             2005
 MINIMUM TEMPERATURE (F)   69        60      1959


SUNRISE AND SUNSET
AUGUST  4 2016........SUNRISE   555 AM EDT   SUNSET   806 PM EDT
AUGUST  5 2016........SUNRISE   556 AM EDT   SUNSET   805 PM EDT


-  INDICATES NEGATIVE NUMBERS.
R  INDICATES RECORD WAS SET OR TIED.
MM INDICATES DATA IS MISSING.
T  INDICATES TRACE AMOUNT.




$$
