000
CDUS41 KOKX 190627
CLIJFK


CLIMATE REPORT
NATIONAL WEATHER SERVICE NEW YORK NY
227 AM EDT WED AUG 19 2015


...................................

...THE KENNEDY NY CLIMATE SUMMARY FOR AUGUST 18 2015...

CLIMATE NORMAL PERIOD 1981 TO 2010
CLIMATE RECORD PERIOD 1949 TO 2015


WEATHER ITEM   OBSERVED TIME   RECORD YEAR NORMAL DEPARTURE LAST
                VALUE   (LST)  VALUE       VALUE  FROM      YEAR
                                                  NORMAL
..................................................................
TEMPERATURE (F)
 YESTERDAY
  MAXIMUM         86    228 PM  93    1995  82      4       82
                                      1987
  MINIMUM         75    342 AM  58    1963  68      7       63
  AVERAGE         81                        75      6       73

PRECIPITATION (IN)
  YESTERDAY        0.00          0.88 1994   0.11  -0.11     0.00
  MONTH TO DATE    1.14                      2.25  -1.11     3.75
  SINCE JUN 1      8.44                     10.19  -1.75    11.19
  SINCE JAN 1     23.05                     27.53  -4.48    33.63

SNOWFALL (IN)
  YESTERDAY        0.0          MM      MM   0.0    0.0      0.0
  MONTH TO DATE    0.0                       0.0    0.0      0.0
  SINCE OCT 1     44.2                      23.8   20.4     45.6
  SINCE JUL 1      0.0                       0.0    0.0      0.0
  SNOW DEPTH       0

DEGREE DAYS
 HEATING
  YESTERDAY        0                         0      0        0
  MONTH TO DATE    0                         0      0        0
  SINCE JUN 1     29                        21      8        0
  SINCE JUL 1      0                         0      0        0

 COOLING
  YESTERDAY       16                        10      6        8
  MONTH TO DATE  254                       191     63      178
  SINCE JUN 1    902                       711    191      719
  SINCE JAN 1    962                       746    216      751
..................................................................


WIND (MPH)
  HIGHEST WIND SPEED    25   HIGHEST WIND DIRECTION     S (180)
  HIGHEST GUST SPEED    MM   HIGHEST GUST DIRECTION    MM
  AVERAGE WIND SPEED    12.3


SKY COVER
  POSSIBLE SUNSHINE  MM
  AVERAGE SKY COVER 0.5


WEATHER CONDITIONS
 THE FOLLOWING WEATHER WAS RECORDED YESTERDAY.
  NO SIGNIFICANT WEATHER WAS OBSERVED.


RELATIVE HUMIDITY (PERCENT)
 HIGHEST    82           600 AM
 LOWEST     57           100 PM
 AVERAGE    70

..........................................................


THE KENNEDY NY CLIMATE NORMALS FOR TODAY
                         NORMAL    RECORD    YEAR
 MAXIMUM TEMPERATURE (F)   82        90      2009
                                             1983
                                             1966
 MINIMUM TEMPERATURE (F)   68        53      1963


SUNRISE AND SUNSET
AUGUST 19 2015........SUNRISE   609 AM EDT   SUNSET   748 PM EDT
AUGUST 20 2015........SUNRISE   610 AM EDT   SUNSET   746 PM EDT


-  INDICATES NEGATIVE NUMBERS.
R  INDICATES RECORD WAS SET OR TIED.
MM INDICATES DATA IS MISSING.
T  INDICATES TRACE AMOUNT.




$$
