000
CDUS41 KOKX 140713
CLIJFK


CLIMATE REPORT
NATIONAL WEATHER SERVICE NEW YORK NY
312 AM EDT TUE MAR 14 2017


...................................

...THE KENNEDY NY CLIMATE SUMMARY FOR MARCH 13 2017...

CLIMATE NORMAL PERIOD 1981 TO 2010
CLIMATE RECORD PERIOD 1948 TO 2017


WEATHER ITEM   OBSERVED TIME   RECORD YEAR NORMAL DEPARTURE LAST
                VALUE   (LST)  VALUE       VALUE  FROM      YEAR
                                                  NORMAL
..................................................................
TEMPERATURE (F)
 YESTERDAY
  MAXIMUM         34   1159 PM  85    1990  48    -14       63
  MINIMUM         20    619 AM  19    2014  33    -13       47
  AVERAGE         27                        41    -14       55

PRECIPITATION (IN)
  YESTERDAY        T             2.38 1993   0.11  -0.11      T
  MONTH TO DATE    0.43                      1.45  -1.02     0.31
  SINCE MAR 1      0.43                      1.45  -1.02     0.31
  SINCE JAN 1      6.65                      7.20  -0.55     8.95

SNOWFALL (IN)
  YESTERDAY        T             9.0  1993   0.1   -0.1      0.0
  MONTH TO DATE    2.4                       2.1    0.3      1.4
  SINCE OCT 1     25.8                      21.6    4.2     40.9
  SINCE JUL 1     25.8                      21.6    4.2     40.9
  SNOW DEPTH       0

DEGREE DAYS
 HEATING
  YESTERDAY       38                        24     14       10
  MONTH TO DATE  352                       336     16      245
  SINCE MAR 1    352                       336     16      245
  SINCE JUL 1   3270                      3847   -577     2999

 COOLING
  YESTERDAY        0                         0      0        0
  MONTH TO DATE    0                         0      0        0
  SINCE MAR 1      0                         0      0        0
  SINCE JAN 1      0                         0      0        0
..................................................................


WIND (MPH)
  HIGHEST WIND SPEED    21   HIGHEST WIND DIRECTION    NW (310)
  HIGHEST GUST SPEED    26   HIGHEST GUST DIRECTION    NW (300)
  AVERAGE WIND SPEED     9.1


SKY COVER
  POSSIBLE SUNSHINE  MM
  AVERAGE SKY COVER 0.6


WEATHER CONDITIONS
 THE FOLLOWING WEATHER WAS RECORDED YESTERDAY.
  LIGHT SNOW


RELATIVE HUMIDITY (PERCENT)
 HIGHEST    61          1000 PM
 LOWEST     35          1200 AM
 AVERAGE    48

..........................................................


THE KENNEDY NY CLIMATE NORMALS FOR TODAY
                         NORMAL    RECORD    YEAR
 MAXIMUM TEMPERATURE (F)   48        72      2012
 MINIMUM TEMPERATURE (F)   34        19      1993


SUNRISE AND SUNSET
MARCH 14 2017.........SUNRISE   708 AM EDT   SUNSET   701 PM EDT
MARCH 15 2017.........SUNRISE   706 AM EDT   SUNSET   702 PM EDT


-  INDICATES NEGATIVE NUMBERS.
R  INDICATES RECORD WAS SET OR TIED.
MM INDICATES DATA IS MISSING.
T  INDICATES TRACE AMOUNT.




$$
