000
CDUS41 KOKX 032131
CLIJFK


CLIMATE REPORT
NATIONAL WEATHER SERVICE NEW YORK NY
431 PM EST MON NOV 3 2014


...................................

...THE KENNEDY NY CLIMATE SUMMARY FOR NOVEMBER 3 2014...
VALID TODAY AS OF 0400 PM LOCAL TIME.

CLIMATE NORMAL PERIOD 1981 TO 2010
CLIMATE RECORD PERIOD 1949 TO 2014


WEATHER ITEM   OBSERVED TIME   RECORD YEAR NORMAL DEPARTURE LAST
                VALUE   (LST)  VALUE       VALUE  FROM      YEAR
                                                  NORMAL
..................................................................
TEMPERATURE (F)
 TODAY
  MAXIMUM         61    338 PM  75    2003  59      2       56
                                      1990
  MINIMUM         40    533 AM  32    1980  44     -4       38
  AVERAGE         51                        51      0       47

PRECIPITATION (IN)
  TODAY            0.00          1.71 1992   0.11  -0.11     0.00
  MONTH TO DATE    1.03                      0.33   0.70     0.07
  SINCE SEP 1      6.15                      7.45  -1.30     2.32
  SINCE JAN 1     40.26                     36.41   3.85    28.51

SNOWFALL (IN)
  TODAY            0.0          MM      MM   0.0    0.0      0.0
  MONTH TO DATE    0.0                       0.0    0.0      0.0
  SINCE OCT 1      0.0                       0.0    0.0      0.0
  SINCE JUL 1      0.0                       0.0    0.0      0.0
  SNOW DEPTH       0

DEGREE DAYS
 HEATING
  TODAY           14                        14      0       18
  MONTH TO DATE   52                        40     12       24
  SINCE SEP 1    246                       338    -92      255
  SINCE JUL 1    246                       339    -93      255

 COOLING
  TODAY            0                         0      0        0
  MONTH TO DATE    0                         0      0        0
  SINCE SEP 1    187                       144     43      152
  SINCE JAN 1   1050                      1005     45     1111
..................................................................


WIND (MPH)
  HIGHEST WIND SPEED    31   HIGHEST WIND DIRECTION    NW (310)
  HIGHEST GUST SPEED    38   HIGHEST GUST DIRECTION    NW (310)
  AVERAGE WIND SPEED    15.8


SKY COVER
  AVERAGE SKY COVER 0.2


WEATHER CONDITIONS
 THE FOLLOWING WEATHER WAS RECORDED TODAY.
  NO SIGNIFICANT WEATHER WAS OBSERVED.


RELATIVE HUMIDITY (PERCENT)
 HIGHEST    59           500 AM
 LOWEST     19           200 PM
 AVERAGE    39

..........................................................


THE KENNEDY NY CLIMATE NORMALS FOR TOMORROW
                         NORMAL    RECORD    YEAR
 MAXIMUM TEMPERATURE (F)   58        77      1975
 MINIMUM TEMPERATURE (F)   44        34      2013
                                             2006
                                             1966


SUNRISE AND SUNSET
NOVEMBER  3 2014......SUNRISE   628 AM EST   SUNSET   449 PM EST
NOVEMBER  4 2014......SUNRISE   629 AM EST   SUNSET   448 PM EST


-  INDICATES NEGATIVE NUMBERS.
R  INDICATES RECORD WAS SET OR TIED.
MM INDICATES DATA IS MISSING.
T  INDICATES TRACE AMOUNT.




$$
