000
CDUS41 KOKX 120619
CLIJFK


CLIMATE REPORT
NATIONAL WEATHER SERVICE NEW YORK NY
118 AM EST WED NOV 12 2014


...................................

...THE KENNEDY NY CLIMATE SUMMARY FOR NOVEMBER 11 2014...

CLIMATE NORMAL PERIOD 1981 TO 2010
CLIMATE RECORD PERIOD 1949 TO 2014


WEATHER ITEM   OBSERVED TIME   RECORD YEAR NORMAL DEPARTURE LAST
                VALUE   (LST)  VALUE       VALUE  FROM      YEAR
                                                  NORMAL
..................................................................
TEMPERATURE (F)
 YESTERDAY
  MAXIMUM         64    219 PM  69    1949  56      8       54
  MINIMUM         42    333 AM  28    1973  42      0       43
  AVERAGE         53                        49      4       49

PRECIPITATION (IN)
  YESTERDAY        0.00          1.15 1984   0.10  -0.10     0.00
  MONTH TO DATE    1.46                      1.15   0.31     0.20
  SINCE SEP 1      6.58                      8.27  -1.69     2.45
  SINCE JAN 1     40.69                     37.23   3.46    28.64

SNOWFALL (IN)
  YESTERDAY        0.0           0.4  1987   0.0    0.0      0.0
  MONTH TO DATE    0.0                       0.0    0.0      0.0
  SINCE OCT 1      0.0                       0.0    0.0      0.0
  SINCE JUL 1      0.0                       0.0    0.0      0.0
  SNOW DEPTH       0

DEGREE DAYS
 HEATING
  YESTERDAY       12                        16     -4       16
  MONTH TO DATE  159                       160     -1      156
  SINCE SEP 1    353                       458   -105      387
  SINCE JUL 1    353                       459   -106      387

 COOLING
  YESTERDAY        0                         0      0        0
  MONTH TO DATE    0                         0      0        0
  SINCE SEP 1    187                       144     43      152
  SINCE JAN 1   1050                      1005     45     1111
..................................................................


WIND (MPH)
  HIGHEST WIND SPEED    15   HIGHEST WIND DIRECTION    SE (140)
  HIGHEST GUST SPEED    17   HIGHEST GUST DIRECTION    SE (140)
  AVERAGE WIND SPEED     5.4


SKY COVER
  POSSIBLE SUNSHINE  MM
  AVERAGE SKY COVER 0.6


WEATHER CONDITIONS
 THE FOLLOWING WEATHER WAS RECORDED YESTERDAY.
  FOG


RELATIVE HUMIDITY (PERCENT)
 HIGHEST    93           600 AM
 LOWEST     72          1100 AM
 AVERAGE    83

..........................................................


THE KENNEDY NY CLIMATE NORMALS FOR TODAY
                         NORMAL    RECORD    YEAR
 MAXIMUM TEMPERATURE (F)   56        65      2010
 MINIMUM TEMPERATURE (F)   42        32      2013
                                             1996
                                             1987


SUNRISE AND SUNSET
NOVEMBER 12 2014......SUNRISE   638 AM EST   SUNSET   440 PM EST
NOVEMBER 13 2014......SUNRISE   639 AM EST   SUNSET   439 PM EST


-  INDICATES NEGATIVE NUMBERS.
R  INDICATES RECORD WAS SET OR TIED.
MM INDICATES DATA IS MISSING.
T  INDICATES TRACE AMOUNT.




$$
