000
CDUS41 KOKX 290617
CLIJFK


CLIMATE REPORT
NATIONAL WEATHER SERVICE NEW YORK NY
117 AM EST THU DEC 29 2016


...................................

...THE KENNEDY NY CLIMATE SUMMARY FOR DECEMBER 28 2016...

CLIMATE NORMAL PERIOD 1981 TO 2010
CLIMATE RECORD PERIOD 1948 TO 2016


WEATHER ITEM   OBSERVED TIME   RECORD YEAR NORMAL DEPARTURE LAST
                VALUE   (LST)  VALUE       VALUE  FROM      YEAR
                                                  NORMAL
..................................................................
TEMPERATURE (F)
 YESTERDAY
  MAXIMUM         43   1207 PM  64    2008  41      2       48
  MINIMUM         32   1156 PM  12    1960  28      4       35
  AVERAGE         38                        34      4       42

PRECIPITATION (IN)
  YESTERDAY        0.00          1.05 1967   0.10  -0.10     0.05
  MONTH TO DATE    2.70                      3.10  -0.40     3.70
  SINCE DEC 1      2.70                      3.10  -0.40     3.70
  SINCE JAN 1     35.65                     42.48  -6.83    37.22

SNOWFALL (IN)
  YESTERDAY        0.0           5.6  1990   0.2   -0.2      0.1
  MONTH TO DATE    3.3                       4.0   -0.7      0.1
  SINCE OCT 1      3.3                       4.2   -0.9      0.1
  SINCE JUL 1      3.3                       4.2   -0.9      0.1
  SNOW DEPTH       0

DEGREE DAYS
 HEATING
  YESTERDAY       27                        31     -4       23
  MONTH TO DATE  703                       753    -50      386
  SINCE DEC 1    703                       753    -50      386
  SINCE JUL 1   1343                      1577   -234      977

 COOLING
  YESTERDAY        0                         0      0        0
  MONTH TO DATE    0                         0      0        0
  SINCE DEC 1      0                         0      0        0
  SINCE JAN 1   1362                      1005    357     1387
..................................................................


WIND (MPH)
  HIGHEST WIND SPEED    24   HIGHEST WIND DIRECTION    NW (320)
  HIGHEST GUST SPEED    28   HIGHEST GUST DIRECTION    NW (320)
  AVERAGE WIND SPEED    13.0


SKY COVER
  POSSIBLE SUNSHINE  MM
  AVERAGE SKY COVER 0.5


WEATHER CONDITIONS
 THE FOLLOWING WEATHER WAS RECORDED YESTERDAY.
  NO SIGNIFICANT WEATHER WAS OBSERVED.


RELATIVE HUMIDITY (PERCENT)
 HIGHEST    56          1100 PM
 LOWEST     38           300 PM
 AVERAGE    47

..........................................................


THE KENNEDY NY CLIMATE NORMALS FOR TODAY
                         NORMAL    RECORD    YEAR
 MAXIMUM TEMPERATURE (F)   41        65      1984
 MINIMUM TEMPERATURE (F)   28        15      1987


SUNRISE AND SUNSET
DECEMBER 29 2016......SUNRISE   719 AM EST   SUNSET   436 PM EST
DECEMBER 30 2016......SUNRISE   719 AM EST   SUNSET   437 PM EST


-  INDICATES NEGATIVE NUMBERS.
R  INDICATES RECORD WAS SET OR TIED.
MM INDICATES DATA IS MISSING.
T  INDICATES TRACE AMOUNT.




$$
