837
CDUS41 KOKX 152036
CLIJFK


CLIMATE REPORT
NATIONAL WEATHER SERVICE NEW YORK NY
435 PM EDT THU SEP 15 2016


...................................

...THE KENNEDY NY CLIMATE SUMMARY FOR SEPTEMBER 15 2016...
VALID TODAY AS OF 0400 PM LOCAL TIME.

CLIMATE NORMAL PERIOD 1981 TO 2010
CLIMATE RECORD PERIOD 1948 TO 2016


WEATHER ITEM   OBSERVED TIME   RECORD YEAR NORMAL DEPARTURE LAST
                VALUE   (LST)  VALUE       VALUE  FROM      YEAR
                                                  NORMAL
..................................................................
TEMPERATURE (F)
 TODAY
  MAXIMUM         75    236 PM  85    2008  76     -1       80
  MINIMUM         62    629 AM  45    1975  61      1       62
  AVERAGE         69                        68      1       71

PRECIPITATION (IN)
  TODAY            0.00          1.69 2005   0.12  -0.12     0.00
  MONTH TO DATE    1.10                      1.61  -0.51     1.59
  SINCE SEP 1      1.10                      1.61  -0.51     1.59
  SINCE JAN 1     24.37                     30.57  -6.20    27.13

SNOWFALL (IN)
  TODAY            0.0          MM      MM   0.0    0.0      0.0
  MONTH TO DATE    0.0                       0.0    0.0      0.0
  SINCE OCT 1     41.4                      23.8   17.6     44.2
  SINCE JUL 1      0.0                       0.0    0.0      0.0
  SNOW DEPTH       0

DEGREE DAYS
 HEATING
  TODAY            0                         1     -1        0
  MONTH TO DATE    0                         5     -5        0
  SINCE SEP 1      0                         5     -5        0
  SINCE JUL 1      0                         6     -6        0

 COOLING
  TODAY            4                         4      0        6
  MONTH TO DATE  150                        91     59      163
  SINCE SEP 1    150                        91     59      163
  SINCE JAN 1   1287                       952    335     1296
..................................................................


WIND (MPH)
  HIGHEST WIND SPEED    17   HIGHEST WIND DIRECTION     N (20)
  HIGHEST GUST SPEED    23   HIGHEST GUST DIRECTION     N (360)
  AVERAGE WIND SPEED    11.3


SKY COVER
  AVERAGE SKY COVER 0.3


WEATHER CONDITIONS
 THE FOLLOWING WEATHER WAS RECORDED TODAY.
  NO SIGNIFICANT WEATHER WAS OBSERVED.


RELATIVE HUMIDITY (PERCENT)
 HIGHEST    63           400 AM
 LOWEST     33           300 PM
 AVERAGE    48

..........................................................


THE KENNEDY NY CLIMATE NORMALS FOR TOMORROW
                         NORMAL    RECORD    YEAR
 MAXIMUM TEMPERATURE (F)   75        89      1991
 MINIMUM TEMPERATURE (F)   61        47      1966


SUNRISE AND SUNSET
SEPTEMBER 15 2016.....SUNRISE   636 AM EDT   SUNSET   703 PM EDT
SEPTEMBER 16 2016.....SUNRISE   637 AM EDT   SUNSET   702 PM EDT


-  INDICATES NEGATIVE NUMBERS.
R  INDICATES RECORD WAS SET OR TIED.
MM INDICATES DATA IS MISSING.
T  INDICATES TRACE AMOUNT.




$$
