616
CDUS41 KOKX 020619
CLIJFK


CLIMATE REPORT
NATIONAL WEATHER SERVICE NEW YORK NY
119 AM EST TUE FEB 2 2016


...................................

...THE KENNEDY NY CLIMATE SUMMARY FOR FEBRUARY 1 2016...

CLIMATE NORMAL PERIOD 1981 TO 2010
CLIMATE RECORD PERIOD 1949 TO 2016


WEATHER ITEM   OBSERVED TIME   RECORD YEAR NORMAL DEPARTURE LAST
                VALUE   (LST)  VALUE       VALUE  FROM      YEAR
                                                  NORMAL
..................................................................
TEMPERATURE (F)
 YESTERDAY
  MAXIMUM         60    252 PM  64    2012  40     20       36
  MINIMUM         40    540 AM   4    1961  27     13       21
  AVERAGE         50                        33     17       29

PRECIPITATION (IN)
  YESTERDAY        T             1.51 2008   0.09  -0.09     0.03
  MONTH TO DATE    T                         0.09  -0.09     0.03
  SINCE DEC 1      9.38                      6.64   2.74    12.38
  SINCE JAN 1      4.59                      3.25   1.34     5.34

SNOWFALL (IN)
  YESTERDAY        0.0           1.7  1950   0.3   -0.3      0.3
  MONTH TO DATE    0.0                       0.3   -0.3      0.3
  SINCE OCT 1     31.4                      11.5   19.9     17.8
  SINCE JUL 1     31.4                      11.5   19.9     17.8
  SNOW DEPTH       2

DEGREE DAYS
 HEATING
  YESTERDAY       15                        32    -17       36
  MONTH TO DATE   15                        32    -17       36
  SINCE DEC 1   1392                      1878   -486     1816
  SINCE JUL 1   1983                      2702   -719     2600

 COOLING
  YESTERDAY        0                         0      0        0
  MONTH TO DATE    0                         0      0        0
  SINCE DEC 1      0                         0      0        0
  SINCE JAN 1      0                         0      0        0
..................................................................


WIND (MPH)
  HIGHEST WIND SPEED    20   HIGHEST WIND DIRECTION    NW (330)
  HIGHEST GUST SPEED    24   HIGHEST GUST DIRECTION    NW (330)
  AVERAGE WIND SPEED     9.5


SKY COVER
  POSSIBLE SUNSHINE  MM
  AVERAGE SKY COVER 0.8


WEATHER CONDITIONS
 THE FOLLOWING WEATHER WAS RECORDED YESTERDAY.
  LIGHT RAIN


RELATIVE HUMIDITY (PERCENT)
 HIGHEST    89           400 AM
 LOWEST     47           100 PM
 AVERAGE    68

..........................................................


THE KENNEDY NY CLIMATE NORMALS FOR TODAY
                         NORMAL    RECORD    YEAR
 MAXIMUM TEMPERATURE (F)   40        56      1973
 MINIMUM TEMPERATURE (F)   27        -1      1961


SUNRISE AND SUNSET
FEBRUARY  2 2016......SUNRISE   704 AM EST   SUNSET   514 PM EST
FEBRUARY  3 2016......SUNRISE   703 AM EST   SUNSET   515 PM EST


-  INDICATES NEGATIVE NUMBERS.
R  INDICATES RECORD WAS SET OR TIED.
MM INDICATES DATA IS MISSING.
T  INDICATES TRACE AMOUNT.




$$
