000
CDUS41 KOKX 122042
CLIJFK


CLIMATE REPORT
NATIONAL WEATHER SERVICE NEW YORK NY
442 PM EDT TUE MAY 12 2015


...................................

...THE KENNEDY NY CLIMATE SUMMARY FOR MAY 12 2015...
VALID TODAY AS OF 0400 PM LOCAL TIME.

CLIMATE NORMAL PERIOD 1981 TO 2010
CLIMATE RECORD PERIOD 1949 TO 2015


WEATHER ITEM   OBSERVED TIME   RECORD YEAR NORMAL DEPARTURE LAST
                VALUE   (LST)  VALUE       VALUE  FROM      YEAR
                                                  NORMAL
..................................................................
TEMPERATURE (F)
 TODAY
  MAXIMUM         87    150 PM  89    1991  67     20       76
  MINIMUM         66    721 AM  43    1963  52     14       56
  AVERAGE         77                        59     18       66

PRECIPITATION (IN)
  TODAY            0.01          1.00 2006   0.11  -0.10     0.00
  MONTH TO DATE    0.03                      1.39  -1.36     1.48
  SINCE MAR 1      6.52                      9.04  -2.52    12.72
  SINCE JAN 1     14.18                     14.79  -0.61    20.32

SNOWFALL (IN)
  TODAY            0.0          MM      MM   0.0    0.0      0.0
  MONTH TO DATE    0.0                       0.0    0.0      0.0
  SINCE OCT 1     44.2                      23.8   20.4     45.6
  SINCE JUL 1     44.2                      23.8   20.4     45.6
  SNOW DEPTH       0

DEGREE DAYS
 HEATING
  TODAY            0                         6     -6        0
  MONTH TO DATE   49                        92    -43       52
  SINCE MAR 1   1251                      1232     19     1344
  SINCE JUL 1   4943                      4743    200     5051

 COOLING
  TODAY           12                         1     11        1
  MONTH TO DATE   22                         3     19        7
  SINCE MAR 1     22                         6     16        7
  SINCE JAN 1     22                         6     16        7
..................................................................


WIND (MPH)
  HIGHEST WIND SPEED    25   HIGHEST WIND DIRECTION    SW (230)
  HIGHEST GUST SPEED    29   HIGHEST GUST DIRECTION    SW (240)
  AVERAGE WIND SPEED     8.7


SKY COVER
  AVERAGE SKY COVER 0.8


WEATHER CONDITIONS
 THE FOLLOWING WEATHER WAS RECORDED TODAY.
  LIGHT RAIN
  FOG
  FOG W/VISIBILITY <= 1/4 MILE
  HAZE


RELATIVE HUMIDITY (PERCENT)
 HIGHEST    93          1200 AM
 LOWEST     37           200 PM
 AVERAGE    65

..........................................................


THE KENNEDY NY CLIMATE NORMALS FOR TOMORROW
                         NORMAL    RECORD    YEAR
 MAXIMUM TEMPERATURE (F)   68        82      2004
 MINIMUM TEMPERATURE (F)   52        42      1962


SUNRISE AND SUNSET
MAY 12 2015...........SUNRISE   542 AM EDT   SUNSET   802 PM EDT
MAY 13 2015...........SUNRISE   540 AM EDT   SUNSET   803 PM EDT


-  INDICATES NEGATIVE NUMBERS.
R  INDICATES RECORD WAS SET OR TIED.
MM INDICATES DATA IS MISSING.
T  INDICATES TRACE AMOUNT.




$$
