305
CDUS41 KOKX 120617
CLIJFK


CLIMATE REPORT
NATIONAL WEATHER SERVICE NEW YORK NY
116 AM EST SUN FEB 12 2017


...................................

...THE KENNEDY NY CLIMATE SUMMARY FOR FEBRUARY 11 2017...

CLIMATE NORMAL PERIOD 1981 TO 2010
CLIMATE RECORD PERIOD 1948 TO 2017


WEATHER ITEM   OBSERVED TIME   RECORD YEAR NORMAL DEPARTURE LAST
                VALUE   (LST)  VALUE       VALUE  FROM      YEAR
                                                  NORMAL
..................................................................
TEMPERATURE (F)
 YESTERDAY
  MAXIMUM         45    424 PM  62    2009  41      4       32
  MINIMUM         30   1210 AM   3    1962  28      2       20
  AVERAGE         38                        34      4       26

PRECIPITATION (IN)
  YESTERDAY        0.00          1.23 1983   0.09  -0.09      T
  MONTH TO DATE    0.84                      0.97  -0.13     1.42
  SINCE DEC 1      8.54                      7.52   1.02    10.80
  SINCE JAN 1      5.48                      4.13   1.35     6.01

SNOWFALL (IN)
  YESTERDAY        0.0          14.1  1983   0.3   -0.3       T
  MONTH TO DATE    8.3                       3.3    5.0      6.4
  SINCE OCT 1     23.3                      14.5    8.8     37.8
  SINCE JUL 1     23.3                      14.5    8.8     37.8
  SNOW DEPTH       6

DEGREE DAYS
 HEATING
  YESTERDAY       27                        31     -4       39
  MONTH TO DATE  312                       346    -34      290
  SINCE DEC 1   1906                      2192   -286     1667
  SINCE JUL 1   2546                      3016   -470     2258

 COOLING
  YESTERDAY        0                         0      0        0
  MONTH TO DATE    0                         0      0        0
  SINCE DEC 1      0                         0      0        0
  SINCE JAN 1      0                         0      0        0
..................................................................


WIND (MPH)
  HIGHEST WIND SPEED    16   HIGHEST WIND DIRECTION    SW (210)
  HIGHEST GUST SPEED    18   HIGHEST GUST DIRECTION    SW (210)
  AVERAGE WIND SPEED     6.9


SKY COVER
  POSSIBLE SUNSHINE  MM
  AVERAGE SKY COVER 0.9


WEATHER CONDITIONS
 THE FOLLOWING WEATHER WAS RECORDED YESTERDAY.
  NO SIGNIFICANT WEATHER WAS OBSERVED.


RELATIVE HUMIDITY (PERCENT)
 HIGHEST    79           500 AM
 LOWEST     53           400 PM
 AVERAGE    66

..........................................................


THE KENNEDY NY CLIMATE NORMALS FOR TODAY
                         NORMAL    RECORD    YEAR
 MAXIMUM TEMPERATURE (F)   41        58      1966
 MINIMUM TEMPERATURE (F)   28         4      1979


SUNRISE AND SUNSET
FEBRUARY 12 2017......SUNRISE   652 AM EST   SUNSET   527 PM EST
FEBRUARY 13 2017......SUNRISE   651 AM EST   SUNSET   528 PM EST


-  INDICATES NEGATIVE NUMBERS.
R  INDICATES RECORD WAS SET OR TIED.
MM INDICATES DATA IS MISSING.
T  INDICATES TRACE AMOUNT.




$$
