000
CDUS41 KOKX 220626
CLIJFK


CLIMATE REPORT
NATIONAL WEATHER SERVICE NEW YORK NY
126 AM EST WED FEB 22 2017


...................................

...THE KENNEDY NY CLIMATE SUMMARY FOR FEBRUARY 21 2017...

CLIMATE NORMAL PERIOD 1981 TO 2010
CLIMATE RECORD PERIOD 1948 TO 2017


WEATHER ITEM   OBSERVED TIME   RECORD YEAR NORMAL DEPARTURE LAST
                VALUE   (LST)  VALUE       VALUE  FROM      YEAR
                                                  NORMAL
..................................................................
TEMPERATURE (F)
 YESTERDAY
  MAXIMUM         45        MM  63    2002  43      2       58
  MINIMUM         31        MM   5    1968  29      2       39
  AVERAGE         38                        36      2       49

PRECIPITATION (IN)
  YESTERDAY        0.00          1.34 1989   0.09  -0.09     0.08
  MONTH TO DATE    1.24                      1.88  -0.64     2.61
  SINCE DEC 1      8.94                      8.43   0.51    11.99
  SINCE JAN 1      5.88                      5.04   0.84     7.20

SNOWFALL (IN)
  YESTERDAY        0.0           4.5  2015   0.3   -0.3      0.0
  MONTH TO DATE    8.4                       6.4    2.0      8.1
  SINCE OCT 1     23.4                      17.6    5.8     39.5
  SINCE JUL 1     23.4                      17.6    5.8     39.5
  SNOW DEPTH       0

DEGREE DAYS
 HEATING
  YESTERDAY       27                        29     -2       16
  MONTH TO DATE  566                       644    -78      614
  SINCE DEC 1   2160                      2490   -330     1991
  SINCE JUL 1   2800                      3314   -514     2582

 COOLING
  YESTERDAY        0                         0      0        0
  MONTH TO DATE    0                         0      0        0
  SINCE DEC 1      0                         0      0        0
  SINCE JAN 1      0                         0      0        0
..................................................................


WIND (MPH)
  HIGHEST WIND SPEED    12   HIGHEST WIND DIRECTION    SW (210)
  HIGHEST GUST SPEED    MM   HIGHEST GUST DIRECTION    MM
  AVERAGE WIND SPEED     8.4


SKY COVER
  POSSIBLE SUNSHINE  MM
  AVERAGE SKY COVER 0.6


WEATHER CONDITIONS
 THE FOLLOWING WEATHER WAS RECORDED YESTERDAY.
  NO SIGNIFICANT WEATHER WAS OBSERVED.


RELATIVE HUMIDITY (PERCENT)
 HIGHEST    86           900 PM
 LOWEST     37          1200 AM
 AVERAGE    62

..........................................................


THE KENNEDY NY CLIMATE NORMALS FOR TODAY
                         NORMAL    RECORD    YEAR
 MAXIMUM TEMPERATURE (F)   43        64      1991
 MINIMUM TEMPERATURE (F)   29         9      1968


SUNRISE AND SUNSET
FEBRUARY 22 2017......SUNRISE   639 AM EST   SUNSET   539 PM EST
FEBRUARY 23 2017......SUNRISE   638 AM EST   SUNSET   540 PM EST


-  INDICATES NEGATIVE NUMBERS.
R  INDICATES RECORD WAS SET OR TIED.
MM INDICATES DATA IS MISSING.
T  INDICATES TRACE AMOUNT.




$$
