000
CDUS41 KOKX 220616
CLIJFK


CLIMATE REPORT
NATIONAL WEATHER SERVICE NEW YORK NY
216 AM EDT TUE APR 22 2014


...................................

...THE KENNEDY NY CLIMATE SUMMARY FOR APRIL 21 2014...

CLIMATE NORMAL PERIOD 1981 TO 2010
CLIMATE RECORD PERIOD 1949 TO 2014


WEATHER ITEM   OBSERVED TIME   RECORD YEAR NORMAL DEPARTURE LAST
                VALUE   (LST)  VALUE       VALUE  FROM      YEAR
                                                  NORMAL
..................................................................
TEMPERATURE (F)
 YESTERDAY
  MAXIMUM         58    209 PM  78    2007  61     -3       54
  MINIMUM         37    402 AM  36    1981  45     -8       37
  AVERAGE         48                        53     -5       46

PRECIPITATION (IN)
  YESTERDAY        0.00          2.12 1991   0.13  -0.13     0.00
  MONTH TO DATE    1.54                      2.78  -1.24     1.73
  SINCE MAR 1      5.80                      6.56  -0.76     4.05
  SINCE JAN 1     13.40                     12.31   1.09     9.17

SNOWFALL (IN)
  YESTERDAY        0.0          MM      MM   0.1   -0.1      0.0
  MONTH TO DATE    0.1                       0.8   -0.7      0.0
  SINCE OCT 1     45.6                      23.8   21.8     17.6
  SINCE JUL 1     45.6                      23.8   21.8     17.6
  SNOW DEPTH       0

DEGREE DAYS
 HEATING
  YESTERDAY       17                        12      5       19
  MONTH TO DATE  334                       322     12      308
  SINCE MAR 1   1184                      1047    137     1074
  SINCE JUL 1   4891                      4558    333     4404

 COOLING
  YESTERDAY        0                         0      0        0
  MONTH TO DATE    0                         0      0        0
  SINCE MAR 1      0                         0      0        0
  SINCE JAN 1      0                         0      0        0
..................................................................


WIND (MPH)
  HIGHEST WIND SPEED    13   HIGHEST WIND DIRECTION     S (170)
  HIGHEST GUST SPEED    15   HIGHEST GUST DIRECTION    SE (150)
  AVERAGE WIND SPEED     6.2


SKY COVER
  POSSIBLE SUNSHINE  MM
  AVERAGE SKY COVER 0.4


WEATHER CONDITIONS
 THE FOLLOWING WEATHER WAS RECORDED YESTERDAY.
  NO SIGNIFICANT WEATHER WAS OBSERVED.


RELATIVE HUMIDITY (PERCENT)
 HIGHEST    86           900 PM
 LOWEST     30          1000 AM
 AVERAGE    58

..........................................................


THE KENNEDY NY CLIMATE NORMALS FOR TODAY
                         NORMAL    RECORD    YEAR
 MAXIMUM TEMPERATURE (F)   61        82      2001
 MINIMUM TEMPERATURE (F)   46        37      2013
                                             1984
                                             1981


SUNRISE AND SUNSET
APRIL 22 2014.........SUNRISE   606 AM EDT   SUNSET   742 PM EDT
APRIL 23 2014.........SUNRISE   605 AM EDT   SUNSET   743 PM EDT


-  INDICATES NEGATIVE NUMBERS.
R  INDICATES RECORD WAS SET OR TIED.
MM INDICATES DATA IS MISSING.
T  INDICATES TRACE AMOUNT.




$$
