000
CDUS41 KOKX 030652
CLIJFK


CLIMATE REPORT
NATIONAL WEATHER SERVICE NEW YORK NY
252 AM EDT THU SEP 3 2015


...................................

...THE KENNEDY NY CLIMATE SUMMARY FOR SEPTEMBER 2 2015...

CLIMATE NORMAL PERIOD 1981 TO 2010
CLIMATE RECORD PERIOD 1949 TO 2015


WEATHER ITEM   OBSERVED TIME   RECORD YEAR NORMAL DEPARTURE LAST
                VALUE   (LST)  VALUE       VALUE  FROM      YEAR
                                                  NORMAL
..................................................................
TEMPERATURE (F)
 YESTERDAY
  MAXIMUM         86    208 PM  93    1973  79      7       92
                                      1961
  MINIMUM         71    532 AM  53    1949  65      6       74
  AVERAGE         79                        72      7       83

PRECIPITATION (IN)
  YESTERDAY        0.00          2.28 2002   0.11  -0.11     0.00
  MONTH TO DATE    0.00                      0.22  -0.22      T
  SINCE SEP 1      0.00                      0.22  -0.22      T
  SINCE JAN 1     25.54                     29.18  -3.64    34.11

SNOWFALL (IN)
  YESTERDAY        0.0          MM      MM   0.0    0.0      0.0
  MONTH TO DATE    0.0                       0.0    0.0      0.0
  SINCE OCT 1     44.2                      23.8   20.4     45.6
  SINCE JUL 1      0.0                       0.0    0.0      0.0
  SNOW DEPTH       0

DEGREE DAYS
 HEATING
  YESTERDAY        0                         0      0        0
  MONTH TO DATE    0                         0      0        0
  SINCE SEP 1      0                         0      0        0
  SINCE JUL 1      0                         1     -1        0

 COOLING
  YESTERDAY       14                         7      7       18
  MONTH TO DATE   29                        15     14       33
  SINCE SEP 1     29                        15     14       33
  SINCE JAN 1   1162                       876    286      896
..................................................................


WIND (MPH)
  HIGHEST WIND SPEED    18   HIGHEST WIND DIRECTION     S (180)
  HIGHEST GUST SPEED    32   HIGHEST GUST DIRECTION    SW (210)
  AVERAGE WIND SPEED     8.7


SKY COVER
  POSSIBLE SUNSHINE  MM
  AVERAGE SKY COVER 0.4


WEATHER CONDITIONS
 THE FOLLOWING WEATHER WAS RECORDED YESTERDAY.
  FOG
  HAZE


RELATIVE HUMIDITY (PERCENT)
 HIGHEST    94          1100 PM
 LOWEST     48           300 PM
 AVERAGE    71

..........................................................


THE KENNEDY NY CLIMATE NORMALS FOR TODAY
                         NORMAL    RECORD    YEAR
 MAXIMUM TEMPERATURE (F)   79        93      1993
 MINIMUM TEMPERATURE (F)   65        52      1967


SUNRISE AND SUNSET
SEPTEMBER  3 2015.....SUNRISE   624 AM EDT   SUNSET   724 PM EDT
SEPTEMBER  4 2015.....SUNRISE   625 AM EDT   SUNSET   723 PM EDT


-  INDICATES NEGATIVE NUMBERS.
R  INDICATES RECORD WAS SET OR TIED.
MM INDICATES DATA IS MISSING.
T  INDICATES TRACE AMOUNT.




$$
