000
CDUS41 KOKX 250617
CLIJFK


CLIMATE REPORT
NATIONAL WEATHER SERVICE NEW YORK NY
117 AM EST TUE NOV 25 2014


...................................

...THE KENNEDY NY CLIMATE SUMMARY FOR NOVEMBER 24 2014...

CLIMATE NORMAL PERIOD 1981 TO 2010
CLIMATE RECORD PERIOD 1949 TO 2014


WEATHER ITEM   OBSERVED TIME   RECORD YEAR NORMAL DEPARTURE LAST
                VALUE   (LST)  VALUE       VALUE  FROM      YEAR
                                                  NORMAL
..................................................................
TEMPERATURE (F)
 YESTERDAY
  MAXIMUM         64R  1018 PM  63    2001  51     13       32
                                      1991
  MINIMUM         55   1247 AM  21    2000  38     17       24
  AVERAGE         60                        45     15       28

PRECIPITATION (IN)
  YESTERDAY        0.45          1.24 1980   0.12   0.33     0.00
  MONTH TO DATE    3.46                      2.60   0.86     0.57
  SINCE SEP 1      8.58                      9.72  -1.14     2.82
  SINCE JAN 1     42.69                     38.68   4.01    29.01

SNOWFALL (IN)
  YESTERDAY        0.0          MM      MM   0.0    0.0      0.0
  MONTH TO DATE    T                         0.1   -0.1      0.2
  SINCE OCT 1      T                         0.1   -0.1      0.2
  SINCE JUL 1      T                         0.1   -0.1      0.2
  SNOW DEPTH       0

DEGREE DAYS
 HEATING
  YESTERDAY        5                        20    -15       37
  MONTH TO DATE  457                       398     59      421
  SINCE SEP 1    651                       696    -45      652
  SINCE JUL 1    651                       697    -46      652

 COOLING
  YESTERDAY        0                         0      0        0
  MONTH TO DATE    0                         0      0        0
  SINCE SEP 1    187                       144     43      152
  SINCE JAN 1   1050                      1005     45     1111
..................................................................


WIND (MPH)
  HIGHEST WIND SPEED    35   HIGHEST WIND DIRECTION     S (160)
  HIGHEST GUST SPEED    46   HIGHEST GUST DIRECTION     S (170)
  AVERAGE WIND SPEED    19.6


SKY COVER
  POSSIBLE SUNSHINE  MM
  AVERAGE SKY COVER 0.7


WEATHER CONDITIONS
 THE FOLLOWING WEATHER WAS RECORDED YESTERDAY.
  RAIN
  LIGHT RAIN
  FOG
  FOG W/VISIBILITY <= 1/4 MILE


RELATIVE HUMIDITY (PERCENT)
 HIGHEST    93          1000 AM
 LOWEST     78           800 PM
 AVERAGE    86

..........................................................


THE KENNEDY NY CLIMATE NORMALS FOR TODAY
                         NORMAL    RECORD    YEAR
 MAXIMUM TEMPERATURE (F)   51        67      1979
 MINIMUM TEMPERATURE (F)   38        22      2005


SUNRISE AND SUNSET
NOVEMBER 25 2014......SUNRISE   653 AM EST   SUNSET   431 PM EST
NOVEMBER 26 2014......SUNRISE   654 AM EST   SUNSET   430 PM EST


-  INDICATES NEGATIVE NUMBERS.
R  INDICATES RECORD WAS SET OR TIED.
MM INDICATES DATA IS MISSING.
T  INDICATES TRACE AMOUNT.




$$
