442
CDUS41 KOKX 080629
CLIJFK


CLIMATE REPORT
NATIONAL WEATHER SERVICE NEW YORK NY
228 AM EDT SUN OCT 8 2017


...................................

...THE KENNEDY NY CLIMATE SUMMARY FOR OCTOBER 7 2017...

CLIMATE NORMAL PERIOD 1981 TO 2010
CLIMATE RECORD PERIOD 1948 TO 2017


WEATHER ITEM   OBSERVED TIME   RECORD YEAR NORMAL DEPARTURE LAST
                VALUE   (LST)  VALUE       VALUE  FROM      YEAR
                                                  NORMAL
..................................................................
TEMPERATURE (F)
 YESTERDAY
  MAXIMUM         79   1228 PM  83    2007  68     11       73
                                      1961
  MINIMUM         63    614 AM  39    1984  53     10       52
  AVERAGE         71                        60     11       63

PRECIPITATION (IN)
  YESTERDAY        0.00          2.81 1972   0.13  -0.13     0.00
  MONTH TO DATE    T                         0.86  -0.86     0.01
  SINCE SEP 1      2.20                      4.36  -2.16     2.88
  SINCE JAN 1     35.45                     33.32   2.13    26.15

SNOWFALL (IN)
  YESTERDAY        0.0          MM      MM   0.0    0.0      0.0
  MONTH TO DATE    0.0                       0.0    0.0      0.0
  SINCE OCT 1      0.0                       0.0    0.0      0.0
  SINCE JUL 1      0.0                       0.0    0.0      0.0
  SNOW DEPTH       0

DEGREE DAYS
 HEATING
  YESTERDAY        0                         6     -6        2
  MONTH TO DATE   12                        34    -22       18
  SINCE SEP 1     24                        72    -48       31
  SINCE JUL 1     24                        73    -49       31

 COOLING
  YESTERDAY        6                         1      5        0
  MONTH TO DATE   23                         7     16        2
  SINCE SEP 1    207                       137     70      207
  SINCE JAN 1   1130                       998    132     1344
..................................................................


WIND (MPH)
  HIGHEST WIND SPEED    23   HIGHEST WIND DIRECTION     S (170)
  HIGHEST GUST SPEED    29   HIGHEST GUST DIRECTION     S (190)
  AVERAGE WIND SPEED    10.7


SKY COVER
  POSSIBLE SUNSHINE  MM
  AVERAGE SKY COVER 0.6


WEATHER CONDITIONS
 THE FOLLOWING WEATHER WAS RECORDED YESTERDAY.
  FOG


RELATIVE HUMIDITY (PERCENT)
 HIGHEST   100          1200 AM
 LOWEST     74          1200 PM
 AVERAGE    87

..........................................................


THE KENNEDY NY CLIMATE NORMALS FOR TODAY
                         NORMAL    RECORD    YEAR
 MAXIMUM TEMPERATURE (F)   67        90      2007
 MINIMUM TEMPERATURE (F)   52        40      2001
                                             1988


SUNRISE AND SUNSET
OCTOBER  8 2017.......SUNRISE   659 AM EDT   SUNSET   625 PM EDT
OCTOBER  9 2017.......SUNRISE   700 AM EDT   SUNSET   624 PM EDT


-  INDICATES NEGATIVE NUMBERS.
R  INDICATES RECORD WAS SET OR TIED.
MM INDICATES DATA IS MISSING.
T  INDICATES TRACE AMOUNT.




$$
