888
CDUS41 KOKX 100617
CLIJFK


CLIMATE REPORT
NATIONAL WEATHER SERVICE NEW YORK NY
117 AM EST TUE JAN 10 2017


...................................

...THE KENNEDY NY CLIMATE SUMMARY FOR JANUARY 9 2017...

CLIMATE NORMAL PERIOD 1981 TO 2010
CLIMATE RECORD PERIOD 1948 TO 2017


WEATHER ITEM   OBSERVED TIME   RECORD YEAR NORMAL DEPARTURE LAST
                VALUE   (LST)  VALUE       VALUE  FROM      YEAR
                                                  NORMAL
..................................................................
TEMPERATURE (F)
 YESTERDAY
  MAXIMUM         24   1158 PM  65    2008  39    -15       53
  MINIMUM         13    734 AM   0    1968  26    -13       40
  AVERAGE         19                        33    -14       47

PRECIPITATION (IN)
  YESTERDAY        0.00          1.30 1964   0.10  -0.10     0.02
  MONTH TO DATE    1.02                      0.95   0.07     0.02
  SINCE DEC 1      4.08                      4.34  -0.26     4.81
  SINCE JAN 1      1.02                      0.95   0.07     0.02

SNOWFALL (IN)
  YESTERDAY        0.0           4.4  1974   0.2   -0.2      0.0
  MONTH TO DATE    9.3                       1.8    7.5      0.0
  SINCE OCT 1     12.6                       6.7    5.9      0.1
  SINCE JUL 1     12.6                       6.7    5.9      0.1
  SNOW DEPTH       7

DEGREE DAYS
 HEATING
  YESTERDAY       46                        32     14       18
  MONTH TO DATE  285                       286     -1      262
  SINCE DEC 1   1067                      1131    -64      707
  SINCE JUL 1   1707                      1955   -248     1298

 COOLING
  YESTERDAY        0                         0      0        0
  MONTH TO DATE    0                         0      0        0
  SINCE DEC 1      0                         0      0        0
  SINCE JAN 1      0                         0      0        0
..................................................................


WIND (MPH)
  HIGHEST WIND SPEED    21   HIGHEST WIND DIRECTION    SW (240)
  HIGHEST GUST SPEED    25   HIGHEST GUST DIRECTION    NW (300)
  AVERAGE WIND SPEED    11.1


SKY COVER
  POSSIBLE SUNSHINE  MM
  AVERAGE SKY COVER 0.5


WEATHER CONDITIONS
 THE FOLLOWING WEATHER WAS RECORDED YESTERDAY.
  NO SIGNIFICANT WEATHER WAS OBSERVED.


RELATIVE HUMIDITY (PERCENT)
 HIGHEST    55           600 AM
 LOWEST     41          1100 AM
 AVERAGE    48

..........................................................


THE KENNEDY NY CLIMATE NORMALS FOR TODAY
                         NORMAL    RECORD    YEAR
 MAXIMUM TEMPERATURE (F)   39        58      2016
 MINIMUM TEMPERATURE (F)   26         2      2004


SUNRISE AND SUNSET
JANUARY 10 2017.......SUNRISE   718 AM EST   SUNSET   447 PM EST
JANUARY 11 2017.......SUNRISE   718 AM EST   SUNSET   449 PM EST


-  INDICATES NEGATIVE NUMBERS.
R  INDICATES RECORD WAS SET OR TIED.
MM INDICATES DATA IS MISSING.
T  INDICATES TRACE AMOUNT.




$$
