000
CDUS41 KOKX 102035
CLIJFK


CLIMATE REPORT
NATIONAL WEATHER SERVICE NEW YORK NY
435 PM EDT SUN MAY 10 2015


...................................

...THE KENNEDY NY CLIMATE SUMMARY FOR MAY 10 2015...
VALID TODAY AS OF 0400 PM LOCAL TIME.

CLIMATE NORMAL PERIOD 1981 TO 2010
CLIMATE RECORD PERIOD 1949 TO 2015


WEATHER ITEM   OBSERVED TIME   RECORD YEAR NORMAL DEPARTURE LAST
                VALUE   (LST)  VALUE       VALUE  FROM      YEAR
                                                  NORMAL
..................................................................
TEMPERATURE (F)
 TODAY
  MAXIMUM         74    124 PM  90    1979  67      7       77
  MINIMUM         58    519 AM  34    1966  51      7       54
  AVERAGE         66                        59      7       66

PRECIPITATION (IN)
  TODAY            T             1.69 1989   0.12  -0.12     0.79
  MONTH TO DATE    0.02                      1.16  -1.14     1.46
  SINCE MAR 1      6.51                      8.81  -2.30    12.70
  SINCE JAN 1     14.17                     14.56  -0.39    20.30

SNOWFALL (IN)
  TODAY            0.0          MM      MM   0.0    0.0      0.0
  MONTH TO DATE    0.0                       0.0    0.0      0.0
  SINCE OCT 1     44.2                      23.8   20.4     45.6
  SINCE JUL 1     44.2                      23.8   20.4     45.6
  SNOW DEPTH       0

DEGREE DAYS
 HEATING
  TODAY            0                         7     -7        0
  MONTH TO DATE   49                        80    -31       52
  SINCE MAR 1   1251                      1220     31     1344
  SINCE JUL 1   4943                      4731    212     5051

 COOLING
  TODAY            1                         1      0        1
  MONTH TO DATE    5                         1      4        1
  SINCE MAR 1      5                         4      1        1
  SINCE JAN 1      5                         4      1        1
..................................................................


WIND (MPH)
  HIGHEST WIND SPEED    16   HIGHEST WIND DIRECTION     S (180)
  HIGHEST GUST SPEED    20   HIGHEST GUST DIRECTION     S (190)
  AVERAGE WIND SPEED     6.3


SKY COVER
  AVERAGE SKY COVER 0.8


WEATHER CONDITIONS
 THE FOLLOWING WEATHER WAS RECORDED TODAY.
  FOG
  FOG W/VISIBILITY <= 1/4 MILE
  HAZE


RELATIVE HUMIDITY (PERCENT)
 HIGHEST   100           500 AM
 LOWEST     68          1100 AM
 AVERAGE    84

..........................................................


THE KENNEDY NY CLIMATE NORMALS FOR TOMORROW
                         NORMAL    RECORD    YEAR
 MAXIMUM TEMPERATURE (F)   67        85      1993
                                             1970
 MINIMUM TEMPERATURE (F)   51        40      1966


SUNRISE AND SUNSET
MAY 10 2015...........SUNRISE   544 AM EDT   SUNSET   800 PM EDT
MAY 11 2015...........SUNRISE   543 AM EDT   SUNSET   801 PM EDT


-  INDICATES NEGATIVE NUMBERS.
R  INDICATES RECORD WAS SET OR TIED.
MM INDICATES DATA IS MISSING.
T  INDICATES TRACE AMOUNT.




$$
