000
CDUS41 KOKX 110618
CLIJFK


CLIMATE REPORT
NATIONAL WEATHER SERVICE NEW YORK NY
117 AM EST SAT MAR 11 2017


...................................

...THE KENNEDY NY CLIMATE SUMMARY FOR MARCH 10 2017...

CLIMATE NORMAL PERIOD 1981 TO 2010
CLIMATE RECORD PERIOD 1948 TO 2017


WEATHER ITEM   OBSERVED TIME   RECORD YEAR NORMAL DEPARTURE LAST
                VALUE   (LST)  VALUE       VALUE  FROM      YEAR
                                                  NORMAL
..................................................................
TEMPERATURE (F)
 YESTERDAY
  MAXIMUM         49   1221 AM  71    2006  47      2       70
  MINIMUM         24   1159 PM  12    1984  33     -9       53
  AVERAGE         37                        40     -3       62

PRECIPITATION (IN)
  YESTERDAY        0.26          0.94 1994   0.11   0.15     0.00
  MONTH TO DATE    0.43                      1.12  -0.69     0.29
  SINCE MAR 1      0.43                      1.12  -0.69     0.29
  SINCE JAN 1      6.65                      6.87  -0.22     8.93

SNOWFALL (IN)
  YESTERDAY        2.4 R         0.9  1959   0.2    2.2      0.0
  MONTH TO DATE    2.4                       1.7    0.7      1.4
  SINCE OCT 1     25.8                      21.2    4.6     40.9
  SINCE JUL 1     25.8                      21.2    4.6     40.9
  SNOW DEPTH       0

DEGREE DAYS
 HEATING
  YESTERDAY       28                        25      3        3
  MONTH TO DATE  234                       262    -28      211
  SINCE MAR 1    234                       262    -28      211
  SINCE JUL 1   3152                      3773   -621     2965

 COOLING
  YESTERDAY        0                         0      0        0
  MONTH TO DATE    0                         0      0        0
  SINCE MAR 1      0                         0      0        0
  SINCE JAN 1      0                         0      0        0
..................................................................


WIND (MPH)
  HIGHEST WIND SPEED    36   HIGHEST WIND DIRECTION    NW (310)
  HIGHEST GUST SPEED    44   HIGHEST GUST DIRECTION    NW (300)
  AVERAGE WIND SPEED    17.5


SKY COVER
  POSSIBLE SUNSHINE  MM
  AVERAGE SKY COVER 0.8


WEATHER CONDITIONS
 THE FOLLOWING WEATHER WAS RECORDED YESTERDAY.
  SNOW
  LIGHT SNOW
  FOG
  HAZE


RELATIVE HUMIDITY (PERCENT)
 HIGHEST    92          1100 AM
 LOWEST     31           300 AM
 AVERAGE    62

..........................................................


THE KENNEDY NY CLIMATE NORMALS FOR TODAY
                         NORMAL    RECORD    YEAR
 MAXIMUM TEMPERATURE (F)   47        68      2016
 MINIMUM TEMPERATURE (F)   33        15      1960


SUNRISE AND SUNSET
MARCH 11 2017.........SUNRISE   613 AM EST   SUNSET   558 PM EST
MARCH 12 2017.........SUNRISE   711 AM EDT   SUNSET   659 PM EDT


-  INDICATES NEGATIVE NUMBERS.
R  INDICATES RECORD WAS SET OR TIED.
MM INDICATES DATA IS MISSING.
T  INDICATES TRACE AMOUNT.




$$
