000
CDUS41 KOKX 290615
CLIJFK


CLIMATE REPORT
NATIONAL WEATHER SERVICE NEW YORK NY
115 AM EST TUE NOV 29 2016


...................................

...THE KENNEDY NY CLIMATE SUMMARY FOR NOVEMBER 28 2016...

CLIMATE NORMAL PERIOD 1981 TO 2010
CLIMATE RECORD PERIOD 1948 TO 2016


WEATHER ITEM   OBSERVED TIME   RECORD YEAR NORMAL DEPARTURE LAST
                VALUE   (LST)  VALUE       VALUE  FROM      YEAR
                                                  NORMAL
..................................................................
TEMPERATURE (F)
 YESTERDAY
  MAXIMUM         52   1159 PM  66    2001  50      2       65
  MINIMUM         37    613 AM  21    1996  37      0       46
  AVERAGE         45                        44      1       56

PRECIPITATION (IN)
  YESTERDAY        0.00          1.63 1980   0.12  -0.12     0.02
  MONTH TO DATE    1.58                      3.06  -1.48     1.20
  SINCE SEP 1      7.78                     10.18  -2.40     7.98
  SINCE JAN 1     31.05                     39.14  -8.09    33.52

SNOWFALL (IN)
  YESTERDAY        0.0           0.1  1977   0.1   -0.1      0.0
  MONTH TO DATE    T                         0.2   -0.2      0.0
  SINCE OCT 1      T                         0.2   -0.2      0.0
  SINCE JUL 1      T                         0.2   -0.2      0.0
  SNOW DEPTH       0

DEGREE DAYS
 HEATING
  YESTERDAY       20                        22     -2        9
  MONTH TO DATE  407                       483    -76      325
  SINCE SEP 1    621                       781   -160      547
  SINCE JUL 1    621                       782   -161      547

 COOLING
  YESTERDAY        0                         0      0        0
  MONTH TO DATE    0                         0      0        4
  SINCE SEP 1    225                       144     81      254
  SINCE JAN 1   1362                      1005    357     1387
..................................................................


WIND (MPH)
  HIGHEST WIND SPEED    17   HIGHEST WIND DIRECTION     S (190)
  HIGHEST GUST SPEED    22   HIGHEST GUST DIRECTION     S (200)
  AVERAGE WIND SPEED     8.4


SKY COVER
  POSSIBLE SUNSHINE  MM
  AVERAGE SKY COVER 0.4


WEATHER CONDITIONS
 THE FOLLOWING WEATHER WAS RECORDED YESTERDAY.
  NO SIGNIFICANT WEATHER WAS OBSERVED.


RELATIVE HUMIDITY (PERCENT)
 HIGHEST    66           700 PM
 LOWEST     41           100 PM
 AVERAGE    54

..........................................................


THE KENNEDY NY CLIMATE NORMALS FOR TODAY
                         NORMAL    RECORD    YEAR
 MAXIMUM TEMPERATURE (F)   50        64      1991
 MINIMUM TEMPERATURE (F)   37        25      1989


SUNRISE AND SUNSET
NOVEMBER 29 2016......SUNRISE   658 AM EST   SUNSET   429 PM EST
NOVEMBER 30 2016......SUNRISE   659 AM EST   SUNSET   429 PM EST


-  INDICATES NEGATIVE NUMBERS.
R  INDICATES RECORD WAS SET OR TIED.
MM INDICATES DATA IS MISSING.
T  INDICATES TRACE AMOUNT.




$$
