000
CDUS41 KOKX 290658
CLIJFK


CLIMATE REPORT
NATIONAL WEATHER SERVICE NEW YORK NY
257 AM EDT SAT APR 29 2017


...................................

...THE KENNEDY NY CLIMATE SUMMARY FOR APRIL 28 2017...

CLIMATE NORMAL PERIOD 1981 TO 2010
CLIMATE RECORD PERIOD 1948 TO 2017


WEATHER ITEM   OBSERVED TIME   RECORD YEAR NORMAL DEPARTURE LAST
                VALUE   (LST)  VALUE       VALUE  FROM      YEAR
                                                  NORMAL
..................................................................
TEMPERATURE (F)
 YESTERDAY
  MAXIMUM         74    351 PM  85    2009  63     11       59
  MINIMUM         55    350 AM  37    1966  47      8       47
  AVERAGE         65                        55     10       53

PRECIPITATION (IN)
  YESTERDAY        T             2.71 1980   0.13  -0.13      T
  MONTH TO DATE    3.90                      3.64   0.26     1.21
  SINCE MAR 1      9.69                      7.42   2.27     2.60
  SINCE JAN 1     15.91                     13.17   2.74    11.24

SNOWFALL (IN)
  YESTERDAY        0.0          MM      MM   0.0    0.0      0.0
  MONTH TO DATE    0.0                       0.8   -0.8       T
  SINCE OCT 1     30.9                      23.8    7.1     41.4
  SINCE JUL 1     30.9                      23.8    7.1     41.4
  SNOW DEPTH       0

DEGREE DAYS
 HEATING
  YESTERDAY        0                        10    -10       12
  MONTH TO DATE  296                       397   -101      387
  SINCE MAR 1   1084                      1122    -38      920
  SINCE JUL 1   4002                      4633   -631     3674

 COOLING
  YESTERDAY        0                         0      0        0
  MONTH TO DATE    4                         0      4        0
  SINCE MAR 1      4                         0      4        0
  SINCE JAN 1      4                         0      4        0
..................................................................


WIND (MPH)
  HIGHEST WIND SPEED    20   HIGHEST WIND DIRECTION     S (180)
  HIGHEST GUST SPEED    24   HIGHEST GUST DIRECTION     S (180)
  AVERAGE WIND SPEED     6.5


SKY COVER
  POSSIBLE SUNSHINE  MM
  AVERAGE SKY COVER 0.7


WEATHER CONDITIONS
 THE FOLLOWING WEATHER WAS RECORDED YESTERDAY.
  FOG
  FOG W/VISIBILITY <= 1/4 MILE
  HAZE


RELATIVE HUMIDITY (PERCENT)
 HIGHEST   100          1200 AM
 LOWEST     61           500 PM
 AVERAGE    81

..........................................................


THE KENNEDY NY CLIMATE NORMALS FOR TODAY
                         NORMAL    RECORD    YEAR
 MAXIMUM TEMPERATURE (F)   63        82      1974
 MINIMUM TEMPERATURE (F)   48        36      1966


SUNRISE AND SUNSET
APRIL 29 2017.........SUNRISE   556 AM EDT   SUNSET   749 PM EDT
APRIL 30 2017.........SUNRISE   555 AM EDT   SUNSET   750 PM EDT


-  INDICATES NEGATIVE NUMBERS.
R  INDICATES RECORD WAS SET OR TIED.
MM INDICATES DATA IS MISSING.
T  INDICATES TRACE AMOUNT.




$$
