000
CDUS41 KOKX 232031
CLIJFK


CLIMATE REPORT
NATIONAL WEATHER SERVICE NEW YORK NY
431 PM EDT SUN MAR 23 2014


...................................

...THE KENNEDY NY CLIMATE SUMMARY FOR MARCH 23 2014...
VALID TODAY AS OF 0400 PM LOCAL TIME.

CLIMATE NORMAL PERIOD 1981 TO 2010
CLIMATE RECORD PERIOD 1949 TO 2014


WEATHER ITEM   OBSERVED TIME   RECORD YEAR NORMAL DEPARTURE LAST
                VALUE   (LST)  VALUE       VALUE  FROM      YEAR
                                                  NORMAL
..................................................................
TEMPERATURE (F)
 TODAY
  MAXIMUM         46   1211 PM  77    2012  51     -5       48
  MINIMUM         39    634 AM  20    1959  36      3       32
  AVERAGE         43                        44     -1       40

PRECIPITATION (IN)
  TODAY            0.00          1.13 1961   0.13  -0.13     0.00
  MONTH TO DATE    0.92                      2.73  -1.81     1.95
  SINCE MAR 1      0.92                      2.73  -1.81     1.95
  SINCE JAN 1      8.52                      8.48   0.04     7.07

SNOWFALL (IN)
  TODAY            0.0           0.9  2011   0.1   -0.1      0.0
  MONTH TO DATE    0.6                       3.0   -2.4      4.4
  SINCE OCT 1     45.5                      22.5   23.0     17.6
  SINCE JUL 1     45.5                      22.5   23.0     17.6
  SNOW DEPTH       0

DEGREE DAYS
 HEATING
  TODAY           22                        21      1       25
  MONTH TO DATE  631                       564     67      600
  SINCE MAR 1    631                       564     67      600
  SINCE JUL 1   4338                      4075    263     3930

 COOLING
  TODAY            0                         0      0        0
  MONTH TO DATE    0                         0      0        0
  SINCE MAR 1      0                         0      0        0
  SINCE JAN 1      0                         0      0        0
..................................................................


WIND (MPH)
  HIGHEST WIND SPEED    20   HIGHEST WIND DIRECTION    NW (330)
  HIGHEST GUST SPEED    26   HIGHEST GUST DIRECTION    NW (310)
  AVERAGE WIND SPEED    13.3


SKY COVER
  AVERAGE SKY COVER 0.8


WEATHER CONDITIONS
 THE FOLLOWING WEATHER WAS RECORDED TODAY.
  NO SIGNIFICANT WEATHER WAS OBSERVED.


RELATIVE HUMIDITY (PERCENT)
 HIGHEST    50           300 AM
 LOWEST     22           300 PM
 AVERAGE    36

..........................................................


THE KENNEDY NY CLIMATE NORMALS FOR TOMORROW
                         NORMAL    RECORD    YEAR
 MAXIMUM TEMPERATURE (F)   51        66      1987
                                             1959
 MINIMUM TEMPERATURE (F)   36        25      1977


SUNRISE AND SUNSET
MARCH 23 2014.........SUNRISE   654 AM EDT   SUNSET   710 PM EDT
MARCH 24 2014.........SUNRISE   652 AM EDT   SUNSET   711 PM EDT


-  INDICATES NEGATIVE NUMBERS.
R  INDICATES RECORD WAS SET OR TIED.
MM INDICATES DATA IS MISSING.
T  INDICATES TRACE AMOUNT.




$$
