121
CDUS41 KOKX 170625
CLIJFK


CLIMATE REPORT
NATIONAL WEATHER SERVICE NEW YORK NY
224 AM EDT SUN APR 17 2016


...................................

...THE KENNEDY NY CLIMATE SUMMARY FOR APRIL 16 2016...

CLIMATE NORMAL PERIOD 1981 TO 2010
CLIMATE RECORD PERIOD 1949 TO 2016


WEATHER ITEM   OBSERVED TIME   RECORD YEAR NORMAL DEPARTURE LAST
                VALUE   (LST)  VALUE       VALUE  FROM      YEAR
                                                  NORMAL
..................................................................
TEMPERATURE (F)
 YESTERDAY
  MAXIMUM         67    244 PM  86    2003  59      8       60
                                      2002
  MINIMUM         39    408 AM  32    2014  44     -5       48
  AVERAGE         53                        52      1       54

PRECIPITATION (IN)
  YESTERDAY        0.00          2.30 1983   0.13  -0.13     0.00
  MONTH TO DATE    1.03                      2.15  -1.12     0.38
  SINCE MAR 1      2.42                      5.93  -3.51     5.26
  SINCE JAN 1     11.06                     11.68  -0.62    12.92

SNOWFALL (IN)
  YESTERDAY        0.0          MM      MM   0.0    0.0      0.0
  MONTH TO DATE    T                         0.6   -0.6      0.0
  SINCE OCT 1     41.4                      23.6   17.8     44.2
  SINCE JUL 1     41.4                      23.6   17.8     44.2
  SNOW DEPTH       0

DEGREE DAYS
 HEATING
  YESTERDAY       12                        14     -2       11
  MONTH TO DATE  296                       259     37      231
  SINCE MAR 1    829                       984   -155     1068
  SINCE JUL 1   3583                      4495   -912     4760

 COOLING
  YESTERDAY        0                         0      0        0
  MONTH TO DATE    0                         0      0        0
  SINCE MAR 1      0                         0      0        0
  SINCE JAN 1      0                         0      0        0
..................................................................


WIND (MPH)
  HIGHEST WIND SPEED    21   HIGHEST WIND DIRECTION    NE (30)
  HIGHEST GUST SPEED    29   HIGHEST GUST DIRECTION    NW (320)
  AVERAGE WIND SPEED     8.4


SKY COVER
  POSSIBLE SUNSHINE  MM
  AVERAGE SKY COVER 0.5


WEATHER CONDITIONS
 THE FOLLOWING WEATHER WAS RECORDED YESTERDAY.
  NO SIGNIFICANT WEATHER WAS OBSERVED.


RELATIVE HUMIDITY (PERCENT)
 HIGHEST    85           300 AM
 LOWEST     12           200 PM
 AVERAGE    49

..........................................................


THE KENNEDY NY CLIMATE NORMALS FOR TODAY
                         NORMAL    RECORD    YEAR
 MAXIMUM TEMPERATURE (F)   60        90      2002
 MINIMUM TEMPERATURE (F)   44        33      1980
                                             1962


SUNRISE AND SUNSET
APRIL 17 2016.........SUNRISE   613 AM EDT   SUNSET   737 PM EDT
APRIL 18 2016.........SUNRISE   611 AM EDT   SUNSET   738 PM EDT


-  INDICATES NEGATIVE NUMBERS.
R  INDICATES RECORD WAS SET OR TIED.
MM INDICATES DATA IS MISSING.
T  INDICATES TRACE AMOUNT.




$$
