443
CDUS41 KOKX 192132
CLIJFK


CLIMATE REPORT
NATIONAL WEATHER SERVICE NEW YORK NY
432 PM EST THU JAN 19 2017


...................................

...THE KENNEDY NY CLIMATE SUMMARY FOR JANUARY 19 2017...
VALID TODAY AS OF 0400 PM LOCAL TIME.

CLIMATE NORMAL PERIOD 1981 TO 2010
CLIMATE RECORD PERIOD 1948 TO 2017


WEATHER ITEM   OBSERVED TIME   RECORD YEAR NORMAL DEPARTURE LAST
                VALUE   (LST)  VALUE       VALUE  FROM      YEAR
                                                  NORMAL
..................................................................
TEMPERATURE (F)
 TODAY
  MAXIMUM         54    154 PM  58    1972  39     15       31
                                      1949
  MINIMUM         37    718 AM   0    1994  26     11       18
  AVERAGE         46                        32     14       25

PRECIPITATION (IN)
  TODAY            0.00          0.87 2001   0.10  -0.10     0.00
  MONTH TO DATE    2.41                      2.01   0.40     1.68
  SINCE DEC 1      5.47                      5.40   0.07     6.47
  SINCE JAN 1      2.41                      2.01   0.40     1.68

SNOWFALL (IN)
  TODAY            0.0           3.8  1978   0.2   -0.2      0.0
  MONTH TO DATE   11.1                       3.8    7.3      0.7
  SINCE OCT 1     14.4                       8.7    5.7      0.8
  SINCE JUL 1     14.4                       8.7    5.7      0.8
  SNOW DEPTH       0

DEGREE DAYS
 HEATING
  TODAY           19                        33    -14       40
  MONTH TO DATE  525                       613    -88      555
  SINCE DEC 1   1307                      1458   -151     1000
  SINCE JUL 1   1947                      2282   -335     1591

 COOLING
  TODAY            0                         0      0        0
  MONTH TO DATE    0                         0      0        0
  SINCE DEC 1      0                         0      0        0
  SINCE JAN 1      0                         0      0        0
..................................................................


WIND (MPH)
  HIGHEST WIND SPEED    16   HIGHEST WIND DIRECTION    NW (310)
  HIGHEST GUST SPEED    19   HIGHEST GUST DIRECTION    NW (320)
  AVERAGE WIND SPEED     8.1


SKY COVER
  AVERAGE SKY COVER 0.6


WEATHER CONDITIONS
 THE FOLLOWING WEATHER WAS RECORDED TODAY.
  NO SIGNIFICANT WEATHER WAS OBSERVED.


RELATIVE HUMIDITY (PERCENT)
 HIGHEST    92           500 AM
 LOWEST     46           100 PM
 AVERAGE    69

..........................................................


THE KENNEDY NY CLIMATE NORMALS FOR TOMORROW
                         NORMAL    RECORD    YEAR
 MAXIMUM TEMPERATURE (F)   39        56      2013
                                             2006
                                             1991
 MINIMUM TEMPERATURE (F)   26         3      1994
                                             1985


SUNRISE AND SUNSET
JANUARY 19 2017.......SUNRISE   715 AM EST   SUNSET   457 PM EST
JANUARY 20 2017.......SUNRISE   714 AM EST   SUNSET   459 PM EST


-  INDICATES NEGATIVE NUMBERS.
R  INDICATES RECORD WAS SET OR TIED.
MM INDICATES DATA IS MISSING.
T  INDICATES TRACE AMOUNT.




$$
