000
CDUS41 KOKX 290616
CLIJFK


CLIMATE REPORT
NATIONAL WEATHER SERVICE NEW YORK NY
215 AM EDT MON SEP 29 2014


...................................

...THE KENNEDY NY CLIMATE SUMMARY FOR SEPTEMBER 28 2014...

CLIMATE NORMAL PERIOD 1981 TO 2010
CLIMATE RECORD PERIOD 1949 TO 2014


WEATHER ITEM   OBSERVED TIME   RECORD YEAR NORMAL DEPARTURE LAST
                VALUE   (LST)  VALUE       VALUE  FROM      YEAR
                                                  NORMAL
..................................................................
TEMPERATURE (F)
 YESTERDAY
  MAXIMUM         78    246 PM  82    1948  71      7       74
  MINIMUM         62    614 AM  44    1989  56      6       56
  AVERAGE         70                        64      6       65

PRECIPITATION (IN)
  YESTERDAY        0.00          3.42 2004   0.13  -0.13     0.00
  MONTH TO DATE    1.40                      3.23  -1.83     1.92
  SINCE SEP 1      1.40                      3.23  -1.83     1.92
  SINCE JAN 1     35.51                     32.19   3.32    28.11

SNOWFALL (IN)
  YESTERDAY        0.0          MM      MM   0.0    0.0      0.0
  MONTH TO DATE    0.0                       0.0    0.0      0.0
  SINCE OCT 1     45.6                      23.8   21.8     17.6
  SINCE JUL 1      0.0                       0.0    0.0      0.0
  SNOW DEPTH       0

DEGREE DAYS
 HEATING
  YESTERDAY        0                         3     -3        0
  MONTH TO DATE   19                        29    -10       40
  SINCE SEP 1     19                        29    -10       40
  SINCE JUL 1     19                        30    -11       40

 COOLING
  YESTERDAY        5                         2      3        0
  MONTH TO DATE  157                       127     30      113
  SINCE SEP 1    157                       127     30      113
  SINCE JAN 1   1020                       988     32     1072
..................................................................


WIND (MPH)
  HIGHEST WIND SPEED    15   HIGHEST WIND DIRECTION     S (190)
  HIGHEST GUST SPEED    20   HIGHEST GUST DIRECTION     S (200)
  AVERAGE WIND SPEED     7.4


SKY COVER
  POSSIBLE SUNSHINE  MM
  AVERAGE SKY COVER 0.5


WEATHER CONDITIONS
 THE FOLLOWING WEATHER WAS RECORDED YESTERDAY.
  NO SIGNIFICANT WEATHER WAS OBSERVED.


RELATIVE HUMIDITY (PERCENT)
 HIGHEST    93           300 AM
 LOWEST     54           200 PM
 AVERAGE    74

..........................................................


THE KENNEDY NY CLIMATE NORMALS FOR TODAY
                         NORMAL    RECORD    YEAR
 MAXIMUM TEMPERATURE (F)   71        82      1948
 MINIMUM TEMPERATURE (F)   56        44      2000


SUNRISE AND SUNSET
SEPTEMBER 29 2014.....SUNRISE   650 AM EDT   SUNSET   641 PM EDT
SEPTEMBER 30 2014.....SUNRISE   651 AM EDT   SUNSET   639 PM EDT


-  INDICATES NEGATIVE NUMBERS.
R  INDICATES RECORD WAS SET OR TIED.
MM INDICATES DATA IS MISSING.
T  INDICATES TRACE AMOUNT.




$$
