000
CDUS41 KOKX 220619
CLIJFK


CLIMATE REPORT
NATIONAL WEATHER SERVICE NEW YORK NY
218 AM EDT MON AUG 22 2016


...................................

...THE KENNEDY NY CLIMATE SUMMARY FOR AUGUST 21 2016...

CLIMATE NORMAL PERIOD 1981 TO 2010
CLIMATE RECORD PERIOD 1948 TO 2016


WEATHER ITEM   OBSERVED TIME   RECORD YEAR NORMAL DEPARTURE LAST
                VALUE   (LST)  VALUE       VALUE  FROM      YEAR
                                                  NORMAL
..................................................................
TEMPERATURE (F)
 YESTERDAY
  MAXIMUM         84    151 PM  91    2005  82      2       87
                                      1968
  MINIMUM         76   1151 PM  50    1977  68      8       73
  AVERAGE         80                        74      6       80

PRECIPITATION (IN)
  YESTERDAY        0.26          2.48 2015   0.11   0.15     2.48
  MONTH TO DATE    0.59                      2.60  -2.01     3.62
  SINCE JUN 1      8.26                     10.54  -2.28    10.92
  SINCE JAN 1     23.24                     27.88  -4.64    25.53

SNOWFALL (IN)
  YESTERDAY        0.0          MM      MM   0.0    0.0      0.0
  MONTH TO DATE    0.0                       0.0    0.0      0.0
  SINCE OCT 1     41.4                      23.8   17.6     44.2
  SINCE JUL 1      0.0                       0.0    0.0      0.0
  SNOW DEPTH       0

DEGREE DAYS
 HEATING
  YESTERDAY        0                         0      0        0
  MONTH TO DATE    0                         0      0        0
  SINCE JUN 1      3                        21    -18       29
  SINCE JUL 1      0                         0      0        0

 COOLING
  YESTERDAY       15                        10      5       15
  MONTH TO DATE  310                       221     89      302
  SINCE JUN 1    956                       741    215      950
  SINCE JAN 1   1007                       776    231     1010
..................................................................


WIND (MPH)
  HIGHEST WIND SPEED    20   HIGHEST WIND DIRECTION     S (200)
  HIGHEST GUST SPEED    26   HIGHEST GUST DIRECTION     S (200)
  AVERAGE WIND SPEED    12.5


SKY COVER
  POSSIBLE SUNSHINE  MM
  AVERAGE SKY COVER 0.7


WEATHER CONDITIONS
 THE FOLLOWING WEATHER WAS RECORDED YESTERDAY.
  LIGHT RAIN


RELATIVE HUMIDITY (PERCENT)
 HIGHEST    88           500 AM
 LOWEST     74          1100 AM
 AVERAGE    81

..........................................................


THE KENNEDY NY CLIMATE NORMALS FOR TODAY
                         NORMAL    RECORD    YEAR
 MAXIMUM TEMPERATURE (F)   81        93      1976
 MINIMUM TEMPERATURE (F)   67        56      1982


SUNRISE AND SUNSET
AUGUST 22 2016........SUNRISE   613 AM EDT   SUNSET   742 PM EDT
AUGUST 23 2016........SUNRISE   614 AM EDT   SUNSET   741 PM EDT


-  INDICATES NEGATIVE NUMBERS.
R  INDICATES RECORD WAS SET OR TIED.
MM INDICATES DATA IS MISSING.
T  INDICATES TRACE AMOUNT.




$$
