000
CDUS41 KOKX 232038
CLIJFK


CLIMATE REPORT
NATIONAL WEATHER SERVICE NEW YORK NY
437 PM EDT THU MAR 23 2017


...................................

...THE KENNEDY NY CLIMATE SUMMARY FOR MARCH 23 2017...
VALID TODAY AS OF 0400 PM LOCAL TIME.

CLIMATE NORMAL PERIOD 1981 TO 2010
CLIMATE RECORD PERIOD 1948 TO 2017


WEATHER ITEM   OBSERVED TIME   RECORD YEAR NORMAL DEPARTURE LAST
                VALUE   (LST)  VALUE       VALUE  FROM      YEAR
                                                  NORMAL
..................................................................
TEMPERATURE (F)
 TODAY
  MAXIMUM         44    242 PM  77    2012  51     -7       72
  MINIMUM         23    456 AM  20    1959  36    -13       45
  AVERAGE         34                        44    -10       59

PRECIPITATION (IN)
  TODAY            0.00          1.13 1961   0.13  -0.13     0.00
  MONTH TO DATE    2.44                      2.73  -0.29     0.91
  SINCE MAR 1      2.44                      2.73  -0.29     0.91
  SINCE JAN 1      8.66                      8.48   0.18     9.55

SNOWFALL (IN)
  TODAY            0.0           0.9  2011   0.1   -0.1      0.0
  MONTH TO DATE    7.5                       3.0    4.5      1.9
  SINCE OCT 1     30.9                      22.5    8.4     41.4
  SINCE JUL 1     30.9                      22.5    8.4     41.4
  SNOW DEPTH       0

DEGREE DAYS
 HEATING
  TODAY           31                        21     10        6
  MONTH TO DATE  634                       564     70      412
  SINCE MAR 1    634                       564     70      412
  SINCE JUL 1   3552                      4075   -523     3166

 COOLING
  TODAY            0                         0      0        0
  MONTH TO DATE    0                         0      0        0
  SINCE MAR 1      0                         0      0        0
  SINCE JAN 1      0                         0      0        0
..................................................................


WIND (MPH)
  HIGHEST WIND SPEED    21   HIGHEST WIND DIRECTION    NW (320)
  HIGHEST GUST SPEED    28   HIGHEST GUST DIRECTION    NW (320)
  AVERAGE WIND SPEED    12.3


SKY COVER
  AVERAGE SKY COVER 0.1


WEATHER CONDITIONS
 THE FOLLOWING WEATHER WAS RECORDED TODAY.
  NO SIGNIFICANT WEATHER WAS OBSERVED.


RELATIVE HUMIDITY (PERCENT)
 HIGHEST    42           600 AM
 LOWEST     17           100 PM
 AVERAGE    30

..........................................................


THE KENNEDY NY CLIMATE NORMALS FOR TOMORROW
                         NORMAL    RECORD    YEAR
 MAXIMUM TEMPERATURE (F)   51        66      1987
                                             1959
 MINIMUM TEMPERATURE (F)   36        22      2014


SUNRISE AND SUNSET
MARCH 23 2017.........SUNRISE   653 AM EDT   SUNSET   711 PM EDT
MARCH 24 2017.........SUNRISE   652 AM EDT   SUNSET   712 PM EDT


-  INDICATES NEGATIVE NUMBERS.
R  INDICATES RECORD WAS SET OR TIED.
MM INDICATES DATA IS MISSING.
T  INDICATES TRACE AMOUNT.




$$
