000
CDUS41 KOKX 200619
CLIJFK


CLIMATE REPORT
NATIONAL WEATHER SERVICE NEW YORK NY
118 AM EST THU NOV 20 2014


...................................

...THE KENNEDY NY CLIMATE SUMMARY FOR NOVEMBER 19 2014...

CLIMATE NORMAL PERIOD 1981 TO 2010
CLIMATE RECORD PERIOD 1949 TO 2014


WEATHER ITEM   OBSERVED TIME   RECORD YEAR NORMAL DEPARTURE LAST
                VALUE   (LST)  VALUE       VALUE  FROM      YEAR
                                                  NORMAL
..................................................................
TEMPERATURE (F)
 YESTERDAY
  MAXIMUM         37   1159 PM  64    1994  53    -16       52
  MINIMUM         23R   716 AM  27    2008  40    -17       36
                                      1997
                                      1986
  AVERAGE         30                        46    -16       44

PRECIPITATION (IN)
  YESTERDAY        0.00          1.17 2003   0.12  -0.12     0.00
  MONTH TO DATE    3.01                      2.02   0.99     0.50
  SINCE SEP 1      8.13                      9.14  -1.01     2.75
  SINCE JAN 1     42.24                     38.10   4.14    28.94

SNOWFALL (IN)
  YESTERDAY        0.0           0.4  1986   0.0    0.0      0.0
  MONTH TO DATE    T                         0.0    0.0      0.2
  SINCE OCT 1      T                         0.0    0.0      0.2
  SINCE JUL 1      T                         0.0    0.0      0.2
  SNOW DEPTH       0

DEGREE DAYS
 HEATING
  YESTERDAY       35                        19     16       21
  MONTH TO DATE  349                       300     49      302
  SINCE SEP 1    543                       598    -55      533
  SINCE JUL 1    543                       599    -56      533

 COOLING
  YESTERDAY        0                         0      0        0
  MONTH TO DATE    0                         0      0        0
  SINCE SEP 1    187                       144     43      152
  SINCE JAN 1   1050                      1005     45     1111
..................................................................


WIND (MPH)
  HIGHEST WIND SPEED    28   HIGHEST WIND DIRECTION     W (270)
  HIGHEST GUST SPEED    35   HIGHEST GUST DIRECTION     W (270)
  AVERAGE WIND SPEED    16.0


SKY COVER
  POSSIBLE SUNSHINE  MM
  AVERAGE SKY COVER 0.3


WEATHER CONDITIONS
 THE FOLLOWING WEATHER WAS RECORDED YESTERDAY.
  NO SIGNIFICANT WEATHER WAS OBSERVED.


RELATIVE HUMIDITY (PERCENT)
 HIGHEST    47           800 PM
 LOWEST     29           100 PM
 AVERAGE    38

..........................................................


THE KENNEDY NY CLIMATE NORMALS FOR TODAY
                         NORMAL    RECORD    YEAR
 MAXIMUM TEMPERATURE (F)   53        73      1985
 MINIMUM TEMPERATURE (F)   40        25      1986


SUNRISE AND SUNSET
NOVEMBER 20 2014......SUNRISE   648 AM EST   SUNSET   434 PM EST
NOVEMBER 21 2014......SUNRISE   649 AM EST   SUNSET   433 PM EST


-  INDICATES NEGATIVE NUMBERS.
R  INDICATES RECORD WAS SET OR TIED.
MM INDICATES DATA IS MISSING.
T  INDICATES TRACE AMOUNT.




$$
