000
CDUS41 KOKX 272033
CLIJFK


CLIMATE REPORT
NATIONAL WEATHER SERVICE NEW YORK NY
433 PM EDT FRI MAR 27 2015


...................................

...THE KENNEDY NY CLIMATE SUMMARY FOR MARCH 27 2015...
VALID TODAY AS OF 0400 PM LOCAL TIME.

CLIMATE NORMAL PERIOD 1981 TO 2010
CLIMATE RECORD PERIOD 1949 TO 2015


WEATHER ITEM   OBSERVED TIME   RECORD YEAR NORMAL DEPARTURE LAST
                VALUE   (LST)  VALUE       VALUE  FROM      YEAR
                                                  NORMAL
..................................................................
TEMPERATURE (F)
 TODAY
  MAXIMUM         47    259 PM  80    1998  52     -5       39
  MINIMUM         41    829 AM  23    2014  37      4       23
  AVERAGE         44                        45     -1       31

PRECIPITATION (IN)
  TODAY            0.23          1.22 1983   0.14   0.09     0.00
  MONTH TO DATE    4.85                      3.26   1.59     0.92
  SINCE MAR 1      4.85                      3.26   1.59     0.92
  SINCE JAN 1     12.51                      9.01   3.50     8.52

SNOWFALL (IN)
  TODAY            0.0           1.0  1959   0.1   -0.1      0.0
  MONTH TO DATE   13.1                       3.3    9.8      0.6
  SINCE OCT 1     44.2                      22.8   21.4     45.5
  SINCE JUL 1     44.2                      22.8   21.4     45.5
  SNOW DEPTH       0

DEGREE DAYS
 HEATING
  TODAY           21                        20      1       34
  MONTH TO DATE  739                       646     93      774
  SINCE MAR 1    739                       646     93      774
  SINCE JUL 1   4431                      4157    274     4481

 COOLING
  TODAY            0                         0      0        0
  MONTH TO DATE    0                         0      0        0
  SINCE MAR 1      0                         0      0        0
  SINCE JAN 1      0                         0      0        0
..................................................................


WIND (MPH)
  HIGHEST WIND SPEED    18   HIGHEST WIND DIRECTION    NW (330)
  HIGHEST GUST SPEED    23   HIGHEST GUST DIRECTION    NW (330)
  AVERAGE WIND SPEED    11.4


SKY COVER
  AVERAGE SKY COVER 0.9


WEATHER CONDITIONS
 THE FOLLOWING WEATHER WAS RECORDED TODAY.
  RAIN
  LIGHT RAIN


RELATIVE HUMIDITY (PERCENT)
 HIGHEST    83           100 AM
 LOWEST     60           100 PM
 AVERAGE    72

..........................................................


THE KENNEDY NY CLIMATE NORMALS FOR TOMORROW
                         NORMAL    RECORD    YEAR
 MAXIMUM TEMPERATURE (F)   53        76      1991
                                             1989
 MINIMUM TEMPERATURE (F)   38        22      1982


SUNRISE AND SUNSET
MARCH 27 2015.........SUNRISE   647 AM EDT   SUNSET   714 PM EDT
MARCH 28 2015.........SUNRISE   646 AM EDT   SUNSET   715 PM EDT


-  INDICATES NEGATIVE NUMBERS.
R  INDICATES RECORD WAS SET OR TIED.
MM INDICATES DATA IS MISSING.
T  INDICATES TRACE AMOUNT.




$$
