000
CDUS41 KOKX 010618
CLIJFK


CLIMATE REPORT
NATIONAL WEATHER SERVICE NEW YORK NY
218 AM EDT MON SEP 1 2014


...................................

...THE KENNEDY NY CLIMATE SUMMARY FOR AUGUST 31 2014...

CLIMATE NORMAL PERIOD 1981 TO 2010
CLIMATE RECORD PERIOD 1949 TO 2014


WEATHER ITEM   OBSERVED TIME   RECORD YEAR NORMAL DEPARTURE LAST
                VALUE   (LST)  VALUE       VALUE  FROM      YEAR
                                                  NORMAL
..................................................................
TEMPERATURE (F)
 YESTERDAY
  MAXIMUM         85    211 PM  97    2010  80      5       83
  MINIMUM         73    505 AM  46    1965  66      7       72
  AVERAGE         79                        73      6       78

PRECIPITATION (IN)
  YESTERDAY        0.14          1.47 1949   0.10   0.04     0.00
  MONTH TO DATE    4.23                      3.68   0.55     2.73
  SINCE JUN 1     11.67                     11.62   0.05    12.94
  SINCE JAN 1     34.11                     28.96   5.15    26.19

SNOWFALL (IN)
  YESTERDAY        0.0          MM      MM   0.0    0.0      0.0
  MONTH TO DATE    0.0                       0.0    0.0      0.0
  SINCE OCT 1     45.6                      23.8   21.8     17.6
  SINCE JUL 1      0.0                       0.0    0.0      0.0
  SNOW DEPTH       0

DEGREE DAYS
 HEATING
  YESTERDAY        0                         0      0        0
  MONTH TO DATE    0                         0      0        0
  SINCE JUN 1      0                        22    -22       10
  SINCE JUL 1      0                         1     -1        0

 COOLING
  YESTERDAY       14                         8      6       13
  MONTH TO DATE  290                       306    -16      298
  SINCE JUN 1    831                       826      5      933
  SINCE JAN 1    863                       861      2      959
..................................................................


WIND (MPH)
  HIGHEST WIND SPEED    25   HIGHEST WIND DIRECTION     S (190)
  HIGHEST GUST SPEED    32   HIGHEST GUST DIRECTION     S (180)
  AVERAGE WIND SPEED    10.0


SKY COVER
  POSSIBLE SUNSHINE  MM
  AVERAGE SKY COVER 0.9


WEATHER CONDITIONS
 THE FOLLOWING WEATHER WAS RECORDED YESTERDAY.
  THUNDERSTORM
  HEAVY RAIN
  LIGHT RAIN
  FOG


RELATIVE HUMIDITY (PERCENT)
 HIGHEST    88           700 PM
 LOWEST     69          1100 AM
 AVERAGE    79

..........................................................


THE KENNEDY NY CLIMATE NORMALS FOR TODAY
                         NORMAL    RECORD    YEAR
 MAXIMUM TEMPERATURE (F)   80        92      2012
                                             2010
 MINIMUM TEMPERATURE (F)   66        54      1985
                                             1967


SUNRISE AND SUNSET
SEPTEMBER  1 2014.....SUNRISE   622 AM EDT   SUNSET   727 PM EDT
SEPTEMBER  2 2014.....SUNRISE   623 AM EDT   SUNSET   726 PM EDT


-  INDICATES NEGATIVE NUMBERS.
R  INDICATES RECORD WAS SET OR TIED.
MM INDICATES DATA IS MISSING.
T  INDICATES TRACE AMOUNT.




$$
