000
CDUS41 KOKX 172031
CLIJFK


CLIMATE REPORT
NATIONAL WEATHER SERVICE NEW YORK NY
431 PM EDT FRI OCT 17 2014


...................................

...THE KENNEDY NY CLIMATE SUMMARY FOR OCTOBER 17 2014...
VALID TODAY AS OF 0400 PM LOCAL TIME.

CLIMATE NORMAL PERIOD 1981 TO 2010
CLIMATE RECORD PERIOD 1949 TO 2014


WEATHER ITEM   OBSERVED TIME   RECORD YEAR NORMAL DEPARTURE LAST
                VALUE   (LST)  VALUE       VALUE  FROM      YEAR
                                                  NORMAL
..................................................................
TEMPERATURE (F)
 TODAY
  MAXIMUM         72    251 PM  82    1963  64      8       72
  MINIMUM         60    648 AM  38    1970  49     11       61
  AVERAGE         66                        57      9       67

PRECIPITATION (IN)
  TODAY            0.00          1.03 2006   0.11  -0.11     0.01
  MONTH TO DATE    2.06                      2.06   0.00     0.28
  SINCE SEP 1      3.49                      5.56  -2.07     2.20
  SINCE JAN 1     37.60                     34.52   3.08    28.39

SNOWFALL (IN)
  TODAY            0.0          MM      MM   0.0    0.0      0.0
  MONTH TO DATE    0.0                       0.0    0.0      0.0
  SINCE OCT 1      0.0                       0.0    0.0      0.0
  SINCE JUL 1      0.0                       0.0    0.0      0.0
  SNOW DEPTH       0

DEGREE DAYS
 HEATING
  TODAY            0                         9     -9        0
  MONTH TO DATE   61                       108    -47       34
  SINCE SEP 1     80                       146    -66       79
  SINCE JUL 1     80                       147    -67       79

 COOLING
  TODAY            1                         0      1        2
  MONTH TO DATE   23                        12     11       39
  SINCE SEP 1    187                       142     45      152
  SINCE JAN 1   1050                      1003     47     1111
..................................................................


WIND (MPH)
  HIGHEST WIND SPEED    20   HIGHEST WIND DIRECTION    SW (230)
  HIGHEST GUST SPEED    23   HIGHEST GUST DIRECTION    SW (220)
  AVERAGE WIND SPEED    12.5


SKY COVER
  AVERAGE SKY COVER 0.4


WEATHER CONDITIONS
 THE FOLLOWING WEATHER WAS RECORDED TODAY.
  NO SIGNIFICANT WEATHER WAS OBSERVED.


RELATIVE HUMIDITY (PERCENT)
 HIGHEST    84          1200 AM
 LOWEST     49           100 PM
 AVERAGE    67

..........................................................


THE KENNEDY NY CLIMATE NORMALS FOR TOMORROW
                         NORMAL    RECORD    YEAR
 MAXIMUM TEMPERATURE (F)   64        77      1964
 MINIMUM TEMPERATURE (F)   49        37      1978
                                             1974


SUNRISE AND SUNSET
OCTOBER 17 2014.......SUNRISE   708 AM EDT   SUNSET   612 PM EDT
OCTOBER 18 2014.......SUNRISE   709 AM EDT   SUNSET   611 PM EDT


-  INDICATES NEGATIVE NUMBERS.
R  INDICATES RECORD WAS SET OR TIED.
MM INDICATES DATA IS MISSING.
T  INDICATES TRACE AMOUNT.




$$
