000
CDUS41 KOKX 270622
CLIJFK


CLIMATE REPORT
NATIONAL WEATHER SERVICE NEW YORK NY
122 AM EST TUE JAN 27 2015


...................................

...THE KENNEDY NY CLIMATE SUMMARY FOR JANUARY 26 2015...

CLIMATE NORMAL PERIOD 1981 TO 2010
CLIMATE RECORD PERIOD 1949 TO 2015


WEATHER ITEM   OBSERVED TIME   RECORD YEAR NORMAL DEPARTURE LAST
                VALUE   (LST)  VALUE       VALUE  FROM      YEAR
                                                  NORMAL
..................................................................
TEMPERATURE (F)
 YESTERDAY
  MAXIMUM         32   1204 AM  69    1950  39     -7       36
  MINIMUM         24    253 PM   9    2007  26     -2       18
                                      1994
  AVERAGE         28                        33     -5       27

PRECIPITATION (IN)
  YESTERDAY        0.33          1.98 1986   0.09   0.24      T
  MONTH TO DATE    4.95                      2.69   2.26     2.96
  SINCE DEC 1     11.99                      6.08   5.91     7.46
  SINCE JAN 1      4.95                      2.69   2.26     2.96

SNOWFALL (IN)
  YESTERDAY        5.1           6.0  2011   0.2    4.9       T
  MONTH TO DATE   10.9                       5.1    5.8     16.0
  SINCE OCT 1     11.3                      10.0    1.3     22.9
  SINCE JUL 1     11.3                      10.0    1.3     22.9
  SNOW DEPTH       0

DEGREE DAYS
 HEATING
  YESTERDAY       37                        32      5       38
  MONTH TO DATE  859                       843     16      926
  SINCE DEC 1   1581                      1688   -107     1754
  SINCE JUL 1   2365                      2512   -147     2568

 COOLING
  YESTERDAY        0                         0      0        0
  MONTH TO DATE    0                         0      0        0
  SINCE DEC 1      0                         0      0        0
  SINCE JAN 1      0                         0      0        0
..................................................................


WIND (MPH)
  HIGHEST WIND SPEED    31   HIGHEST WIND DIRECTION     N (20)
  HIGHEST GUST SPEED    39   HIGHEST GUST DIRECTION    NE (30)
  AVERAGE WIND SPEED    18.4


SKY COVER
  POSSIBLE SUNSHINE  MM
  AVERAGE SKY COVER 1.0


WEATHER CONDITIONS
 THE FOLLOWING WEATHER WAS RECORDED YESTERDAY.
  LIGHT SNOW
  FOG
  BLOWING SNOW


RELATIVE HUMIDITY (PERCENT)
 HIGHEST    84           700 PM
 LOWEST     39          1200 AM
 AVERAGE    62

..........................................................


THE KENNEDY NY CLIMATE NORMALS FOR TODAY
                         NORMAL    RECORD    YEAR
 MAXIMUM TEMPERATURE (F)   39        65      1974
 MINIMUM TEMPERATURE (F)   26         2      1994


SUNRISE AND SUNSET
JANUARY 27 2015.......SUNRISE   710 AM EST   SUNSET   506 PM EST
JANUARY 28 2015.......SUNRISE   709 AM EST   SUNSET   508 PM EST


-  INDICATES NEGATIVE NUMBERS.
R  INDICATES RECORD WAS SET OR TIED.
MM INDICATES DATA IS MISSING.
T  INDICATES TRACE AMOUNT.




$$
