000
CDUS41 KOKX 040649
CLIJFK


CLIMATE REPORT
NATIONAL WEATHER SERVICE NEW YORK NY
149 AM EST WED MAR 4 2015


...................................

...THE KENNEDY NY CLIMATE SUMMARY FOR MARCH 3 2015...

CLIMATE NORMAL PERIOD 1981 TO 2010
CLIMATE RECORD PERIOD 1949 TO 2015


WEATHER ITEM   OBSERVED TIME   RECORD YEAR NORMAL DEPARTURE LAST
                VALUE   (LST)  VALUE       VALUE  FROM      YEAR
                                                  NORMAL
..................................................................
TEMPERATURE (F)
 YESTERDAY
  MAXIMUM         36   1159 PM  63    1991  45     -9       35
  MINIMUM         19    637 AM  12    1950  31    -12       18
  AVERAGE         28                        38    -10       27

PRECIPITATION (IN)
  YESTERDAY        0.70          1.04 1991   0.11   0.59     0.04
  MONTH TO DATE    1.21                      0.33   0.88     0.04
  SINCE MAR 1      1.21                      0.33   0.88     0.04
  SINCE JAN 1      8.87                      6.08   2.79     7.64

SNOWFALL (IN)
  YESTERDAY        1.2           7.0  1960   0.2    1.0      0.6
  MONTH TO DATE    4.3                       0.6    3.7      0.6
  SINCE OCT 1     35.4                      20.1   15.3     45.5
  SINCE JUL 1     35.4                      20.1   15.3     45.5
  SNOW DEPTH       3

DEGREE DAYS
 HEATING
  YESTERDAY       37                        27     10       38
  MONTH TO DATE  106                        81     25      104
  SINCE MAR 1    106                        81     25      104
  SINCE JUL 1   3798                      3592    206     3811

 COOLING
  YESTERDAY        0                         0      0        0
  MONTH TO DATE    0                         0      0        0
  SINCE MAR 1      0                         0      0        0
  SINCE JAN 1      0                         0      0        0
..................................................................


WIND (MPH)
  HIGHEST WIND SPEED    17   HIGHEST WIND DIRECTION     S (200)
  HIGHEST GUST SPEED    21   HIGHEST GUST DIRECTION     S (180)
  AVERAGE WIND SPEED     9.0


SKY COVER
  POSSIBLE SUNSHINE  MM
  AVERAGE SKY COVER 0.7


WEATHER CONDITIONS
 THE FOLLOWING WEATHER WAS RECORDED YESTERDAY.
  RAIN
  LIGHT RAIN
  SNOW
  LIGHT SNOW
  SLEET
  FOG


RELATIVE HUMIDITY (PERCENT)
 HIGHEST    89          1000 PM
 LOWEST     39          1000 AM
 AVERAGE    64

..........................................................


THE KENNEDY NY CLIMATE NORMALS FOR TODAY
                         NORMAL    RECORD    YEAR
 MAXIMUM TEMPERATURE (F)   46        59      1965
 MINIMUM TEMPERATURE (F)   31        12      1950


SUNRISE AND SUNSET
MARCH  4 2015.........SUNRISE   625 AM EST   SUNSET   550 PM EST
MARCH  5 2015.........SUNRISE   623 AM EST   SUNSET   551 PM EST


-  INDICATES NEGATIVE NUMBERS.
R  INDICATES RECORD WAS SET OR TIED.
MM INDICATES DATA IS MISSING.
T  INDICATES TRACE AMOUNT.




$$
