000
CDUS41 KOKX 222147
CLIJFK


CLIMATE REPORT
NATIONAL WEATHER SERVICE NEW YORK NY
447 PM EST WED NOV 22 2017


...................................

...THE KENNEDY NY CLIMATE SUMMARY FOR NOVEMBER 22 2017...
VALID TODAY AS OF 0400 PM LOCAL TIME.

CLIMATE NORMAL PERIOD 1981 TO 2010
CLIMATE RECORD PERIOD 1948 TO 2017


WEATHER ITEM   OBSERVED TIME   RECORD YEAR NORMAL DEPARTURE LAST
                VALUE   (LST)  VALUE       VALUE  FROM      YEAR
                                                  NORMAL
..................................................................
TEMPERATURE (F)
 TODAY
  MAXIMUM         54    939 AM  67    1983  52      2       44
  MINIMUM         47    359 AM  20    1987  39      8       38
  AVERAGE         51                        46      5       41

PRECIPITATION (IN)
  TODAY            0.35          1.50 2011   0.12   0.23      T
  MONTH TO DATE    1.79                      2.36  -0.57     1.58
  SINCE SEP 1      8.20                      9.48  -1.28     7.78
  SINCE JAN 1     41.45                     38.44   3.01    31.05

SNOWFALL (IN)
  TODAY            0.0           0.5  1989   0.1   -0.1       T
  MONTH TO DATE    T                         0.1   -0.1       T
  SINCE OCT 1      T                         0.1   -0.1       T
  SINCE JUL 1      T                         0.1   -0.1       T
  SNOW DEPTH       0

DEGREE DAYS
 HEATING
  TODAY           14                        20     -6       24
  MONTH TO DATE  387                       358     29      295
  SINCE SEP 1    512                       656   -144      509
  SINCE JUL 1    512                       657   -145      509

 COOLING
  TODAY            0                         0      0        0
  MONTH TO DATE    1                         0      1        0
  SINCE SEP 1    251                       144    107      225
  SINCE JAN 1   1174                      1005    169     1362
..................................................................


WIND (MPH)
  HIGHEST WIND SPEED    25   HIGHEST WIND DIRECTION    NW (300)
  HIGHEST GUST SPEED    31   HIGHEST GUST DIRECTION    NW (300)
  AVERAGE WIND SPEED     8.7


SKY COVER
  AVERAGE SKY COVER 0.9


WEATHER CONDITIONS
 THE FOLLOWING WEATHER WAS RECORDED TODAY.
  RAIN
  LIGHT RAIN
  FOG


RELATIVE HUMIDITY (PERCENT)
 HIGHEST   100           700 AM
 LOWEST     56           400 PM
 AVERAGE    78

..........................................................


THE KENNEDY NY CLIMATE NORMALS FOR TOMORROW
                         NORMAL    RECORD    YEAR
 MAXIMUM TEMPERATURE (F)   52        71      1992
 MINIMUM TEMPERATURE (F)   39        25      2008
                                             2000
                                             1972


SUNRISE AND SUNSET
NOVEMBER 22 2017......SUNRISE   650 AM EST   SUNSET   432 PM EST
NOVEMBER 23 2017......SUNRISE   651 AM EST   SUNSET   432 PM EST


-  INDICATES NEGATIVE NUMBERS.
R  INDICATES RECORD WAS SET OR TIED.
MM INDICATES DATA IS MISSING.
T  INDICATES TRACE AMOUNT.




$$
