000
CDUS41 KOKX 240617
CLIJFK


CLIMATE REPORT
NATIONAL WEATHER SERVICE NEW YORK NY
217 AM EDT MON JUL 24 2017


...................................

...THE KENNEDY NY CLIMATE SUMMARY FOR JULY 23 2017...

CLIMATE NORMAL PERIOD 1981 TO 2010
CLIMATE RECORD PERIOD 1948 TO 2017


WEATHER ITEM   OBSERVED TIME   RECORD YEAR NORMAL DEPARTURE LAST
                VALUE   (LST)  VALUE       VALUE  FROM      YEAR
                                                  NORMAL
..................................................................
TEMPERATURE (F)
 YESTERDAY
  MAXIMUM         81    203 PM 102    2011  84     -3       98
  MINIMUM         71    246 AM  59    1992  69      2       77
  AVERAGE         76                        76      0       88

PRECIPITATION (IN)
  YESTERDAY        0.37          1.66 2007   0.13   0.24     0.00
  MONTH TO DATE    3.86                      2.98   0.88     2.31
  SINCE JUN 1      8.06                      6.84   1.22     3.92
  SINCE JAN 1     29.96                     24.18   5.78    18.90

SNOWFALL (IN)
  YESTERDAY        0.0          MM      MM   0.0    0.0      0.0
  MONTH TO DATE    0.0                       0.0    0.0      0.0
  SINCE OCT 1     30.9                      23.8    7.1     41.4
  SINCE JUL 1      0.0                       0.0    0.0      0.0
  SNOW DEPTH       0

DEGREE DAYS
 HEATING
  YESTERDAY        0                         0      0        0
  MONTH TO DATE    0                         0      0        0
  SINCE JUN 1     20                        21     -1        3
  SINCE JUL 1      0                         0      0        0

 COOLING
  YESTERDAY       11                        11      0       23
  MONTH TO DATE  307                       246     61      304
  SINCE JUN 1    513                       429     84      522
  SINCE JAN 1    563                       464     99      573
..................................................................


WIND (MPH)
  HIGHEST WIND SPEED    16   HIGHEST WIND DIRECTION     E (110)
  HIGHEST GUST SPEED    20   HIGHEST GUST DIRECTION     E (110)
  AVERAGE WIND SPEED     7.8


SKY COVER
  POSSIBLE SUNSHINE  MM
  AVERAGE SKY COVER 0.9


WEATHER CONDITIONS
 THE FOLLOWING WEATHER WAS RECORDED YESTERDAY.
  HEAVY RAIN
  RAIN
  LIGHT RAIN
  FOG


RELATIVE HUMIDITY (PERCENT)
 HIGHEST   100           100 AM
 LOWEST     69           200 PM
 AVERAGE    85

..........................................................


THE KENNEDY NY CLIMATE NORMALS FOR TODAY
                         NORMAL    RECORD    YEAR
 MAXIMUM TEMPERATURE (F)   84        97      2010
 MINIMUM TEMPERATURE (F)   69        58      1997
                                             1985


SUNRISE AND SUNSET
JULY 24 2017..........SUNRISE   545 AM EDT   SUNSET   818 PM EDT
JULY 25 2017..........SUNRISE   546 AM EDT   SUNSET   817 PM EDT


-  INDICATES NEGATIVE NUMBERS.
R  INDICATES RECORD WAS SET OR TIED.
MM INDICATES DATA IS MISSING.
T  INDICATES TRACE AMOUNT.




$$
