000
CDUS41 KOKX 042142
CLIJFK


CLIMATE REPORT
NATIONAL WEATHER SERVICE NEW YORK NY
441 PM EST WED MAR 4 2015


...................................

...THE KENNEDY NY CLIMATE SUMMARY FOR MARCH 4 2015...
VALID TODAY AS OF 0400 PM LOCAL TIME.

CLIMATE NORMAL PERIOD 1981 TO 2010
CLIMATE RECORD PERIOD 1949 TO 2015


WEATHER ITEM   OBSERVED TIME   RECORD YEAR NORMAL DEPARTURE LAST
                VALUE   (LST)  VALUE       VALUE  FROM      YEAR
                                                  NORMAL
..................................................................
TEMPERATURE (F)
 TODAY
  MAXIMUM         40    359 PM  59    1965  46     -6       29
  MINIMUM         33    847 AM  12    1950  31      2       13
  AVERAGE         37                        38     -1       21

PRECIPITATION (IN)
  TODAY            0.09          1.14 1977   0.11  -0.02     0.00
  MONTH TO DATE    1.30                      0.44   0.86     0.04
  SINCE MAR 1      1.30                      0.44   0.86     0.04
  SINCE JAN 1      8.96                      6.19   2.77     7.64

SNOWFALL (IN)
  TODAY            0.0           7.0  1960   0.1   -0.1      0.0
  MONTH TO DATE    4.3                       0.7    3.6      0.6
  SINCE OCT 1     35.4                      20.2   15.2     45.5
  SINCE JUL 1     35.4                      20.2   15.2     45.5
  SNOW DEPTH       3

DEGREE DAYS
 HEATING
  TODAY           28                        27      1       44
  MONTH TO DATE  134                       108     26      148
  SINCE MAR 1    134                       108     26      148
  SINCE JUL 1   3826                      3619    207     3855

 COOLING
  TODAY            0                         0      0        0
  MONTH TO DATE    0                         0      0        0
  SINCE MAR 1      0                         0      0        0
  SINCE JAN 1      0                         0      0        0
..................................................................


WIND (MPH)
  HIGHEST WIND SPEED    18   HIGHEST WIND DIRECTION    SW (240)
  HIGHEST GUST SPEED    23   HIGHEST GUST DIRECTION    SW (240)
  AVERAGE WIND SPEED    12.2


SKY COVER
  AVERAGE SKY COVER 1.0


WEATHER CONDITIONS
 THE FOLLOWING WEATHER WAS RECORDED TODAY.
  LIGHT RAIN
  FOG


RELATIVE HUMIDITY (PERCENT)
 HIGHEST    92           900 AM
 LOWEST     85          1200 PM
 AVERAGE    89

..........................................................


THE KENNEDY NY CLIMATE NORMALS FOR TOMORROW
                         NORMAL    RECORD    YEAR
 MAXIMUM TEMPERATURE (F)   46        66      1985
 MINIMUM TEMPERATURE (F)   31        14      1978


SUNRISE AND SUNSET
MARCH  4 2015.........SUNRISE   625 AM EST   SUNSET   550 PM EST
MARCH  5 2015.........SUNRISE   623 AM EST   SUNSET   551 PM EST


-  INDICATES NEGATIVE NUMBERS.
R  INDICATES RECORD WAS SET OR TIED.
MM INDICATES DATA IS MISSING.
T  INDICATES TRACE AMOUNT.




$$
