000
CDUS41 KOKX 240617
CLIJFK


CLIMATE REPORT
NATIONAL WEATHER SERVICE NEW YORK NY
217 AM EDT TUE MAR 24 2015


...................................

...THE KENNEDY NY CLIMATE SUMMARY FOR MARCH 23 2015...

CLIMATE NORMAL PERIOD 1981 TO 2010
CLIMATE RECORD PERIOD 1949 TO 2015


WEATHER ITEM   OBSERVED TIME   RECORD YEAR NORMAL DEPARTURE LAST
                VALUE   (LST)  VALUE       VALUE  FROM      YEAR
                                                  NORMAL
..................................................................
TEMPERATURE (F)
 YESTERDAY
  MAXIMUM         41    219 PM  77    2012  51    -10       46
  MINIMUM         24    619 AM  20    1959  36    -12       28
  AVERAGE         33                        44    -11       37

PRECIPITATION (IN)
  YESTERDAY        0.00          1.13 1961   0.13  -0.13     0.00
  MONTH TO DATE    4.25                      2.73   1.52     0.92
  SINCE MAR 1      4.25                      2.73   1.52     0.92
  SINCE JAN 1     11.91                      8.48   3.43     8.52

SNOWFALL (IN)
  YESTERDAY        0.0           0.9  2011   0.1   -0.1      0.0
  MONTH TO DATE   13.1                       3.0   10.1      0.6
  SINCE OCT 1     44.2                      22.5   21.7     45.5
  SINCE JUL 1     44.2                      22.5   21.7     45.5
  SNOW DEPTH       0

DEGREE DAYS
 HEATING
  YESTERDAY       32                        21     11       28
  MONTH TO DATE  644                       564     80      637
  SINCE MAR 1    644                       564     80      637
  SINCE JUL 1   4336                      4075    261     4344

 COOLING
  YESTERDAY        0                         0      0        0
  MONTH TO DATE    0                         0      0        0
  SINCE MAR 1      0                         0      0        0
  SINCE JAN 1      0                         0      0        0
..................................................................


WIND (MPH)
  HIGHEST WIND SPEED    24   HIGHEST WIND DIRECTION    NW (300)
  HIGHEST GUST SPEED    32   HIGHEST GUST DIRECTION     N (340)
  AVERAGE WIND SPEED    15.4


SKY COVER
  POSSIBLE SUNSHINE  MM
  AVERAGE SKY COVER 0.3


WEATHER CONDITIONS
 THE FOLLOWING WEATHER WAS RECORDED YESTERDAY.
  NO SIGNIFICANT WEATHER WAS OBSERVED.


RELATIVE HUMIDITY (PERCENT)
 HIGHEST    46           500 AM
 LOWEST     17           400 PM
 AVERAGE    32

..........................................................


THE KENNEDY NY CLIMATE NORMALS FOR TODAY
                         NORMAL    RECORD    YEAR
 MAXIMUM TEMPERATURE (F)   51        66      1987
                                             1959
 MINIMUM TEMPERATURE (F)   36        22      2014


SUNRISE AND SUNSET
MARCH 24 2015.........SUNRISE   652 AM EDT   SUNSET   711 PM EDT
MARCH 25 2015.........SUNRISE   651 AM EDT   SUNSET   712 PM EDT


-  INDICATES NEGATIVE NUMBERS.
R  INDICATES RECORD WAS SET OR TIED.
MM INDICATES DATA IS MISSING.
T  INDICATES TRACE AMOUNT.




$$
