000
CDUS41 KOKX 312036
CLIJFK


CLIMATE REPORT
NATIONAL WEATHER SERVICE NEW YORK NY
436 PM EDT SUN MAY 31 2015


...................................

...THE KENNEDY NY CLIMATE SUMMARY FOR MAY 31 2015...
VALID TODAY AS OF 0400 PM LOCAL TIME.

CLIMATE NORMAL PERIOD 1981 TO 2010
CLIMATE RECORD PERIOD 1949 TO 2015


WEATHER ITEM   OBSERVED TIME   RECORD YEAR NORMAL DEPARTURE LAST
                VALUE   (LST)  VALUE       VALUE  FROM      YEAR
                                                  NORMAL
..................................................................
TEMPERATURE (F)
 TODAY
  MAXIMUM         79   1105 AM  92    1988  73      6       72
  MINIMUM         63    507 AM  48    1977  58      5       55
                                      1966
  AVERAGE         71                        65      6       64

PRECIPITATION (IN)
  TODAY            0.00          1.37 1993   0.14  -0.14      T
  MONTH TO DATE    0.44                      3.94  -3.50     3.60
  SINCE MAR 1      6.93                     11.59  -4.66    14.84
  SINCE JAN 1     14.59                     17.34  -2.75    22.44

SNOWFALL (IN)
  TODAY            0.0          MM      MM   0.0    0.0      0.0
  MONTH TO DATE    0.0                       0.0    0.0      0.0
  SINCE OCT 1     44.2                      23.8   20.4     45.6
  SINCE JUL 1     44.2                      23.8   20.4     45.6
  SNOW DEPTH       0

DEGREE DAYS
 HEATING
  TODAY            0                         2     -2        1
  MONTH TO DATE   77                       167    -90      100
  SINCE MAR 1   1279                      1307    -28     1392
  SINCE JUL 1   4971                      4818    153     5099

 COOLING
  TODAY            6                         3      3        0
  MONTH TO DATE   60                        32     28       32
  SINCE MAR 1     60                        35     25       32
  SINCE JAN 1     60                        35     25       32
..................................................................


WIND (MPH)
  HIGHEST WIND SPEED    24   HIGHEST WIND DIRECTION     S (180)
  HIGHEST GUST SPEED    30   HIGHEST GUST DIRECTION     S (180)
  AVERAGE WIND SPEED     9.7


SKY COVER
  AVERAGE SKY COVER 0.7


WEATHER CONDITIONS
 THE FOLLOWING WEATHER WAS RECORDED TODAY.
  NO SIGNIFICANT WEATHER WAS OBSERVED.


RELATIVE HUMIDITY (PERCENT)
 HIGHEST    90           400 AM
 LOWEST     58          1000 AM
 AVERAGE    74

..........................................................


THE KENNEDY NY CLIMATE NORMALS FOR TOMORROW
                         NORMAL    RECORD    YEAR
 MAXIMUM TEMPERATURE (F)   74        93      1989
 MINIMUM TEMPERATURE (F)   58        45      1967


SUNRISE AND SUNSET
MAY 31 2015...........SUNRISE   527 AM EDT   SUNSET   819 PM EDT
JUNE  1 2015..........SUNRISE   527 AM EDT   SUNSET   820 PM EDT


-  INDICATES NEGATIVE NUMBERS.
R  INDICATES RECORD WAS SET OR TIED.
MM INDICATES DATA IS MISSING.
T  INDICATES TRACE AMOUNT.




$$
