000
CDUS41 KOKX 190616
CLIJFK


CLIMATE REPORT
NATIONAL WEATHER SERVICE NEW YORK NY
216 AM EDT FRI SEP 19 2014


...................................

...THE KENNEDY NY CLIMATE SUMMARY FOR SEPTEMBER 18 2014...

CLIMATE NORMAL PERIOD 1981 TO 2010
CLIMATE RECORD PERIOD 1949 TO 2014


WEATHER ITEM   OBSERVED TIME   RECORD YEAR NORMAL DEPARTURE LAST
                VALUE   (LST)  VALUE       VALUE  FROM      YEAR
                                                  NORMAL
..................................................................
TEMPERATURE (F)
 YESTERDAY
  MAXIMUM         78    210 PM  90    1965  75      3       70
  MINIMUM         57    542 AM  46    1961  60     -3       50
  AVERAGE         68                        67      1       60

PRECIPITATION (IN)
  YESTERDAY        0.00          1.58 2012   0.13  -0.13     0.00
  MONTH TO DATE    0.59                      1.98  -1.39     0.43
  SINCE SEP 1      0.59                      1.98  -1.39     0.43
  SINCE JAN 1     34.70                     30.94   3.76    26.62

SNOWFALL (IN)
  YESTERDAY        0.0          MM      MM   0.0    0.0      0.0
  MONTH TO DATE    0.0                       0.0    0.0      0.0
  SINCE OCT 1     45.6                      23.8   21.8     17.6
  SINCE JUL 1      0.0                       0.0    0.0      0.0
  SNOW DEPTH       0

DEGREE DAYS
 HEATING
  YESTERDAY        0                         1     -1        5
  MONTH TO DATE    6                         8     -2       20
  SINCE SEP 1      6                         8     -2       20
  SINCE JUL 1      6                         9     -3       20

 COOLING
  YESTERDAY        3                         4     -1        0
  MONTH TO DATE  133                       103     30      111
  SINCE SEP 1    133                       103     30      111
  SINCE JAN 1    996                       964     32     1070
..................................................................


WIND (MPH)
  HIGHEST WIND SPEED    16   HIGHEST WIND DIRECTION    NE (30)
  HIGHEST GUST SPEED    22   HIGHEST GUST DIRECTION    SE (120)
  AVERAGE WIND SPEED     6.1


SKY COVER
  POSSIBLE SUNSHINE  MM
  AVERAGE SKY COVER 0.3


WEATHER CONDITIONS
 THE FOLLOWING WEATHER WAS RECORDED YESTERDAY.
  NO SIGNIFICANT WEATHER WAS OBSERVED.


RELATIVE HUMIDITY (PERCENT)
 HIGHEST    78          1200 AM
 LOWEST     31           100 PM
 AVERAGE    55

..........................................................


THE KENNEDY NY CLIMATE NORMALS FOR TODAY
                         NORMAL    RECORD    YEAR
 MAXIMUM TEMPERATURE (F)   74        90      1983
 MINIMUM TEMPERATURE (F)   60        47      1959


SUNRISE AND SUNSET
SEPTEMBER 19 2014.....SUNRISE   640 AM EDT   SUNSET   657 PM EDT
SEPTEMBER 20 2014.....SUNRISE   641 AM EDT   SUNSET   656 PM EDT


-  INDICATES NEGATIVE NUMBERS.
R  INDICATES RECORD WAS SET OR TIED.
MM INDICATES DATA IS MISSING.
T  INDICATES TRACE AMOUNT.




$$
