000
CDUS41 KOKX 130618
CLIJFK


CLIMATE REPORT
NATIONAL WEATHER SERVICE NEW YORK NY
118 AM EST SAT FEB 13 2016


...................................

...THE KENNEDY NY CLIMATE SUMMARY FOR FEBRUARY 12 2016...

CLIMATE NORMAL PERIOD 1981 TO 2010
CLIMATE RECORD PERIOD 1949 TO 2016


WEATHER ITEM   OBSERVED TIME   RECORD YEAR NORMAL DEPARTURE LAST
                VALUE   (LST)  VALUE       VALUE  FROM      YEAR
                                                  NORMAL
..................................................................
TEMPERATURE (F)
 YESTERDAY
  MAXIMUM         26    701 PM  58    1966  41    -15       40
  MINIMUM         17    717 AM   4    1979  28    -11       18
  AVERAGE         22                        34    -12       29

PRECIPITATION (IN)
  YESTERDAY        T             1.52 1988   0.09  -0.09      T
  MONTH TO DATE    1.42                      1.06   0.36     1.35
  SINCE DEC 1     10.80                      7.61   3.19    13.70
  SINCE JAN 1      6.01                      4.22   1.79     6.66

SNOWFALL (IN)
  YESTERDAY        T            15.0  2006   0.3   -0.3       T
  MONTH TO DATE    6.4                       3.6    2.8      4.7
  SINCE OCT 1     37.8                      14.8   23.0     22.2
  SINCE JUL 1     37.8                      14.8   23.0     22.2
  SNOW DEPTH       0

DEGREE DAYS
 HEATING
  YESTERDAY       43                        31     12       36
  MONTH TO DATE  333                       377    -44      442
  SINCE DEC 1   1710                      2223   -513     2222
  SINCE JUL 1   2301                      3047   -746     3006

 COOLING
  YESTERDAY        0                         0      0        0
  MONTH TO DATE    0                         0      0        0
  SINCE DEC 1      0                         0      0        0
  SINCE JAN 1      0                         0      0        0
..................................................................


WIND (MPH)
  HIGHEST WIND SPEED    26   HIGHEST WIND DIRECTION    NW (310)
  HIGHEST GUST SPEED    33   HIGHEST GUST DIRECTION    NW (300)
  AVERAGE WIND SPEED    11.8


SKY COVER
  POSSIBLE SUNSHINE  MM
  AVERAGE SKY COVER 0.6


WEATHER CONDITIONS
 THE FOLLOWING WEATHER WAS RECORDED YESTERDAY.
  LIGHT SNOW


RELATIVE HUMIDITY (PERCENT)
 HIGHEST    50          1100 PM
 LOWEST     36          1200 PM
 AVERAGE    43

..........................................................


THE KENNEDY NY CLIMATE NORMALS FOR TODAY
                         NORMAL    RECORD    YEAR
 MAXIMUM TEMPERATURE (F)   41        54      1949
 MINIMUM TEMPERATURE (F)   28         0      1967


SUNRISE AND SUNSET
FEBRUARY 13 2016......SUNRISE   652 AM EST   SUNSET   527 PM EST
FEBRUARY 14 2016......SUNRISE   651 AM EST   SUNSET   528 PM EST


-  INDICATES NEGATIVE NUMBERS.
R  INDICATES RECORD WAS SET OR TIED.
MM INDICATES DATA IS MISSING.
T  INDICATES TRACE AMOUNT.




$$
