000
CDUS41 KOKX 230616
CLIJFK


CLIMATE REPORT
NATIONAL WEATHER SERVICE NEW YORK NY
116 AM EST THU FEB 23 2017


...................................

...THE KENNEDY NY CLIMATE SUMMARY FOR FEBRUARY 22 2017...

CLIMATE NORMAL PERIOD 1981 TO 2010
CLIMATE RECORD PERIOD 1948 TO 2017


WEATHER ITEM   OBSERVED TIME   RECORD YEAR NORMAL DEPARTURE LAST
                VALUE   (LST)  VALUE       VALUE  FROM      YEAR
                                                  NORMAL
..................................................................
TEMPERATURE (F)
 YESTERDAY
  MAXIMUM         51        MM  64    1991  43      8       50
  MINIMUM         39        MM   9    1968  29     10       35
  AVERAGE         45                        36      9       43

PRECIPITATION (IN)
  YESTERDAY        0.00          1.59 2003   0.10  -0.10     0.00
  MONTH TO DATE    1.24                      1.98  -0.74     2.61
  SINCE DEC 1      8.94                      8.53   0.41    11.99
  SINCE JAN 1      5.88                      5.14   0.74     7.20

SNOWFALL (IN)
  YESTERDAY        0.0           6.9  2008   0.3   -0.3      0.0
  MONTH TO DATE    8.4                       6.7    1.7      8.1
  SINCE OCT 1     23.4                      17.9    5.5     39.5
  SINCE JUL 1     23.4                      17.9    5.5     39.5
  SNOW DEPTH       0

DEGREE DAYS
 HEATING
  YESTERDAY       20                        29     -9       22
  MONTH TO DATE  586                       673    -87      636
  SINCE DEC 1   2180                      2519   -339     2013
  SINCE JUL 1   2820                      3343   -523     2604

 COOLING
  YESTERDAY        0                         0      0        0
  MONTH TO DATE    0                         0      0        0
  SINCE DEC 1      0                         0      0        0
  SINCE JAN 1      0                         0      0        0
..................................................................


WIND (MPH)
  HIGHEST WIND SPEED    10   HIGHEST WIND DIRECTION     S (170)
  HIGHEST GUST SPEED    MM   HIGHEST GUST DIRECTION    MM
  AVERAGE WIND SPEED     5.8


SKY COVER
  POSSIBLE SUNSHINE  MM
  AVERAGE SKY COVER 0.9


WEATHER CONDITIONS
 THE FOLLOWING WEATHER WAS RECORDED YESTERDAY.
  NO SIGNIFICANT WEATHER WAS OBSERVED.


RELATIVE HUMIDITY (PERCENT)
 HIGHEST   100          1000 PM
 LOWEST     66           200 PM
 AVERAGE    83

..........................................................


THE KENNEDY NY CLIMATE NORMALS FOR TODAY
                         NORMAL    RECORD    YEAR
 MAXIMUM TEMPERATURE (F)   43        62      1990
 MINIMUM TEMPERATURE (F)   29         9      2015


SUNRISE AND SUNSET
FEBRUARY 23 2017......SUNRISE   638 AM EST   SUNSET   540 PM EST
FEBRUARY 24 2017......SUNRISE   636 AM EST   SUNSET   541 PM EST


-  INDICATES NEGATIVE NUMBERS.
R  INDICATES RECORD WAS SET OR TIED.
MM INDICATES DATA IS MISSING.
T  INDICATES TRACE AMOUNT.




$$
