000
CDUS41 KOKX 010616
CLIJFK


CLIMATE REPORT
NATIONAL WEATHER SERVICE NEW YORK NY
216 AM EDT FRI AUG 1 2014


...................................

...THE KENNEDY NY CLIMATE SUMMARY FOR JULY 31 2014...

CLIMATE NORMAL PERIOD 1981 TO 2010
CLIMATE RECORD PERIOD 1949 TO 2014


WEATHER ITEM   OBSERVED TIME   RECORD YEAR NORMAL DEPARTURE LAST
                VALUE   (LST)  VALUE       VALUE  FROM      YEAR
                                                  NORMAL
..................................................................
TEMPERATURE (F)
 YESTERDAY
  MAXIMUM         82   1217 PM  95    2002  83     -1       82
  MINIMUM         65    454 AM  58    1964  69     -4       68
  AVERAGE         74                        76     -2       75

PRECIPITATION (IN)
  YESTERDAY        0.00          3.51 1996   0.14  -0.14     0.00
  MONTH TO DATE    4.83                      4.08   0.75     2.26
  SINCE JUN 1      7.44                      7.94  -0.50    10.21
  SINCE JAN 1     29.88                     25.28   4.60    23.46

SNOWFALL (IN)
  YESTERDAY        0.0          MM      MM   0.0    0.0      0.0
  MONTH TO DATE    0.0                       0.0    0.0      0.0
  SINCE OCT 1     45.6                      23.8   21.8     17.6
  SINCE JUL 1      0.0                       0.0    0.0      0.0
  SNOW DEPTH       0

DEGREE DAYS
 HEATING
  YESTERDAY        0                         0      0        0
  MONTH TO DATE    0                         0      0        0
  SINCE JUN 1      0                        21    -21       10
  SINCE JUL 1      0                         0      0        0

 COOLING
  YESTERDAY        9                        11     -2       10
  MONTH TO DATE  333                       337     -4      455
  SINCE JUN 1    541                       520     21      635
  SINCE JAN 1    573                       555     18      661
..................................................................


WIND (MPH)
  HIGHEST WIND SPEED    23   HIGHEST WIND DIRECTION     S (180)
  HIGHEST GUST SPEED    28   HIGHEST GUST DIRECTION     S (180)
  AVERAGE WIND SPEED    11.8


SKY COVER
  POSSIBLE SUNSHINE  MM
  AVERAGE SKY COVER 0.5


WEATHER CONDITIONS
 THE FOLLOWING WEATHER WAS RECORDED YESTERDAY.
  NO SIGNIFICANT WEATHER WAS OBSERVED.


RELATIVE HUMIDITY (PERCENT)
 HIGHEST    84          1000 PM
 LOWEST     45          1000 AM
 AVERAGE    65

..........................................................


THE KENNEDY NY CLIMATE NORMALS FOR TODAY
                         NORMAL    RECORD    YEAR
 MAXIMUM TEMPERATURE (F)   83        97      2006
                                             1999
 MINIMUM TEMPERATURE (F)   69        60      1964


SUNRISE AND SUNSET
AUGUST  1 2014........SUNRISE   552 AM EDT   SUNSET   810 PM EDT
AUGUST  2 2014........SUNRISE   553 AM EDT   SUNSET   809 PM EDT


-  INDICATES NEGATIVE NUMBERS.
R  INDICATES RECORD WAS SET OR TIED.
MM INDICATES DATA IS MISSING.
T  INDICATES TRACE AMOUNT.




$$
