000
CDUS41 KOKX 050720
CLIJFK


CLIMATE REPORT
NATIONAL WEATHER SERVICE NEW YORK NY
320 AM EDT SAT SEP 5 2015


...................................

...THE KENNEDY NY CLIMATE SUMMARY FOR SEPTEMBER 4 2015...

CLIMATE NORMAL PERIOD 1981 TO 2010
CLIMATE RECORD PERIOD 1949 TO 2015


WEATHER ITEM   OBSERVED TIME   RECORD YEAR NORMAL DEPARTURE LAST
                VALUE   (LST)  VALUE       VALUE  FROM      YEAR
                                                  NORMAL
..................................................................
TEMPERATURE (F)
 YESTERDAY
  MAXIMUM         85    928 AM  93    1985  79      6       85
  MINIMUM         70   1159 PM  53    1997  65      5       68
                                      1965
  AVERAGE         78                        72      6       77

PRECIPITATION (IN)
  YESTERDAY        0.00          1.87 1969   0.11  -0.11     0.00
  MONTH TO DATE    0.00                      0.44  -0.44      T
  SINCE SEP 1      0.00                      0.44  -0.44      T
  SINCE JAN 1     25.54                     29.40  -3.86    34.11

SNOWFALL (IN)
  YESTERDAY        0.0          MM      MM   0.0    0.0      0.0
  MONTH TO DATE    0.0                       0.0    0.0      0.0
  SINCE OCT 1     44.2                      23.8   20.4     45.6
  SINCE JUL 1      0.0                       0.0    0.0      0.0
  SNOW DEPTH       0

DEGREE DAYS
 HEATING
  YESTERDAY        0                         0      0        0
  MONTH TO DATE    0                         0      0        0
  SINCE SEP 1      0                         0      0        0
  SINCE JUL 1      0                         1     -1        0

 COOLING
  YESTERDAY       13                         7      6       12
  MONTH TO DATE   60                        29     31       60
  SINCE SEP 1     60                        29     31       60
  SINCE JAN 1   1193                       890    303      923
..................................................................


WIND (MPH)
  HIGHEST WIND SPEED    18   HIGHEST WIND DIRECTION     E (100)
  HIGHEST GUST SPEED    23   HIGHEST GUST DIRECTION     E (100)
  AVERAGE WIND SPEED    10.9


SKY COVER
  POSSIBLE SUNSHINE  MM
  AVERAGE SKY COVER 0.5


WEATHER CONDITIONS
 THE FOLLOWING WEATHER WAS RECORDED YESTERDAY.
  HAZE


RELATIVE HUMIDITY (PERCENT)
 HIGHEST    82           300 AM
 LOWEST     58           900 AM
 AVERAGE    70

..........................................................


THE KENNEDY NY CLIMATE NORMALS FOR TODAY
                         NORMAL    RECORD    YEAR
 MAXIMUM TEMPERATURE (F)   79        94      1961
 MINIMUM TEMPERATURE (F)   64        52      1989


SUNRISE AND SUNSET
SEPTEMBER  5 2015.....SUNRISE   626 AM EDT   SUNSET   721 PM EDT
SEPTEMBER  6 2015.....SUNRISE   627 AM EDT   SUNSET   720 PM EDT


-  INDICATES NEGATIVE NUMBERS.
R  INDICATES RECORD WAS SET OR TIED.
MM INDICATES DATA IS MISSING.
T  INDICATES TRACE AMOUNT.




$$
