754
CDUS41 KOKX 220616
CLIJFK


CLIMATE REPORT
NATIONAL WEATHER SERVICE NEW YORK NY
215 AM EDT TUE AUG 22 2017


...................................

...THE KENNEDY NY CLIMATE SUMMARY FOR AUGUST 21 2017...

CLIMATE NORMAL PERIOD 1981 TO 2010
CLIMATE RECORD PERIOD 1948 TO 2017


WEATHER ITEM   OBSERVED TIME   RECORD YEAR NORMAL DEPARTURE LAST
                VALUE   (LST)  VALUE       VALUE  FROM      YEAR
                                                  NORMAL
..................................................................
TEMPERATURE (F)
 YESTERDAY
  MAXIMUM         87   1134 AM  91    2005  82      5       84
                                      1968
  MINIMUM         70    429 AM  50    1977  68      2       76
  AVERAGE         79                        74      5       80

PRECIPITATION (IN)
  YESTERDAY        0.00          2.48 2015   0.11  -0.11     0.26
  MONTH TO DATE    1.65                      2.60  -0.95     0.62
  SINCE JUN 1     10.50                     10.54  -0.04     8.29
  SINCE JAN 1     32.40                     27.88   4.52    23.27

SNOWFALL (IN)
  YESTERDAY        0.0          MM      MM   0.0    0.0      0.0
  MONTH TO DATE    0.0                       0.0    0.0      0.0
  SINCE OCT 1     30.9                      23.8    7.1     41.4
  SINCE JUL 1      0.0                       0.0    0.0      0.0
  SNOW DEPTH       0

DEGREE DAYS
 HEATING
  YESTERDAY        0                         0      0        0
  MONTH TO DATE    0                         0      0        0
  SINCE JUN 1     20                        21     -1        3
  SINCE JUL 1      0                         0      0        0

 COOLING
  YESTERDAY       14                        10      4       15
  MONTH TO DATE  228                       221      7      310
  SINCE JUN 1    797                       741     56      956
  SINCE JAN 1    847                       776     71     1007
..................................................................


WIND (MPH)
  HIGHEST WIND SPEED    23   HIGHEST WIND DIRECTION     S (180)
  HIGHEST GUST SPEED    27   HIGHEST GUST DIRECTION     S (180)
  AVERAGE WIND SPEED    10.3


SKY COVER
  POSSIBLE SUNSHINE  MM
  AVERAGE SKY COVER 0.5


WEATHER CONDITIONS
 THE FOLLOWING WEATHER WAS RECORDED YESTERDAY.
  NO SIGNIFICANT WEATHER WAS OBSERVED.


RELATIVE HUMIDITY (PERCENT)
 HIGHEST    90           300 AM
 LOWEST     51          1200 PM
 AVERAGE    71

..........................................................


THE KENNEDY NY CLIMATE NORMALS FOR TODAY
                         NORMAL    RECORD    YEAR
 MAXIMUM TEMPERATURE (F)   81        93      1976
 MINIMUM TEMPERATURE (F)   67        56      1982


SUNRISE AND SUNSET
AUGUST 22 2017........SUNRISE   613 AM EDT   SUNSET   742 PM EDT
AUGUST 23 2017........SUNRISE   614 AM EDT   SUNSET   741 PM EDT


-  INDICATES NEGATIVE NUMBERS.
R  INDICATES RECORD WAS SET OR TIED.
MM INDICATES DATA IS MISSING.
T  INDICATES TRACE AMOUNT.




$$
