000
CDUS41 KOKX 280641
CLIJFK


CLIMATE REPORT
NATIONAL WEATHER SERVICE NEW YORK NY
241 AM EDT TUE JUL 28 2015


...................................

...THE KENNEDY NY CLIMATE SUMMARY FOR JULY 27 2015...

CLIMATE NORMAL PERIOD 1981 TO 2010
CLIMATE RECORD PERIOD 1949 TO 2015


WEATHER ITEM   OBSERVED TIME   RECORD YEAR NORMAL DEPARTURE LAST
                VALUE   (LST)  VALUE       VALUE  FROM      YEAR
                                                  NORMAL
..................................................................
TEMPERATURE (F)
 YESTERDAY
  MAXIMUM         85    149 PM  97    1963  83      2       84
  MINIMUM         75   1159 PM  59    2001  69      6       71
  AVERAGE         80                        76      4       78

PRECIPITATION (IN)
  YESTERDAY        T             2.51 2004   0.13  -0.13     0.01
  MONTH TO DATE    1.34                      3.51  -2.17     4.32
  SINCE JUN 1      6.33                      7.37  -1.04     6.93
  SINCE JAN 1     20.94                     24.71  -3.77    29.37

SNOWFALL (IN)
  YESTERDAY        0.0          MM      MM   0.0    0.0      0.0
  MONTH TO DATE    0.0                       0.0    0.0      0.0
  SINCE OCT 1     44.2                      23.8   20.4     45.6
  SINCE JUL 1      0.0                       0.0    0.0      0.0
  SNOW DEPTH       0

DEGREE DAYS
 HEATING
  YESTERDAY        0                         0      0        0
  MONTH TO DATE    0                         0      0        0
  SINCE JUN 1     29                        21      8        0
  SINCE JUL 1      0                         0      0        0

 COOLING
  YESTERDAY       15                        11      4       13
  MONTH TO DATE  353                       290     63      298
  SINCE JUN 1    578                       473    105      506
  SINCE JAN 1    638                       508    130      538
..................................................................


WIND (MPH)
  HIGHEST WIND SPEED    16   HIGHEST WIND DIRECTION     S (180)
  HIGHEST GUST SPEED    21   HIGHEST GUST DIRECTION     S (160)
  AVERAGE WIND SPEED     9.2


SKY COVER
  POSSIBLE SUNSHINE  MM
  AVERAGE SKY COVER 0.7


WEATHER CONDITIONS
 THE FOLLOWING WEATHER WAS RECORDED YESTERDAY.
  LIGHT RAIN


RELATIVE HUMIDITY (PERCENT)
 HIGHEST    82          1000 PM
 LOWEST     55           200 PM
 AVERAGE    69

..........................................................


THE KENNEDY NY CLIMATE NORMALS FOR TODAY
                         NORMAL    RECORD    YEAR
 MAXIMUM TEMPERATURE (F)   83        98      1949
 MINIMUM TEMPERATURE (F)   69        57      1977


SUNRISE AND SUNSET
JULY 28 2015..........SUNRISE   548 AM EDT   SUNSET   815 PM EDT
JULY 29 2015..........SUNRISE   549 AM EDT   SUNSET   814 PM EDT


-  INDICATES NEGATIVE NUMBERS.
R  INDICATES RECORD WAS SET OR TIED.
MM INDICATES DATA IS MISSING.
T  INDICATES TRACE AMOUNT.




$$
