000
CDUS41 KOKX 270618
CLIJFK


CLIMATE REPORT
NATIONAL WEATHER SERVICE NEW YORK NY
217 AM EDT FRI MAR 27 2015


...................................

...THE KENNEDY NY CLIMATE SUMMARY FOR MARCH 26 2015...

CLIMATE NORMAL PERIOD 1981 TO 2010
CLIMATE RECORD PERIOD 1949 TO 2015


WEATHER ITEM   OBSERVED TIME   RECORD YEAR NORMAL DEPARTURE LAST
                VALUE   (LST)  VALUE       VALUE  FROM      YEAR
                                                  NORMAL
..................................................................
TEMPERATURE (F)
 YESTERDAY
  MAXIMUM         54    419 PM  65    2000  52      2       39
                                      1987
                                      1976
  MINIMUM         41    543 AM   4    1960  37      4       25
  AVERAGE         48                        44      4       32

PRECIPITATION (IN)
  YESTERDAY        0.25          1.47 1973   0.13   0.12      T
  MONTH TO DATE    4.62                      3.12   1.50     0.92
  SINCE MAR 1      4.62                      3.12   1.50     0.92
  SINCE JAN 1     12.28                      8.87   3.41     8.52

SNOWFALL (IN)
  YESTERDAY        0.0           1.7  2001   0.1   -0.1       T
  MONTH TO DATE   13.1                       3.2    9.9      0.6
  SINCE OCT 1     44.2                      22.7   21.5     45.5
  SINCE JUL 1     44.2                      22.7   21.5     45.5
  SNOW DEPTH       0

DEGREE DAYS
 HEATING
  YESTERDAY       17                        20     -3       33
  MONTH TO DATE  718                       626     92      740
  SINCE MAR 1    718                       626     92      740
  SINCE JUL 1   4410                      4137    273     4447

 COOLING
  YESTERDAY        0                         0      0        0
  MONTH TO DATE    0                         0      0        0
  SINCE MAR 1      0                         0      0        0
  SINCE JAN 1      0                         0      0        0
..................................................................


WIND (MPH)
  HIGHEST WIND SPEED    28   HIGHEST WIND DIRECTION     S (180)
  HIGHEST GUST SPEED    37   HIGHEST GUST DIRECTION     S (190)
  AVERAGE WIND SPEED     9.3


SKY COVER
  POSSIBLE SUNSHINE  MM
  AVERAGE SKY COVER 1.0


WEATHER CONDITIONS
 THE FOLLOWING WEATHER WAS RECORDED YESTERDAY.
  HEAVY RAIN
  LIGHT RAIN
  FOG
  FOG W/VISIBILITY <= 1/4 MILE


RELATIVE HUMIDITY (PERCENT)
 HIGHEST   100           900 PM
 LOWEST     86          1000 AM
 AVERAGE    93

..........................................................


THE KENNEDY NY CLIMATE NORMALS FOR TODAY
                         NORMAL    RECORD    YEAR
 MAXIMUM TEMPERATURE (F)   52        80      1998
 MINIMUM TEMPERATURE (F)   37        23      2014


SUNRISE AND SUNSET
MARCH 27 2015.........SUNRISE   647 AM EDT   SUNSET   714 PM EDT
MARCH 28 2015.........SUNRISE   646 AM EDT   SUNSET   715 PM EDT


-  INDICATES NEGATIVE NUMBERS.
R  INDICATES RECORD WAS SET OR TIED.
MM INDICATES DATA IS MISSING.
T  INDICATES TRACE AMOUNT.




$$
