000
CXUS51 KOKX 020044
CLSJFK

CLIMATE REPORT
NATIONAL WEATHER SERVICE NEW YORK NY
844 PM EDT THU SEP 1 2016

...................................

...THE KENNEDY NY CLIMATE SUMMARY FOR THE SEASON, FROM
6/1/2016 TO 8/31/2016...

CLIMATE NORMAL PERIOD 1981 TO 2010
CLIMATE RECORD PERIOD 1948 TO 2016

WEATHER         OBSERVED          NORMAL  DEPART  LAST YEAR`S
                 VALUE   DATE(S)  VALUE   FROM    VALUE
                                          NORMAL
.............................................................
TEMPERATURE (F)
RECORD
 HIGH             104   07/03/1966
 LOW               45   06/02/1967
                        06/01/1967
HIGHEST            98   07/23        MM      MM
LOWEST             54   06/08        MM      MM
AVG. MAXIMUM     83.8              81.1     2.7
AVG. MINIMUM     69.2              66.4     2.8
MEAN             76.5              73.7     2.8
DAYS MAX >= 90     14               8.0     6.0
DAYS MAX <= 32      0               0.0     0.0
DAYS MIN <= 32      0               0.0     0.0
DAYS MIN <= 0       0               0.0     0.0

PRECIPITATION (INCHES)
RECORD
 MAXIMUM        22.04   2011
 MINIMUM         3.89   1966
TOTALS           8.29             11.62   -3.33    10.93
DAILY AVG.       0.09              0.13   -0.04
DAYS >= .01        28              28.8    -0.8
DAYS >= .10        15              18.2    -3.2
DAYS >= .50         5               7.5    -2.5
DAYS >= 1.00        1               3.4    -2.4
GREATEST
 24 HR. TOTAL    2.47   MM
 STORM TOTAL       MM
 (MM/DD(HH))            MM

SNOWFALL (INCHES)
RECORDS
 TOTAL              T   2009
                        1997
                        1949
 24 HR TOTAL       MM
TOTALS            0.0               0.0     0.0
 LIQUID EQUIV    0.00              0.00    0.00
SINCE 7/1         0.0               0.0     0.0
 LIQUID 7/1      0.00
DAYS >= TRACE       0               0.0     0.0
DAYS >= 1.0         0               0.0     0.0
GREATEST
 SNOW DEPTH         0   MM
 24 HR TOTAL      0.0   MM
 STORM TOTAL       MM
 (MM/DD(HH))            MM

DEGREE_DAYS
HEATING TOTAL       3                22     -19
 SINCE 7/1          0                 1      -1
COOLING TOTAL    1086               826     260
 SINCE 1/1       1137               861     276
..............................................................

WIND (MPH)
AVERAGE WIND SPEED              10.3
HIGHEST WIND SPEED/DIRECTION    35/270    DATE  07/18
HIGHEST GUST SPEED/DIRECTION    45/340    DATE  06/12

SKY COVER
POSSIBLE SUNSHINE (PERCENT)   MM
AVERAGE SKY COVER           0.60
NUMBER OF DAYS FAIR           14
NUMBER OF DAYS PC             62
NUMBER OF DAYS CLOUDY         16

AVERAGE RH (PERCENT)     67

WEATHER CONDITIONS. NUMBER OF DAYS WITH
THUNDERSTORM              0     MIXED PRECIP               0
HEAVY RAIN                8     RAIN                      11
LIGHT RAIN               35     FREEZING RAIN              0
LT FREEZING RAIN          0     HAIL                       0
HEAVY SNOW                0     SNOW                       0
LIGHT SNOW                0     SLEET                      0
FOG                      23     FOG W/VIS <= 1/4 MILE      3
HAZE                      6

-  INDICATES NEGATIVE NUMBERS.
R  INDICATES RECORD WAS SET OR TIED.
MM INDICATES DATA IS MISSING.
T  INDICATES TRACE AMOUNT.

$$
