000
CXUS51 KOKX 021230
CLSJFK
NYCCLSJFK 000
TTAA00 OKX 021229
CLIMATE REPORT
NATIONAL WEATHER SERVICE NEW YORK, NY
720 AM EST SAT MAR 02 2024
...................................
...THE KENNEDY NY CLIMATE SUMMARY FOR THE SEASON, FROM
12/1/2023 TO 2/29/2024...
CLIMATE NORMAL PERIOD 1991 TO 2020
CLIMATE RECORD PERIOD 1948 TO 2024
WEATHER OBSERVED NORMAL DEPART LAST YEAR`S
VALUE DATE(S) VALUE FROM VALUE
NORMAL
..............................................................
TEMPERATURE (F)
RECORD
HIGH 75 12/07/1998
LOW -2 01/21/1985
02/08/1963
HIGHEST 59 12/18 MM MM
LOWEST 18 01/17 MM MM
01/20
AVG. MAXIMUM 44.6 41.9 2.7
AVG. MINIMUM 33.0 28.5 4.5
MEAN 38.8 35.2 3.6
DAYS MAX >= 90 0 0.0 0.0
DAYS MAX <= 32 5 13.2 -8.2
DAYS MIN <= 32 43 56.8 -13.8
DAYS MIN <= 0 0 0.0 0.0
PRECIPITATION (INCHES)
RECORD
MAXIMUM 18.20 1979
MINIMUM 4.34 2002
TOTALS 15.15 9.95 5.20 8.62
DAILY AVG. 0.17 NAN NAN
DAYS >= .01 32 31.7 0.3
DAYS >= .10 21 19.2 1.8
DAYS >= .50 11 7.1 3.9
DAYS >= 1.00 5 2.3 2.7
GREATEST
24 HR. TOTAL 2.97
STORM TOTAL 2.38
(MM/DD(HH))
SNOWFALL (INCHES)
RECORDS
TOTAL 58.5 1961
24 HR TOTAL 1.5 MM
TOTALS 12.8 20.6 -7.8
LIQUID EQUIV 1.30 2.00 -0.70
SINCE 7/1 12.8 21.0 -8.2
LIQUID 7/1 1.28
DAYS >= TRACE 15 11.0 4.0
DAYS >= 1.0 3 4.5 -1.5
GREATEST
SNOW DEPTH 6 02/17
24 HR TOTAL MM
STORM TOTAL 6.2
(MM/DD(HH))
DEGREE DAYS
HEATING TOTAL 2361 2678 -317
SINCE 7/1 3163 3567 -404
COOLING TOTAL 0 0 0
SINCE 1/1 0 0 0
..............................................................
WIND (MPH)
AVERAGE WIND SPEED 11.6
HIGHEST WIND SPEED/DIRECTION 41/290 DATE 02/28
HIGHEST GUST SPEED/DIRECTION 57/300 DATE 02/28
SKY COVER
POSSIBLE SUNSHINE (PERCENT) MM
AVERAGE SKY COVER 0.64
NUMBER OF DAYS FAIR 20
NUMBER OF DAYS PC 27
NUMBER OF DAYS CLOUDY 44
AVERAGE RH (PERCENT) 69
WEATHER CONDITIONS. NUMBER OF DAYS WITH
THUNDERSTORM 1 MIXED PRECIP 0
HEAVY RAIN 7 RAIN 16
LIGHT RAIN 29 FREEZING RAIN 0
LT FREEZING RAIN 1 HAIL 0
HEAVY SNOW 0 SNOW 2
LIGHT SNOW 14 SLEET 3
FOG 38 FOG W/VIS <= 1/4 MILE 11
HAZE 3
- INDICATES NEGATIVE NUMBERS.
R INDICATES RECORD WAS SET OR TIED.
MM INDICATES DATA IS MISSING.
T INDICATES TRACE AMOUNT.
$$