000
CXUS51 KOKX 011648
CLSJFK

CLIMATE REPORT
NATIONAL WEATHER SERVICE NEW YORK NY
1148 AM EST FRI MAR 1 2013


...THE KENNEDY NY CLIMATE SUMMARY FOR THE SEASON, FROM
12/1/2012 TO 2/28/2013...

CLIMATE NORMAL PERIOD 1981 TO 2010
CLIMATE RECORD PERIOD 1949 TO 2013

WEATHER         OBSERVED          NORMAL  DEPART  LAST YEAR`S
                 VALUE   DATE(S)  VALUE   FROM    VALUE
                                          NORMAL
.............................................................
TEMPERATURE (F)
RECORD
 HIGH              75   12/07/1998
 LOW               -2   01/21/1985
HIGHEST            62   12/03        MM      MM
LOWEST             12   01/23        MM      MM
AVG. MAXIMUM     43.1              41.6     1.5
AVG. MINIMUM     30.8              28.6     2.2
MEAN             36.9              35.1     1.8
DAYS MAX >= 90      0               0.0     0.0
DAYS MAX <= 32     10              13.4    -3.4
DAYS MIN <= 32     53              56.9    -3.9
DAYS MIN <= 0       0               0.0     0.0

PRECIPITATION (INCHES)
RECORD
 MAXIMUM        13.94   2010
 MINIMUM         6.37   2007
TOTALS          10.06              9.14    0.92     6.58
DAILY AVG.       0.11              0.10    0.01
DAYS >= .01        40              30.7     9.3
DAYS >= .10        23              17.9     5.1
DAYS >= .50         8               6.2     1.8
DAYS >= 1.00        0               2.0    -2.0
GREATEST
 24 HR. TOTAL    1.48   MM
 STORM TOTAL       MM
 (MM/DD(HH))            MM

SNOWFALL (INCHES)
RECORDS
 TOTAL           47.2   2010
 24 HR TOTAL     10.9   MM
TOTALS            8.9              19.3   -10.4
 LIQUID EQUIV    0.89              1.90   -1.01
SINCE 7/1        13.2              19.5    -6.3
 LIQUID 7/1      1.32
DAYS >= TRACE      24              10.8    13.2
DAYS >= 1.0         2               4.1    -2.1
GREATEST
 SNOW DEPTH         6   02/09
 24 HR TOTAL      3.5   MM
 STORM TOTAL       MM
 (MM/DD(HH))            MM

DEGREE_DAYS
HEATING TOTAL    2491              2687    -196
 SINCE 7/1         MM              3511      MM
COOLING TOTAL       0                 0       0
 SINCE 1/1          0                 0       0
..............................................................

WIND (MPH)
AVERAGE WIND SPEED              12.3
HIGHEST WIND SPEED/DIRECTION    44/270    DATE  01/31
HIGHEST GUST SPEED/DIRECTION    75/260    DATE  02/24

SKY COVER
POSSIBLE SUNSHINE (PERCENT)   MM
AVERAGE SKY COVER           0.70
NUMBER OF DAYS FAIR           10
NUMBER OF DAYS PC             36
NUMBER OF DAYS CLOUDY         44

AVERAGE RH (PERCENT)     65

WEATHER CONDITIONS. NUMBER OF DAYS WITH
THUNDERSTORM              0     MIXED PRECIP               1
HEAVY RAIN                8     RAIN                      19
LIGHT RAIN               41     FREEZING RAIN              0
LT FREEZING RAIN          1     HAIL                       1
HEAVY SNOW                0     SNOW                       4
LIGHT SNOW               22     SLEET                      5
FOG                      46     FOG W/VIS <= 1/4 MILE     11
HAZE                      8

-  INDICATES NEGATIVE NUMBERS.
R  INDICATES RECORD WAS SET OR TIED.
MM INDICATES DATA IS MISSING.
T  INDICATES TRACE AMOUNT.

$$
