000
CXUS51 KOKX 011745
CLSJFK

CLIMATE REPORT
NATIONAL WEATHER SERVICE NEW YORK NY
1244 PM EST THU MAR 1 2012

...THE KENNEDY NY CLIMATE SUMMARY FOR THE SEASON, FROM
12/1/2011 TO 2/29/2012...

CLIMATE NORMAL PERIOD 1981 TO 2010
CLIMATE RECORD PERIOD 1949 TO 2012

WEATHER         OBSERVED          NORMAL  DEPART  LAST YEAR`S
                 VALUE   DATE(S)  VALUE   FROM    VALUE
                                          NORMAL
.............................................................
TEMPERATURE (F)
RECORD
 HIGH              75   12/07/1998
 LOW               -2   01/21/1985
                        02/08/1963
HIGHEST            64   02/01        MM      MM
LOWEST             13   01/04        MM      MM
AVG. MAXIMUM     47.3              41.6     5.7
AVG. MINIMUM     32.7              28.6     4.1
MEAN             40.0              35.1     4.9
DAYS MAX >= 90      0               0.0     0.0
DAYS MAX <= 32      4              13.4    -9.4
DAYS MIN <= 32     40              56.9   -16.9
DAYS MIN <= 0       0               0.0     0.0

PRECIPITATION (INCHES)
RECORD
 MAXIMUM        18.20   1979
 MINIMUM           MM     MM
TOTALS           6.58              9.14   -2.56     9.88
DAILY AVG.       0.07              0.10   -0.03
DAYS >= .01        26              30.7    -4.7
DAYS >= .10        17              17.9    -0.9
DAYS >= .50         4               6.2    -2.2
DAYS >= 1.00        0               2.0    -2.0
GREATEST
 24 HR. TOTAL    1.18   MM
 STORM TOTAL       MM
 (MM/DD(HH))            MM

SNOWFALL (INCHES)
RECORDS
 TOTAL           47.2   2010
 24 HR TOTAL     10.9   MM
TOTALS            2.2              19.3   -17.1
 LIQUID EQUIV    0.22              1.90   -1.68
SINCE 7/1         3.7              19.5   -15.8
 LIQUID 7/1      0.37
DAYS >= TRACE      11              10.9     0.1
DAYS >= 1.0         1               4.1    -3.1
GREATEST
 SNOW DEPTH         2   01/22
 24 HR TOTAL      1.6   MM
 STORM TOTAL       MM
 (MM/DD(HH))            MM

DEGREE_DAYS
HEATING TOTAL    2254              2687    -433
 SINCE 7/1         MM              3538      MM
COOLING TOTAL       0                 0       0
 SINCE 1/1          0                 0       0
..............................................................

WIND (MPH)
AVERAGE WIND SPEED              12.0
HIGHEST WIND SPEED/DIRECTION    45/330    DATE  12/08
HIGHEST GUST SPEED/DIRECTION    54/310    DATE  12/08

SKY COVER
POSSIBLE SUNSHINE (PERCENT)   MM
AVERAGE SKY COVER           0.60
NUMBER OF DAYS FAIR           13
NUMBER OF DAYS PC             52
NUMBER OF DAYS CLOUDY         26

AVERAGE RH (PERCENT)     59

WEATHER CONDITIONS. NUMBER OF DAYS WITH
THUNDERSTORM              0     MIXED PRECIP               0
HEAVY RAIN                8     RAIN                      14
LIGHT RAIN               29     FREEZING RAIN              0
LT FREEZING RAIN          1     HAIL                       0
HEAVY SNOW                0     SNOW                       2
LIGHT SNOW               10     SLEET                      2
FOG                      26     FOG W/VIS <= 1/4 MILE      3
HAZE                      4

-  INDICATES NEGATIVE NUMBERS.
R  INDICATES RECORD WAS SET OR TIED.
MM INDICATES DATA IS MISSING.
T  INDICATES TRACE AMOUNT.

$$
