000
CXUS51 KOKX 021250
CLSJFK

CLIMATE REPORT
NATIONAL WEATHER SERVICE NEW YORK NY
749 AM EST FRI DEC 2 2011

...THE KENNEDY NY CLIMATE SUMMARY FOR THE SEASON, FROM
9/1/2011 TO 11/30/2011...

CLIMATE NORMAL PERIOD 1981 TO 2010
CLIMATE RECORD PERIOD 1949 TO 2011

WEATHER         OBSERVED          NORMAL  DEPART  LAST YEAR`S
                 VALUE   DATE(S)  VALUE   FROM    VALUE
                                          NORMAL
.............................................................
TEMPERATURE (F)
RECORD
 HIGH              98   09/10/1983
 LOW               19   11/21/1987
                        11/30/1976
HIGHEST            87   10/09        MM      MM
LOWEST             32   10/31        MM      MM
AVG. MAXIMUM     66.6              64.7     1.9
AVG. MINIMUM     52.5              50.4     2.1
MEAN             59.5              57.5     2.0
DAYS MAX >= 90      0               0.5    -0.5
DAYS MAX <= 32      0               0.1    -0.1
DAYS MIN <= 32      1               3.1    -2.1
DAYS MIN <= 0       0               0.0     0.0

PRECIPITATION (INCHES)
RECORD
 MAXIMUM        21.18   2005
 MINIMUM         4.17   1965
TOTALS          11.85             10.42    1.43    10.75
DAILY AVG.       0.13              0.11    0.02
DAYS >= .01        27              26.0     1.0
DAYS >= .10        16              17.0    -1.0
DAYS >= .50         9               7.3     1.7
DAYS >= 1.00        5               2.7     2.3
GREATEST
 24 HR. TOTAL    2.15   MM
 STORM TOTAL       MM
 (MM/DD(HH))            MM

SNOWFALL (INCHES)
RECORDS
 TOTAL            3.7   1989
 24 HR TOTAL       MM
                        10/28/2008 TO 10/28/2008
TOTALS            1.5               0.2     1.3
 LIQUID EQUIV    0.15              0.00    0.15
SINCE 7/1         1.5               0.2     1.3
 LIQUID 7/1      0.15
DAYS >= TRACE       2               0.2     1.8
DAYS >= 1.0         1               0.1     0.9
GREATEST
 SNOW DEPTH         1   10/30
 24 HR TOTAL      1.5   MM
 STORM TOTAL       MM
 (MM/DD(HH))            MM

DEGREE_DAYS
HEATING TOTAL     667               824    -157
 SINCE 7/1         MM               824      MM
COOLING TOTAL     189               144      45
 SINCE 1/1       1267              1005     262
..............................................................

WIND (MPH)
AVERAGE WIND SPEED              10.0
HIGHEST WIND SPEED/DIRECTION    32/140    DATE  11/29
HIGHEST GUST SPEED/DIRECTION    43/300    DATE  11/11

SKY COVER
POSSIBLE SUNSHINE (PERCENT)   MM
AVERAGE SKY COVER           0.60
NUMBER OF DAYS FAIR           19
NUMBER OF DAYS PC             38
NUMBER OF DAYS CLOUDY         34

AVERAGE RH (PERCENT)     69

WEATHER CONDITIONS. NUMBER OF DAYS WITH
THUNDERSTORM              0     MIXED PRECIP               0
HEAVY RAIN               11     RAIN                      13
LIGHT RAIN               37     FREEZING RAIN              0
LT FREEZING RAIN          0     HAIL                       0
HEAVY SNOW                0     SNOW                       1
LIGHT SNOW                2     SLEET                      0
FOG                      37     FOG W/VIS <= 1/4 MILE      8
HAZE                     14

-  INDICATES NEGATIVE NUMBERS.
R  INDICATES RECORD WAS SET OR TIED.
MM INDICATES DATA IS MISSING.
T  INDICATES TRACE AMOUNT.

$$
