556
CXUS51 KOKX 020147 RRA
CLSJFK
CLIMATE REPORT
NATIONAL WEATHER SERVICE NEW YORK NY
943 PM EDT TUE SEP 1 2020
...................................
...THE KENNEDY NY CLIMATE SUMMARY FOR THE SEASON, FROM
6/1/2020 TO 8/31/2020...
CLIMATE NORMAL PERIOD 1981 TO 2010
CLIMATE RECORD PERIOD 1948 TO 2020
WEATHER OBSERVED NORMAL DEPART LAST YEAR`S
VALUE DATE(S) VALUE FROM VALUE
NORMAL
.............................................................
TEMPERATURE (F)
RECORD
HIGH 104 07/03/1966
LOW 45 06/02/1967
06/01/1967
HIGHEST 97 07/20 MM MM
LOWEST 51 06/01 MM MM
AVG. MAXIMUM 83.2 81.1 2.1
AVG. MINIMUM 68.2 66.4 1.8
MEAN 75.7 73.7 2.0
DAYS MAX >= 90 12 8.0 4.0
DAYS MAX <= 32 0 0.0 0.0
DAYS MIN <= 32 0 0.0 0.0
DAYS MIN <= 0 0 0.0 0.0
PRECIPITATION (INCHES)
RECORD
MAXIMUM 22.04 2011
MINIMUM 3.89 1966
TOTALS 11.14 11.62 -0.48 13.88
DAILY AVG. 0.12 0.13 -0.01
DAYS >= .01 33 28.8 4.2
DAYS >= .10 21 18.2 2.8
DAYS >= .50 9 7.5 1.5
DAYS >= 1.00 2 3.4 -1.4
GREATEST
24 HR. TOTAL 2.33 MM
STORM TOTAL MM
(MM/DD(HH)) MM
SNOWFALL (INCHES)
RECORDS
TOTAL T 2009
1997
1949
24 HR TOTAL MM
TOTALS 0.0 0.0 0.0
LIQUID EQUIV 0.00 0.00 0.00
SINCE 7/1 0.0 0.0 0.0
LIQUID 7/1 0.00
DAYS >= TRACE 0 0.0 0.0
DAYS >= 1.0 0 0.0 0.0
GREATEST
SNOW DEPTH 0 MM
24 HR TOTAL 0.0 MM
STORM TOTAL MM
(MM/DD(HH)) MM
DEGREE_DAYS
HEATING TOTAL 5 22 -17
SINCE 7/1 0 1 -1
COOLING TOTAL 1012 826 186
SINCE 1/1 1026 861 165
..............................................................
WIND (MPH)
AVERAGE WIND SPEED 9.9
HIGHEST WIND SPEED/DIRECTION 54/150 DATE 08/04
HIGHEST GUST SPEED/DIRECTION 70/160 DATE 08/04
SKY COVER
POSSIBLE SUNSHINE (PERCENT) MM
AVERAGE SKY COVER 0.60
NUMBER OF DAYS FAIR 4
NUMBER OF DAYS PC 64
NUMBER OF DAYS CLOUDY 24
AVERAGE RH (PERCENT) 72
WEATHER CONDITIONS. NUMBER OF DAYS WITH
0
19
0
0
0
0
6
HAZE 15
- INDICATES NEGATIVE NUMBERS.
R INDICATES RECORD WAS SET OR TIED.
MM INDICATES DATA IS MISSING.
T INDICATES TRACE AMOUNT.
$$