000
CXUS51 KOKX 011424
CLSJFK

CLIMATE REPORT
NATIONAL WEATHER SERVICE NEW YORK NY
1023 AM EDT FRI JUN 1 2012

...................................

...THE KENNEDY NY CLIMATE SUMMARY FOR THE SEASON, FROM
3/1/2012 TO 5/31/2012...

CLIMATE NORMAL PERIOD 1981 TO 2010
CLIMATE RECORD PERIOD 1949 TO 2012

WEATHER         OBSERVED          NORMAL  DEPART  LAST YEAR`S
                 VALUE   DATE(S)  VALUE   FROM    VALUE
                                          NORMAL
.............................................................
TEMPERATURE (F)
RECORD
 HIGH              99   05/20/1996
 LOW                7   03/01/1980
HIGHEST            85   05/28        MM      MM
LOWEST             26   03/06        MM      MM
AVG. MAXIMUM     63.1              58.8     4.3
AVG. MINIMUM     47.9              43.5     4.4
MEAN             55.5              51.2     4.3
DAYS MAX >= 90      0               0.2    -0.2
DAYS MAX <= 32      0               0.8    -0.8
DAYS MIN <= 32      4              11.8    -7.8
DAYS MIN <= 0       0               0.0     0.0

PRECIPITATION (INCHES)
RECORD
 MAXIMUM        20.40   1984
 MINIMUM         6.52   1981
TOTALS          11.18             11.59   -0.41    12.01
DAILY AVG.       0.12              0.13   -0.01
DAYS >= .01        34              33.9     0.1
DAYS >= .10        21              20.6     0.4
DAYS >= .50         6               7.8    -1.8
DAYS >= 1.00        3               3.1    -0.1
GREATEST
 24 HR. TOTAL    2.39   04/22 TO 04/23
 STORM TOTAL       MM
 (MM/DD(HH))            MM

SNOWFALL (INCHES)
RECORDS
 TOTAL           15.5   1967
 24 HR TOTAL      9.0   03/13/1993 TO 03/13/1993
TOTALS            0.0               4.3    -4.3
 LIQUID EQUIV    0.00              0.40   -0.40
SINCE 7/1         3.7              23.8   -20.1
 LIQUID 7/1      0.37
DAYS >= TRACE       0               2.6    -2.6
DAYS >= 1.0         0               1.2    -1.2
GREATEST
 SNOW DEPTH         0   MM
 24 HR TOTAL      0.0   MM
 STORM TOTAL      0.0
 (MM/DD(HH))            MM

DEGREE_DAYS
HEATING TOTAL     921              1307    -386
 SINCE 7/1       3842              4818    -976
COOLING TOTAL      73                35      38
 SINCE 1/1         73                35      38
..............................................................

WIND (MPH)
AVERAGE WIND SPEED              10.9
HIGHEST WIND SPEED/DIRECTION    38/270    DATE  04/09
HIGHEST GUST SPEED/DIRECTION    48/270    DATE  04/09

SKY COVER
POSSIBLE SUNSHINE (PERCENT)   MM
AVERAGE SKY COVER           0.60
NUMBER OF DAYS FAIR           16
NUMBER OF DAYS PC             38
NUMBER OF DAYS CLOUDY         38

AVERAGE RH (PERCENT)     63

WEATHER CONDITIONS. NUMBER OF DAYS WITH
THUNDERSTORM              0     MIXED PRECIP               0
HEAVY RAIN               11     RAIN                      17
LIGHT RAIN               53     FREEZING RAIN              0
LT FREEZING RAIN          0     HAIL                       0
HEAVY SNOW                0     SNOW                       0
LIGHT SNOW                0     SLEET                      0
FOG                      42     FOG W/VIS <= 1/4 MILE     16
HAZE                     11

-  INDICATES NEGATIVE NUMBERS.
R  INDICATES RECORD WAS SET OR TIED.
MM INDICATES DATA IS MISSING.
T  INDICATES TRACE AMOUNT.

$$
