939
CXUS51 KOKX 012230
CLSJFK

CLIMATE REPORT
NATIONAL WEATHER SERVICE NEW YORK NY
629 PM EDT WED JUN 1 2016

...................................

...THE KENNEDY NY CLIMATE SUMMARY FOR THE SEASON, FROM
3/1/2016 TO 5/31/2016...

CLIMATE NORMAL PERIOD 1981 TO 2010
CLIMATE RECORD PERIOD 1949 TO 2016

WEATHER         OBSERVED          NORMAL  DEPART  LAST YEAR`S
                 VALUE   DATE(S)  VALUE   FROM    VALUE
                                          NORMAL
.............................................................
TEMPERATURE (F)
RECORD
 HIGH              99   05/29/1969
 LOW                7   03/19/1967
HIGHEST            87   05/25        MM      MM
LOWEST             26   04/05        MM      MM
AVG. MAXIMUM     60.8              58.8     2.0
AVG. MINIMUM     45.0              43.5     1.5
MEAN             52.9              51.2     1.7
DAYS MAX >= 90      0               0.2    -0.2
DAYS MAX <= 32      0               0.8    -0.8
DAYS MIN <= 32      9              11.8    -2.8
DAYS MIN <= 0       0               0.0     0.0

PRECIPITATION (INCHES)
RECORD
 MAXIMUM        20.40   1984
 MINIMUM         6.34   2016
TOTALS           6.34R            11.59   -5.25     6.95
DAILY AVG.       0.07              0.13   -0.06
DAYS >= .01        32              33.9    -1.9
DAYS >= .10        17              20.6    -3.6
DAYS >= .50         3               7.8    -4.8
DAYS >= 1.00        1               3.1    -2.1
GREATEST
 24 HR. TOTAL    1.06   MM
 STORM TOTAL       MM
 (MM/DD(HH))            MM

SNOWFALL (INCHES)
RECORDS
 TOTAL           15.5   1967
 24 HR TOTAL      9.0   03/13/1993 TO 03/13/1993
TOTALS            1.9               4.3    -2.4
 LIQUID EQUIV    0.19              0.40   -0.21
SINCE 7/1        41.4              23.8    17.6
 LIQUID 7/1      4.14
DAYS >= TRACE       7               2.6     4.4
DAYS >= 1.0         1               1.2    -0.2
GREATEST
 SNOW DEPTH         1   03/21
                        03/04
 24 HR TOTAL      1.4   MM
 STORM TOTAL       MM
 (MM/DD(HH))            MM

DEGREE_DAYS
HEATING TOTAL    1136              1307    -171
 SINCE 7/1         MM              4818      MM
COOLING TOTAL      51                35      16
 SINCE 1/1         51                35      16
..............................................................

WIND (MPH)
AVERAGE WIND SPEED              11.3
HIGHEST WIND SPEED/DIRECTION    49/290    DATE  04/03
HIGHEST GUST SPEED/DIRECTION    64/290    DATE  04/03

SKY COVER
POSSIBLE SUNSHINE (PERCENT)   MM
AVERAGE SKY COVER           0.60
NUMBER OF DAYS FAIR           11
NUMBER OF DAYS PC             44
NUMBER OF DAYS CLOUDY         37

AVERAGE RH (PERCENT)     62

WEATHER CONDITIONS. NUMBER OF DAYS WITH
THUNDERSTORM              0     MIXED PRECIP               0
HEAVY RAIN                3     RAIN                      15
LIGHT RAIN               41     FREEZING RAIN              0
LT FREEZING RAIN          0     HAIL                       0
HEAVY SNOW                0     SNOW                       2
LIGHT SNOW                6     SLEET                      0
FOG                      37     FOG W/VIS <= 1/4 MILE      3
HAZE                     11

-  INDICATES NEGATIVE NUMBERS.
R  INDICATES RECORD WAS SET OR TIED.
MM INDICATES DATA IS MISSING.
T  INDICATES TRACE AMOUNT.

$$
