000
CXUS51 KOKX 021657
CLSJFK

CLIMATE REPORT
NATIONAL WEATHER SERVICE NEW YORK NY
1257 PM EDT THU JUN 2 2011

...................................

...THE KENNEDY NY CLIMATE SUMMARY FOR THE SEASON, FROM
3/1/2011 TO 5/31/2011...

CLIMATE NORMAL PERIOD 1971 TO 2000
CLIMATE RECORD PERIOD 1949 TO 2011

WEATHER         OBSERVED          NORMAL  DEPART  LAST YEAR`S
                 VALUE   DATE(S)  VALUE   FROM    VALUE
                                          NORMAL
.............................................................
TEMPERATURE (F)
RECORD
 HIGH              99   05/29/1969
 LOW                7   03/19/1967
HIGHEST            87   05/31        MM      MM
LOWEST             20   03/03        MM      MM
AVG. MAXIMUM     59.8              58.6     1.2
AVG. MINIMUM     44.9              41.9     3.0
MEAN             52.3              50.2     2.1
DAYS MAX >= 90      0               0.4    -0.4
DAYS MAX <= 32      0               0.9    -0.9
DAYS MIN <= 32     12              11.8     0.2
DAYS MIN <= 0       0               0.0     0.0

PRECIPITATION (INCHES)
RECORD
 MAXIMUM        20.40   1984
 MINIMUM         6.52   1981
TOTALS          12.01             11.67    0.34    13.98
DAILY AVG.       0.13              0.12    0.01
DAYS >= .01        30              32.9    -2.9
DAYS >= .10        19              20.9    -1.9
DAYS >= .50        12               8.0     4.0
DAYS >= 1.00        3               2.8     0.2
GREATEST
 24 HR. TOTAL    1.32   MM
 STORM TOTAL       MM
 (MM/DD(HH))            MM

SNOWFALL (INCHES)
RECORDS
 TOTAL           15.5   1967
 24 HR TOTAL      9.0   03/13/1993 TO 03/13/1993
TOTALS            1.3               3.9    -2.6
 LIQUID EQUIV    0.13              0.40   -0.27
SINCE 7/1        42.0              21.3    20.7
 LIQUID 7/1      4.20
DAYS >= TRACE       4                MM      MM
DAYS >= 1.0         0               1.1    -1.1
GREATEST
 SNOW DEPTH         1   03/24
                        03/23
 24 HR TOTAL      0.9   MM
 STORM TOTAL       MM
 (MM/DD(HH))            MM

DEGREE_DAYS
HEATING TOTAL    1198              1346    -148
 SINCE 7/1         MM              4954      MM
COOLING TOTAL      57                33      24
 SINCE 1/1         57                33      24
..............................................................

WIND (MPH)
AVERAGE WIND SPEED              12.0
HIGHEST WIND SPEED/DIRECTION    37/180    DATE  04/28
HIGHEST GUST SPEED/DIRECTION    49/160    DATE  03/06

SKY COVER
POSSIBLE SUNSHINE (PERCENT)   MM
AVERAGE SKY COVER           0.70
NUMBER OF DAYS FAIR            7
NUMBER OF DAYS PC             46
NUMBER OF DAYS CLOUDY         39

AVERAGE RH (PERCENT)     66

WEATHER CONDITIONS. NUMBER OF DAYS WITH
THUNDERSTORM              0     MIXED PRECIP               0
HEAVY RAIN               13     RAIN                      18
LIGHT RAIN               43     FREEZING RAIN              0
LT FREEZING RAIN          0     HAIL                       0
HEAVY SNOW                0     SNOW                       3
LIGHT SNOW                2     SLEET                      2
FOG                      44     FOG W/VIS <= 1/4 MILE     19
HAZE                     17

-  INDICATES NEGATIVE NUMBERS.
R  INDICATES RECORD WAS SET OR TIED.
MM INDICATES DATA IS MISSING.
T  INDICATES TRACE AMOUNT.

$$
