000
CXUS51 KOKX 022027
CLSJFK

NYCCLMJFK 000
TTAA00 KOKX 021404


CLIMATE REPORT
NATIONAL WEATHER SERVICE NEW YORK NY
427 PM EDT FRI SEP 2 2011

...................................

...THE KENNEDY NY CLIMATE SUMMARY FOR THE SEASON, FROM
6/1/2011 TO 8/31/2011...

CLIMATE NORMAL PERIOD 1981 TO 2010
CLIMATE RECORD PERIOD 1949 TO 2011

WEATHER         OBSERVED          NORMAL  DEPART  LAST YEAR`S
                 VALUE   DATE(S)  VALUE   FROM    VALUE
                                          NORMAL
.............................................................
TEMPERATURE (F)
RECORD
 HIGH             104   07/03/1966
 LOW               45   06/02/1967
                        06/01/1967
HIGHEST           103   07/22        MM      MM
LOWEST             56   06/15        MM      MM
                        06/04
                        06/05
AVG. MAXIMUM     83.8              81.1     2.7
AVG. MINIMUM     67.9              66.4     1.5
MEAN             75.8              73.7     2.1
DAYS MAX >= 90     13               8.0     5.0
DAYS MAX <= 32      0               0.0     0.0
DAYS MIN <= 32      0               0.0     0.0
DAYS MIN <= 0       0               0.0     0.0

PRECIPITATION (INCHES)
RECORD
 MAXIMUM        18.46   1975
 MINIMUM         3.89   1966
TOTALS          22.04R            11.62   10.42     6.92
DAILY AVG.       0.24              0.13    0.11
DAYS >= .01        29              28.8     0.2
DAYS >= .10        19              18.2     0.8
DAYS >= .50         8               7.5     0.5
DAYS >= 1.00        5               3.4     1.6
GREATEST
 24 HR. TOTAL    7.80   08/13 TO 08/14
 STORM TOTAL       MM
 (MM/DD(HH))            MM

SNOWFALL (INCHES)
RECORDS
 TOTAL              T   2009
                        1997
                        1949
 24 HR TOTAL       MM
TOTALS            0.0               0.0     0.0
 LIQUID EQUIV    0.00              0.00    0.00
SINCE 7/1         0.0               0.0     0.0
 LIQUID 7/1      0.00
DAYS >= TRACE       0               0.0     0.0
DAYS >= 1.0         0               0.0     0.0
GREATEST
 SNOW DEPTH         0   MM
 24 HR TOTAL      0.0   MM
 STORM TOTAL       MM
 (MM/DD(HH))            MM

DEGREE_DAYS
HEATING TOTAL       3                22     -19
 SINCE 7/1          0                 1      -1
COOLING TOTAL    1021               826     195
 SINCE 1/1       1078               861     217
..............................................................

WIND (MPH)
AVERAGE WIND SPEED              9.5
HIGHEST WIND SPEED/DIRECTION    46/260    DATE  08/28
HIGHEST GUST SPEED/DIRECTION    59/170    DATE  08/28

SKY COVER
POSSIBLE SUNSHINE (PERCENT)   MM
AVERAGE SKY COVER           0.60
NUMBER OF DAYS FAIR           14
NUMBER OF DAYS PC             52
NUMBER OF DAYS CLOUDY         26

AVERAGE RH (PERCENT)     66

WEATHER CONDITIONS. NUMBER OF DAYS WITH
THUNDERSTORM              0     MIXED PRECIP               0
HEAVY RAIN               12     RAIN                      18
LIGHT RAIN               35     FREEZING RAIN              0
LT FREEZING RAIN          0     HAIL                       0
HEAVY SNOW                0     SNOW                       0
LIGHT SNOW                0     SLEET                      0
FOG                      39     FOG W/VIS <= 1/4 MILE      4
HAZE                     24

-  INDICATES NEGATIVE NUMBERS.
R  INDICATES RECORD WAS SET OR TIED.
MM INDICATES DATA IS MISSING.
T  INDICATES TRACE AMOUNT.

$$
