000
CXUS51 KOKX 031330 CCA
CLSJFK

CLIMATE REPORT...CORRECTED
NATIONAL WEATHER SERVICE NEW YORK NY
830 AM EST TUE MAR 1 2011

...THE KENNEDY NY CLIMATE SUMMARY FOR THE SEASON, FROM
12/1/2010 TO 2/28/2011...

CLIMATE NORMAL PERIOD 1971 TO 2000
CLIMATE RECORD PERIOD 1949 TO 2011

WEATHER         OBSERVED          NORMAL  DEPART  LAST YEAR`S
                 VALUE   DATE(S)  VALUE   FROM    VALUE
                                          NORMAL
.............................................................
TEMPERATURE (F)
RECORD
 HIGH              75   12/07/1998
 LOW               -2   01/21/1985
HIGHEST            67   02/18        MM      MM
LOWEST              6   01/24        MM      MM
AVG. MAXIMUM     38.9              42.0    -3.1
AVG. MINIMUM     25.8              28.0    -2.2
MEAN             32.3              35.0    -2.7
DAYS MAX >= 90      0               0.0     0.0
DAYS MAX <= 32     18              17.0     1.0
DAYS MIN <= 32     76              57.5    18.5
DAYS MIN <= 0       0               0.2    -0.2

PRECIPITATION (INCHES)
RECORD
 MAXIMUM        18.20   1978-79
 MINIMUM         4.34   2001-02
TOTALS           9.88              9.63    0.25    13.94
DAILY AVG.       0.11              0.11    0.00
DAYS >= .01        27              31.4    -4.4
DAYS >= .10        19              18.7     0.3
DAYS >= .50         7               6.6     0.4
DAYS >= 1.00        3               2.1     0.9
GREATEST
 24 HR. TOTAL    1.32   MM
 STORM TOTAL       MM
 (MM/DD(HH))            MM

SNOWFALL (INCHES)
RECORDS
 TOTAL           58.5   1960-61
 24 HR TOTAL     21.6   02/17/2003
TOTALS           40.7              17.1    23.6
 LIQUID EQUIV    4.07              1.70    2.37
SINCE 7/1        40.7              17.4    23.3
 LIQUID 7/1      4.07
DAYS >= TRACE      22                MM      MM
DAYS >= 1.0         8               4.3     3.7
GREATEST
 SNOW DEPTH        16   12/27
 24 HR TOTAL     10.5   12/26
 STORM TOTAL       MM
 (MM/DD(HH))            MM

DEGREE_DAYS
HEATING TOTAL    2925              2759     166
 SINCE 7/1       3637              3608      29
COOLING TOTAL       0                 0       0
 SINCE 1/1          0                 0       0
..............................................................

WIND (MPH)
AVERAGE WIND SPEED              13.2
HIGHEST WIND SPEED/DIRECTION    48/330    DATE  02/19
HIGHEST GUST SPEED/DIRECTION    60/300    DATE  02/19

SKY COVER
POSSIBLE SUNSHINE (PERCENT)   MM

NUMBER OF DAYS FAIR            7
NUMBER OF DAYS PC             52
NUMBER OF DAYS CLOUDY         31

AVERAGE RH (PERCENT)     58

WEATHER CONDITIONS. NUMBER OF DAYS WITH
THUNDERSTORM              2     MIXED PRECIP               0
HEAVY RAIN                3     RAIN                       8
LIGHT RAIN               16     FREEZING RAIN              0
LT FREEZING RAIN          4     HAIL                       0
HEAVY SNOW                4     SNOW                       8
LIGHT SNOW               23     SLEET                      3
FOG                      31     FOG W/VIS <= 1/4 MILE      9
HAZE                     19

-  INDICATES NEGATIVE NUMBERS.
R  INDICATES RECORD WAS SET OR TIED.
MM INDICATES DATA IS MISSING.
T  INDICATES TRACE AMOUNT.

$$
