000
CXUS51 KOKX 021451
CLSJFK

CLIMATE REPORT
NATIONAL WEATHER SERVICE NEW YORK NY
950 AM EST THU DEC 2 2010

...................................

...THE KENNEDY NY CLIMATE SUMMARY FOR THE SEASON, FROM
9/1/2010 TO 11/30/2010...

CLIMATE NORMAL PERIOD 1971 TO 2000
CLIMATE RECORD PERIOD 1949 TO 2010

WEATHER         OBSERVED          NORMAL  DEPART  LAST YEAR`S
                 VALUE   DATE(S)  VALUE   FROM    VALUE
                                          NORMAL
.............................................................
TEMPERATURE (F)
RECORD
 HIGH              98   MM
 LOW               19   MM
HIGHEST            92   09/08        MM      MM
                        09/01
LOWEST             31   11/29        MM      MM
AVG. MAXIMUM     66.2              64.3     1.9
AVG. MINIMUM     51.7              49.3     2.4
MEAN             58.9              56.8     2.1
DAYS MAX >= 90      2               0.7     1.3
DAYS MAX <= 32      0               0.1    -0.1
DAYS MIN <= 32      1               4.2    -3.2
DAYS MIN <= 0       0               0.0     0.0

PRECIPITATION (INCHES)
RECORD
 MAXIMUM        21.18   2005
 MINIMUM         4.17   1965
TOTALS          10.75             10.01    0.74    10.44
DAILY AVG.       0.12              0.11    0.01
DAYS >= .01        28              25.8     2.2
DAYS >= .10        16              17.1    -1.1
DAYS >= .50         8               7.0     1.0
DAYS >= 1.00        2               2.6    -0.6
GREATEST
 24 HR. TOTAL    2.02   MM
 STORM TOTAL       MM
 (MM/DD(HH))            MM

SNOWFALL (INCHES)
RECORDS
 TOTAL            3.7   1989
 24 HR TOTAL       MM
                        10/28/2008 TO 10/28/2008
TOTALS              T               0.3    -0.3
 LIQUID EQUIV      MM                MM      MM
SINCE 7/1           T               0.3    -0.3
 LIQUID 7/1        MM
DAYS >= TRACE       2                MM      MM
DAYS >= 1.0         0               0.1    -0.1
GREATEST
 SNOW DEPTH         0   MM
 24 HR TOTAL      0.0   MM
 STORM TOTAL       MM
 (MM/DD(HH))            MM

DEGREE_DAYS
HEATING TOTAL     712               839    -127
 SINCE 7/1        712               849    -137
COOLING TOTAL     182               139      43
 SINCE 1/1       1406               949     457
..............................................................

WIND (MPH)
AVERAGE WIND SPEED              11.7
HIGHEST WIND SPEED/DIRECTION    39/270    DATE  11/17
HIGHEST GUST SPEED/DIRECTION    52/260    DATE  11/17

SKY COVER
POSSIBLE SUNSHINE (PERCENT)   MM

NUMBER OF DAYS FAIR           20
NUMBER OF DAYS PC             50
NUMBER OF DAYS CLOUDY         21

AVERAGE RH (PERCENT)     62

WEATHER CONDITIONS. NUMBER OF DAYS WITH
THUNDERSTORM              6     MIXED PRECIP               0
HEAVY RAIN                6     RAIN                       9
LIGHT RAIN               35     FREEZING RAIN              0
LT FREEZING RAIN          0     HAIL                       0
HEAVY SNOW                0     SNOW                       1
LIGHT SNOW                0     SLEET                      2
FOG                      29     FOG W/VIS <= 1/4 MILE      6
HAZE                     14

-  INDICATES NEGATIVE NUMBERS.
R  INDICATES RECORD WAS SET OR TIED.
MM INDICATES DATA IS MISSING.
T  INDICATES TRACE AMOUNT.

$$
