000
CXUS51 KOKX 020114
CLSJFK

CLIMATE REPORT
NATIONAL WEATHER SERVICE NEW YORK NY
913 PM EDT TUE JUN 1 2010

...................................

...THE KENNEDY NY CLIMATE SUMMARY FOR THE SEASON, FROM
3/1/2010 TO 5/31/2010...

CLIMATE NORMAL PERIOD 1971 TO 2000
CLIMATE RECORD PERIOD 1949 TO 2010

WEATHER         OBSERVED          NORMAL  DEPART  LAST YEAR`S
                 VALUE   DATE(S)  VALUE   FROM    VALUE
                                          NORMAL
.............................................................
TEMPERATURE (F)
RECORD
 HIGH              99   05/29/1969
 LOW                7   03/19/1967
HIGHEST            91   05/26        MM      MM
LOWEST             29   03/27        MM      MM
AVG. MAXIMUM     64.0              58.6     5.4
AVG. MINIMUM     46.9              41.9     5.0
MEAN             55.5              50.2     5.3
DAYS MAX >= 90      1               0.4     0.6
DAYS MAX <= 32      0               0.9    -0.9
DAYS MIN <= 32      2              11.8    -9.8
DAYS MIN <= 0       0               0.0     0.0

PRECIPITATION (INCHES)
RECORD
 MAXIMUM        20.40   1984
 MINIMUM         6.52   1981
TOTALS          13.98             11.67    2.31    10.55
DAILY AVG.       0.15              0.12    0.03
DAYS >= .01        28              32.9    -4.9
DAYS >= .10        16              20.9    -4.9
DAYS >= .50         9               8.0     1.0
DAYS >= 1.00        5               2.8     2.2
GREATEST
 24 HR. TOTAL    2.29   03/30 TO 03/30
 STORM TOTAL       MM
 (MM/DD(HH))            MM

SNOWFALL (INCHES)
RECORDS
 TOTAL           15.5   1967
 24 HR TOTAL      9.0   03/13/1993 TO 03/13/1993
TOTALS              T               3.9    -3.9
 LIQUID EQUIV       T              0.40   -0.40
SINCE 7/1        47.2              21.3    25.9
 LIQUID 7/1      4.72
DAYS >= TRACE       2                MM      MM
DAYS >= 1.0         0               1.1    -1.1
GREATEST
 SNOW DEPTH         4   03/01
 24 HR TOTAL        T   03/05 TO 03/05
                        03/03 TO 03/03
 STORM TOTAL       MM
 (MM/DD(HH))            MM

DEGREE_DAYS
HEATING TOTAL     932              1346    -414
 SINCE 7/1       4450              4954    -504
COOLING TOTAL      76                33      43
 SINCE 1/1         76                33      43
..............................................................

WIND (MPH)
AVERAGE WIND SPEED              11.7
HIGHEST WIND SPEED/DIRECTION    52/080    DATE  03/13
HIGHEST GUST SPEED/DIRECTION    75/080    DATE  03/13

SKY COVER
POSSIBLE SUNSHINE (PERCENT)   MM

NUMBER OF DAYS FAIR           18
NUMBER OF DAYS PC             37
NUMBER OF DAYS CLOUDY         37

AVERAGE RH (PERCENT)     61

WEATHER CONDITIONS. NUMBER OF DAYS WITH
THUNDERSTORM              7     MIXED PRECIP               0
HEAVY RAIN                8     RAIN                      15
LIGHT RAIN               42     FREEZING RAIN              0
LT FREEZING RAIN          0     HAIL                       0
HEAVY SNOW                0     SNOW                       1
LIGHT SNOW                2     SLEET                      0
FOG                      38     FOG W/VIS <= 1/4 MILE      8
HAZE                     16

-  INDICATES NEGATIVE NUMBERS.
R  INDICATES RECORD WAS SET OR TIED.
MM INDICATES DATA IS MISSING.
T  INDICATES TRACE AMOUNT.

$$
