000
CXUS51 KOKX 021626 CCA
CLSJFK

CLIMATE REPORT...CORRECTED
NATIONAL WEATHER SERVICE NEW YORK NY
1125 AM EST TUE MAR 2 2010

...THE KENNEDY NY CLIMATE SUMMARY FOR THE SEASON, FROM
12/1/2009 TO 2/28/2010...

CLIMATE NORMAL PERIOD 1971 TO 2000
CLIMATE RECORD PERIOD 1949 TO 2010

WEATHER         OBSERVED          NORMAL  DEPART  LAST YEAR`S
                 VALUE   DATE(S)  VALUE   FROM    VALUE
                                          NORMAL
.............................................................
TEMPERATURE (F)
RECORD
 HIGH              75   12/07/1998
 LOW               -2   01/21/1985
HIGHEST            66   12/03        MM      MM
LOWEST             14   01/30        MM      MM
                        01/10
AVG. MAXIMUM     39.7              42.0    -2.3
AVG. MINIMUM     27.9              28.0    -0.1
MEAN             33.8              35.0    -1.2
DAYS MAX >= 90      0               0.0     0.0
DAYS MAX <= 32     17              17.0     0.0
DAYS MIN <= 32     66              57.5     8.5
DAYS MIN <= 0       0               0.2    -0.2

PRECIPITATION (INCHES)
RECORD
 MAXIMUM        18.20   1978-79
 MINIMUM         4.34   2001-02
TOTALS          13.94              9.63    4.31     9.80
DAILY AVG.       0.16              0.11    0.05
DAYS >= .01        29              31.4    -2.4
DAYS >= .10        20              18.7     1.3
DAYS >= .50        12               6.6     5.4
DAYS >= 1.00        4               2.1     1.9
GREATEST
 24 HR. TOTAL    2.28   02/25-02/26
 STORM TOTAL       MM
 (MM/DD(HH))            MM

SNOWFALL (INCHES)
RECORDS
 TOTAL           51.9   1995-96
 24 HR TOTAL     21.6   02/17/2003
TOTALS           47.2              17.1    30.1
 LIQUID EQUIV    4.72              1.70    3.02
SINCE 7/1        47.2              17.4    29.8
 LIQUID 7/1      4.72
DAYS >= TRACE      23                MM      MM
DAYS >= 1.0         8               4.3     3.7
GREATEST
 SNOW DEPTH        14   12/21
                        12/20
 24 HR TOTAL     10.9   02/10
 STORM TOTAL       MM
 (MM/DD(HH))            MM

DEGREE_DAYS
HEATING TOTAL    2787              2759      28
 SINCE 7/1       3518              3608     -90
COOLING TOTAL       0                 0       0
 SINCE 1/1          0                 0       0

FREEZE DATES
RECORD
 EARLIEST     MM
 LATEST       MM
EARLIEST                        MM
LATEST                          MM
..............................................................

WIND (MPH)
AVERAGE WIND SPEED              14.1
HIGHEST WIND SPEED/DIRECTION    41/160    DATE  01/25
HIGHEST GUST SPEED/DIRECTION    53/320    DATE  12/29

SKY COVER
POSSIBLE SUNSHINE (PERCENT)   MM

NUMBER OF DAYS FAIR           20
NUMBER OF DAYS PC             36
NUMBER OF DAYS CLOUDY         34

AVERAGE RH (PERCENT)     60

WEATHER CONDITIONS. NUMBER OF DAYS WITH
THUNDERSTORM              0     MIXED PRECIP               3
HEAVY RAIN                8     RAIN                      11
LIGHT RAIN               21     FREEZING RAIN              0
LT FREEZING RAIN          2     HAIL                       0
HEAVY SNOW                3     SNOW                      10
LIGHT SNOW               23     SLEET                      4
FOG                      32     FOG W/VIS <= 1/4 MILE      7
HAZE                     10

-  INDICATES NEGATIVE NUMBERS.
R  INDICATES RECORD WAS SET OR TIED.
MM INDICATES DATA IS MISSING.
T  INDICATES TRACE AMOUNT.

$$
