000
CXUS51 KOKX 012110
CLSJFK

NYCCLMJFK 000
TTAA00 KOKX 012102


CLIMATE REPORT
NATIONAL WEATHER SERVICE NEW YORK NY
502 PM EDT TUE SEP 1 2009

...................................

...THE KENNEDY NY CLIMATE SUMMARY FOR THE SEASON, FROM
6/1/2009 TO 8/31/2009...

CLIMATE NORMAL PERIOD 1971 TO 2000
CLIMATE RECORD PERIOD 1949 TO 2009

WEATHER         OBSERVED          NORMAL  DEPART  LAST YEAR`S
                 VALUE   DATE(S)  VALUE   FROM    VALUE
                                          NORMAL
.............................................................
TEMPERATURE (F)
RECORD
 HIGH             104   07/03/1966
 LOW               45   06/02/1967
                        06/01/1967
HIGHEST            92   08/10        MM      MM
LOWEST             50   06/01        MM      MM
AVG. MAXIMUM     79.4              80.7    -1.3
AVG. MINIMUM     65.7              64.5     1.2
MEAN             72.5              72.6    -0.1
DAYS MAX >= 90      6               8.8    -2.8
DAYS MAX <= 32      0               0.0     0.0
DAYS MIN <= 32      0               0.0     0.0
DAYS MIN <= 0       0               0.0     0.0

PRECIPITATION (INCHES)
RECORD
 MAXIMUM        18.46   1975
 MINIMUM         3.89   1966
TOTALS          14.81             11.15    3.66    10.06
DAILY AVG.       0.16              0.12    0.04
DAYS >= .01        40              28.5    11.5
DAYS >= .10        22              18.3     3.7
DAYS >= .50        14               7.0     7.0
DAYS >= 1.00        4               3.2     0.8
GREATEST
 24 HR. TOTAL    2.26   MM
 STORM TOTAL       MM
 (MM/DD(HH))            MM

SNOWFALL (INCHES)
RECORDS
 TOTAL              T   1997
                        1949
 24 HR TOTAL       MM
TOTALS              T               0.0     0.0
 LIQUID EQUIV      MM              0.00      MM
SINCE 7/1           T               0.0     0.0
 LIQUID 7/1        MM
DAYS >= TRACE       1                MM      MM
DAYS >= 1.0         0               0.0     0.0
GREATEST
 SNOW DEPTH         0   MM
 24 HR TOTAL      0.0   MM
 STORM TOTAL       MM
 (MM/DD(HH))            MM

DEGREE_DAYS
HEATING TOTAL      33                31       2
 SINCE 7/1          0                10     -10
COOLING TOTAL     753               777     -24
 SINCE 1/1        787               810     -23

FREEZE DATES
RECORD
 EARLIEST     MM
 LATEST       MM
EARLIEST                        MM
LATEST                          MM
..............................................................

WIND (MPH)
AVERAGE WIND SPEED              8.8
HIGHEST WIND SPEED/DIRECTION    38/230    DATE  07/29
HIGHEST GUST SPEED/DIRECTION    53/300    DATE  07/31

SKY COVER
POSSIBLE SUNSHINE (PERCENT)   MM

NUMBER OF DAYS FAIR           11
NUMBER OF DAYS PC             47
NUMBER OF DAYS CLOUDY         34

AVERAGE RH (PERCENT)     71

WEATHER CONDITIONS. NUMBER OF DAYS WITH
THUNDERSTORM             19     MIXED PRECIP               0
HEAVY RAIN               14     RAIN                      17
LIGHT RAIN               50     FREEZING RAIN              0
LT FREEZING RAIN          0     HAIL                       1
HEAVY SNOW                0     SNOW                       0
LIGHT SNOW                0     SLEET                      0
FOG                      52     FOG W/VIS <= 1/4 MILE      6
HAZE                     30

-  INDICATES NEGATIVE NUMBERS.
R  INDICATES RECORD WAS SET OR TIED.
MM INDICATES DATA IS MISSING.
T  INDICATES TRACE AMOUNT.

$$
