000
CXUS51 KOKX 011623
CLSJFK

CLIMATE REPORT
NATIONAL WEATHER SERVICE NEW YORK NY
1123 AM EST SUN DEC 1 2013


...THE KENNEDY NY CLIMATE SUMMARY FOR THE SEASON, FROM
9/1/2013 TO 11/30/2013...

CLIMATE NORMAL PERIOD 1981 TO 2010
CLIMATE RECORD PERIOD 1949 TO 2013

WEATHER         OBSERVED          NORMAL  DEPART  LAST YEAR`S
                 VALUE   DATE(S)  VALUE   FROM    VALUE
                                          NORMAL
.............................................................
TEMPERATURE (F)
RECORD
 HIGH              98   09/10/1983
 LOW               19   11/21/1987
                        11/30/1976
HIGHEST            88   09/11        MM      MM
LOWEST             23   11/25        MM      MM
AVG. MAXIMUM     65.5              64.7     0.8
AVG. MINIMUM     49.4              50.4    -1.0
MEAN             57.5              57.5     0.0
DAYS MAX >= 90      0               0.5    -0.5
DAYS MAX <= 32      1               0.1     0.9
DAYS MIN <= 32     10               3.1     6.9
DAYS MIN <= 0       0               0.0     0.0

PRECIPITATION (INCHES)
RECORD
 MAXIMUM        21.18   2005
 MINIMUM         4.17   1965
TOTALS           4.79             10.42   -5.63     7.83
DAILY AVG.       0.05              0.11   -0.06
DAYS >= .01        20              26.0    -6.0
DAYS >= .10         8              17.0    -9.0
DAYS >= .50         3               7.3    -4.3
DAYS >= 1.00        2               2.7    -0.7
GREATEST
 24 HR. TOTAL    1.90   MM
 STORM TOTAL       MM
 (MM/DD(HH))            MM

SNOWFALL (INCHES)
RECORDS
 TOTAL            4.3   2012
 24 HR TOTAL       MM
                        10/28/2008 TO 10/28/2008
TOTALS            0.2               0.2     0.0
 LIQUID EQUIV    0.02              0.00    0.02
SINCE 7/1         0.2               0.2     0.0
 LIQUID 7/1      0.02
DAYS >= TRACE       3               0.2     2.8
DAYS >= 1.0         0               0.1    -0.1
GREATEST
 SNOW DEPTH         0   MM
 24 HR TOTAL      0.2   MM
 STORM TOTAL       MM
 (MM/DD(HH))            MM

DEGREE_DAYS
HEATING TOTAL     814               824     -10
 SINCE 7/1        814               824     -10
COOLING TOTAL     152               144       8
 SINCE 1/1       1111              1005     106
..............................................................

WIND (MPH)
AVERAGE WIND SPEED              11.0
HIGHEST WIND SPEED/DIRECTION    39/170    DATE  11/27
HIGHEST GUST SPEED/DIRECTION    51/300    DATE  11/24

SKY COVER
POSSIBLE SUNSHINE (PERCENT)   MM
AVERAGE SKY COVER           0.60
NUMBER OF DAYS FAIR           19
NUMBER OF DAYS PC             46
NUMBER OF DAYS CLOUDY         26

AVERAGE RH (PERCENT)     62

WEATHER CONDITIONS. NUMBER OF DAYS WITH
THUNDERSTORM              0     MIXED PRECIP               1
HEAVY RAIN                6     RAIN                       7
LIGHT RAIN               31     FREEZING RAIN              0
LT FREEZING RAIN          0     HAIL                       0
HEAVY SNOW                0     SNOW                       1
LIGHT SNOW                2     SLEET                      1
FOG                      22     FOG W/VIS <= 1/4 MILE      6
HAZE                      7

-  INDICATES NEGATIVE NUMBERS.
R  INDICATES RECORD WAS SET OR TIED.
MM INDICATES DATA IS MISSING.
T  INDICATES TRACE AMOUNT.

$$
