000
CXUS51 KOKX 011418
CLSJFK

CLIMATE REPORT
NATIONAL WEATHER SERVICE NEW YORK NY
1018 AM EDT SAT JUN 1 2013

...................................

...THE KENNEDY NY CLIMATE SUMMARY FOR THE SEASON, FROM
3/1/2013 TO 5/31/2013...

CLIMATE NORMAL PERIOD 1981 TO 2010
CLIMATE RECORD PERIOD 1949 TO 2013

WEATHER         OBSERVED          NORMAL  DEPART  LAST YEAR`S
                 VALUE   DATE(S)  VALUE   FROM    VALUE
                                          NORMAL
.............................................................
TEMPERATURE (F)
RECORD
 HIGH              99   05/29/1969
 LOW                7   03/19/1967
HIGHEST            86   05/30        MM      MM
LOWEST             26   03/18        MM      MM
AVG. MAXIMUM     57.8              58.8    -1.0
AVG. MINIMUM     42.5              43.5    -1.0
MEAN             50.2              51.2    -1.0
DAYS MAX >= 90      0               0.2    -0.2
DAYS MAX <= 32      0               0.8    -0.8
DAYS MIN <= 32     16              11.8     4.2
DAYS MIN <= 0       0               0.0     0.0

PRECIPITATION (INCHES)
RECORD
 MAXIMUM        20.40   1984
 MINIMUM         6.52   1981
TOTALS           8.13             11.59   -3.46    11.18
DAILY AVG.       0.09              0.13   -0.04
DAYS >= .01        26              33.9    -7.9
DAYS >= .10        15              20.6    -5.6
DAYS >= .50         6               7.8    -1.8
DAYS >= 1.00        1               3.1    -2.1
GREATEST
 24 HR. TOTAL    1.54   MM
 STORM TOTAL       MM
 (MM/DD(HH))            MM

SNOWFALL (INCHES)
RECORDS
 TOTAL           15.5   1967
 24 HR TOTAL      9.0   03/13/1993 TO 03/13/1993
TOTALS            4.4               4.3     0.1
 LIQUID EQUIV    0.44              0.40    0.04
SINCE 7/1        17.6              23.8    -6.2
 LIQUID 7/1      1.76
DAYS >= TRACE       9               2.6     6.4
DAYS >= 1.0         2               1.2     0.8
GREATEST
 SNOW DEPTH         1   03/09
                        03/08
 24 HR TOTAL      3.0   MM
 STORM TOTAL       MM
 (MM/DD(HH))            MM

DEGREE_DAYS
HEATING TOTAL    1366              1307      59
 SINCE 7/1         MM              4818      MM
COOLING TOTAL      26                35      -9
 SINCE 1/1         26                35      -9
..............................................................

WIND (MPH)
AVERAGE WIND SPEED              12.2
HIGHEST WIND SPEED/DIRECTION    39/030    DATE  03/06
HIGHEST GUST SPEED/DIRECTION    49/330    DATE  05/25

SKY COVER
POSSIBLE SUNSHINE (PERCENT)   MM
AVERAGE SKY COVER           0.60
NUMBER OF DAYS FAIR           14
NUMBER OF DAYS PC             45
NUMBER OF DAYS CLOUDY         33

AVERAGE RH (PERCENT)     63

WEATHER CONDITIONS. NUMBER OF DAYS WITH
THUNDERSTORM              0     MIXED PRECIP               1
HEAVY RAIN                8     RAIN                      14
LIGHT RAIN               36     FREEZING RAIN              0
LT FREEZING RAIN          0     HAIL                       0
HEAVY SNOW                0     SNOW                       4
LIGHT SNOW                9     SLEET                      1
FOG                      34     FOG W/VIS <= 1/4 MILE     11
HAZE                     17

-  INDICATES NEGATIVE NUMBERS.
R  INDICATES RECORD WAS SET OR TIED.
MM INDICATES DATA IS MISSING.
T  INDICATES TRACE AMOUNT.

$$
