996
CXUS51 KOKX 011557 RRA
CLSJFK

CLIMATE REPORT
NATIONAL WEATHER SERVICE NEW YORK NY
1054 AM EST THU DEC 1 2016



...THE KENNEDY NY CLIMATE SUMMARY FOR THE SEASON, FROM
9/1/2016 TO 11/30/2016...

CLIMATE NORMAL PERIOD 1981 TO 2010
CLIMATE RECORD PERIOD 1948 TO 2016

WEATHER         OBSERVED          NORMAL  DEPART  LAST YEAR`S
                 VALUE   DATE(S)  VALUE   FROM    VALUE
                                          NORMAL
.............................................................
TEMPERATURE (F)
RECORD
 HIGH              98   09/10/1983
 LOW               19   11/21/1987
                        11/30/1976
HIGHEST            91   09/09        MM      MM
LOWEST             36   11/23        MM      MM
AVG. MAXIMUM     67.5              64.7     2.8
AVG. MINIMUM     52.9              50.4     2.5
MEAN             60.2              57.5     2.7
DAYS MAX >= 90      1               0.5     0.5
DAYS MAX <= 32      0               0.1    -0.1
DAYS MIN <= 32      0               3.1    -3.1
DAYS MIN <= 0       0               0.0     0.0

PRECIPITATION (INCHES)
RECORD
 MAXIMUM        21.18   2005
 MINIMUM         4.17   1965
TOTALS           9.68             10.42   -0.74     7.98
DAILY AVG.       0.11              0.11    0.00
DAYS >= .01        23              26.0    -3.0
DAYS >= .10        17              17.0     0.0
DAYS >= .50         7               7.3    -0.3
DAYS >= 1.00        2               2.7    -0.7
GREATEST
 24 HR. TOTAL    1.42   MM
 STORM TOTAL       MM
 (MM/DD(HH))            MM

SNOWFALL (INCHES)
RECORDS
 TOTAL            4.3   2012
 24 HR TOTAL       MM
                        10/28/2008 TO 10/28/2008
TOTALS              T               0.2    -0.2
 LIQUID EQUIV      MM              0.00      MM
SINCE 7/1           T               0.2    -0.2
 LIQUID 7/1        MM
DAYS >= TRACE       3               0.2     2.8
DAYS >= 1.0         0               0.1    -0.1
GREATEST
 SNOW DEPTH         0   MM
 24 HR TOTAL      0.0   MM
 STORM TOTAL       MM
 (MM/DD(HH))            MM

DEGREE_DAYS
HEATING TOTAL     640               824    -184
 SINCE 7/1        640               824    -184
COOLING TOTAL     225               144      81
 SINCE 1/1       1362              1005     357
..............................................................

WIND (MPH)
AVERAGE WIND SPEED              11.0
HIGHEST WIND SPEED/DIRECTION    37/270    DATE  11/20
HIGHEST GUST SPEED/DIRECTION    50/280    DATE  11/21

SKY COVER
POSSIBLE SUNSHINE (PERCENT)   MM
AVERAGE SKY COVER           0.60
NUMBER OF DAYS FAIR           21
NUMBER OF DAYS PC             40
NUMBER OF DAYS CLOUDY         30

AVERAGE RH (PERCENT)     64

WEATHER CONDITIONS. NUMBER OF DAYS WITH
THUNDERSTORM              0     MIXED PRECIP               0
HEAVY RAIN                6     RAIN                      13
LIGHT RAIN               30     FREEZING RAIN              0
LT FREEZING RAIN          0     HAIL                       0
HEAVY SNOW                0     SNOW                       0
LIGHT SNOW                3     SLEET                      0
FOG                      31     FOG W/VIS <= 1/4 MILE      4
HAZE                      9

-  INDICATES NEGATIVE NUMBERS.
R  INDICATES RECORD WAS SET OR TIED.
MM INDICATES DATA IS MISSING.
T  INDICATES TRACE AMOUNT.

$$
