000
CXUS51 KOKX 011843
CLSJFK

CLIMATE REPORT
NATIONAL WEATHER SERVICE NEW YORK NY
139 PM EST MON DEC 1 2014

...THE KENNEDY NY CLIMATE SUMMARY FOR THE SEASON, FROM 9/1/2014 TO
11/30/2014...

CLIMATE NORMAL PERIOD 1981 TO 2010
CLIMATE RECORD PERIOD 1949 TO 2014

WEATHER         OBSERVED          NORMAL  DEPART  LAST YEAR`S
                 VALUE   DATE(S)  VALUE   FROM    VALUE
                                          NORMAL
.............................................................
TEMPERATURE (F)
RECORD
 HIGH              98   09/10/1983
 LOW               19   11/21/1987
                        11/30/1976
HIGHEST            92   09/02        MM      MM
LOWEST             23   11/19        MM      MM
AVG. MAXIMUM     65.2              64.7     0.5
AVG. MINIMUM     51.2              50.4     0.8
MEAN             58.2              57.5     0.7
DAYS MAX >= 90      1               0.5     0.5
DAYS MAX <= 32      0               0.1    -0.1
DAYS MIN <= 32      9               3.1     5.9
DAYS MIN <= 0       0               0.0     0.0

PRECIPITATION (INCHES)
RECORD
 MAXIMUM        21.18   2005
 MINIMUM         4.17   1965
TOTALS           9.60             10.42   -0.82     4.79
DAILY AVG.       0.11              0.11    0.00
DAYS >= .01        27              26.0     1.0
DAYS >= .10        16              17.0    -1.0
DAYS >= .50         6               7.3    -1.3
DAYS >= 1.00        4               2.7     1.3
GREATEST
 24 HR. TOTAL    1.42   MM
 STORM TOTAL       MM
 (MM/DD(HH))            MM

SNOWFALL (INCHES)
RECORDS
 TOTAL            4.3   2012
 24 HR TOTAL       MM
                        10/28/2008 TO 10/28/2008
TOTALS            0.1               0.2    -0.1
 LIQUID EQUIV    0.01              0.00    0.01
SINCE 7/1         0.1               0.2    -0.1
 LIQUID 7/1      0.01
DAYS >= TRACE       3               0.2     2.8
DAYS >= 1.0         0               0.1    -0.1
GREATEST
 SNOW DEPTH         0   MM
 24 HR TOTAL      0.1   MM
 STORM TOTAL       MM
 (MM/DD(HH))            MM

DEGREE_DAYS
HEATING TOTAL     784               824     -40
 SINCE 7/1        784               824     -40
COOLING TOTAL     187               144      43
 SINCE 1/1       1050              1005      45
..............................................................

WIND (MPH)
AVERAGE WIND SPEED              11.1
HIGHEST WIND SPEED/DIRECTION    44/350    DATE  11/02
HIGHEST GUST SPEED/DIRECTION    53/350    DATE  11/02

SKY COVER
POSSIBLE SUNSHINE (PERCENT)   MM
AVERAGE SKY COVER           0.70
NUMBER OF DAYS FAIR           15
NUMBER OF DAYS PC             45
NUMBER OF DAYS CLOUDY         31

AVERAGE RH (PERCENT)     63

WEATHER CONDITIONS. NUMBER OF DAYS WITH
THUNDERSTORM              0     MIXED PRECIP               0
HEAVY RAIN                8     RAIN                      13
LIGHT RAIN               37     FREEZING RAIN              0
LT FREEZING RAIN          0     HAIL                       0
HEAVY SNOW                0     SNOW                       2
LIGHT SNOW                0     SLEET                      1
FOG                      23     FOG W/VIS <= 1/4 MILE      2
HAZE                      2

-  INDICATES NEGATIVE NUMBERS.
R  INDICATES RECORD WAS SET OR TIED.
MM INDICATES DATA IS MISSING.
T  INDICATES TRACE AMOUNT.

$$
