000
CXUS51 KOKX 012033
CLSJFK

CLIMATE REPORT
NATIONAL WEATHER SERVICE NEW YORK NY
411 PM EDT MON JUN 1 2015

...................................

...THE KENNEDY NY CLIMATE SUMMARY FOR THE SEASON, FROM
3/1/2015 TO 5/31/2015...

CLIMATE NORMAL PERIOD 1981 TO 2010
CLIMATE RECORD PERIOD 1949 TO 2015

WEATHER         OBSERVED          NORMAL  DEPART  LAST YEAR`S
                 VALUE   DATE(S)  VALUE   FROM    VALUE
                                          NORMAL
.............................................................
TEMPERATURE (F)
RECORD
 HIGH              99   05/29/1969
 LOW                4   03/26/1960
HIGHEST            87   05/12        MM      MM
LOWEST             13   03/06        MM      MM
AVG. MAXIMUM     59.7              58.8     0.9
AVG. MINIMUM     43.3              43.5    -0.2
MEAN             51.5              51.2     0.3
DAYS MAX >= 90      0               0.2    -0.2
DAYS MAX <= 32      1               0.8     0.2
DAYS MIN <= 32     19              11.8     7.2
DAYS MIN <= 0       0               0.0     0.0

PRECIPITATION (INCHES)
RECORD
 MAXIMUM        20.40   1984
 MINIMUM         6.52   1981
TOTALS           6.95             11.59   -4.64    14.84
DAILY AVG.       0.07              0.13   -0.06
DAYS >= .01        28              33.9    -5.9
DAYS >= .10        16              20.6    -4.6
DAYS >= .50         5               7.8    -2.8
DAYS >= 1.00        1               3.1    -2.1
GREATEST
 24 HR. TOTAL    1.11   MM
 STORM TOTAL       MM
 (MM/DD(HH))            MM

SNOWFALL (INCHES)
RECORDS
 TOTAL           15.5   1967
 24 HR TOTAL      9.0   03/13/1993 TO 03/13/1993
TOTALS           13.1               4.3     8.8
 LIQUID EQUIV    1.31              0.40    0.91
SINCE 7/1        44.2              23.8    20.4
 LIQUID 7/1      4.42
DAYS >= TRACE      11               2.6     8.4
DAYS >= 1.0         4               1.2     2.8
GREATEST
 SNOW DEPTH         7   03/06
 24 HR TOTAL      5.8   MM
 STORM TOTAL       MM
 (MM/DD(HH))            MM

DEGREE_DAYS
HEATING TOTAL    1279              1307     -28
 SINCE 7/1         MM              4818      MM
COOLING TOTAL      60                35      25
 SINCE 1/1         60                35      25
..............................................................

WIND (MPH)
AVERAGE WIND SPEED              11.4
HIGHEST WIND SPEED/DIRECTION    43/300    DATE  03/17
HIGHEST GUST SPEED/DIRECTION    53/320    DATE  03/17

SKY COVER
POSSIBLE SUNSHINE (PERCENT)   MM
AVERAGE SKY COVER           0.60
NUMBER OF DAYS FAIR           10
NUMBER OF DAYS PC             49
NUMBER OF DAYS CLOUDY         33

AVERAGE RH (PERCENT)     60

WEATHER CONDITIONS. NUMBER OF DAYS WITH
THUNDERSTORM              0     MIXED PRECIP               0
HEAVY RAIN                2     RAIN                      10
LIGHT RAIN               32     FREEZING RAIN              0
LT FREEZING RAIN          1     HAIL                       0
HEAVY SNOW                0     SNOW                       4
LIGHT SNOW               10     SLEET                      3
FOG                      32     FOG W/VIS <= 1/4 MILE     15
HAZE                     15

-  INDICATES NEGATIVE NUMBERS.
R  INDICATES RECORD WAS SET OR TIED.
MM INDICATES DATA IS MISSING.
T  INDICATES TRACE AMOUNT.

$$
