000
CXUS53 KSGF 010638
CF6JLN
PRELIMINARY LOCAL CLIMATOLOGICAL DATA (WS FORM: F-6)
STATION: JOPLIN MO
MONTH: JULY
YEAR: 2020
LATITUDE: 37 10 N
LONGITUDE: 94 30 W
TEMPERATURE IN F: :PCPN: SNOW: WIND :SUNSHINE: SKY :PK WND
================================================================================
1 2 3 4 5 6A 6B 7 8 9 10 11 12 13 14 15 16 17 18
12Z AVG MX 2MIN
DY MAX MIN AVG DEP HDD CDD WTR SNW DPTH SPD SPD DIR MIN PSBL S-S WX SPD DR
================================================================================
1 94 76 85 6 0 20 0.00 M M 8.9 16 110 M M 3 25 120
2 95 70 83 4 0 18 1.52 M M 4.9 37 300 M M 3 138 45 310
3 92 69 81 2 0 16 T M M 4.8 23 360 M M 2 38 33 10
4 91 69 80 0 0 15 0.00 M M 5.1 20 90 M M 2 138 27 80
5 90 70 80 0 0 15 0.00 M M 5.4 13 120 M M 1 18 19 80
6 92 71 82 2 0 17 0.00 M M 2.8 12 130 M M 2 18 15 130
7 93 71 82 2 0 17 0.00 M M 2.0 10 150 M M 1 14 130
8 92 72 82 2 0 17 0.00 M M 6.7 13 170 M M 1 17 180
9 82 68 75 -5 0 10 0.55 M M 7.0 26 170 M M 3 13 35 170
10 89 67 78 -2 0 13 0.00 M M 3.3 14 200 M M 2 18 180
11 95 70 83 3 0 18 0.00 M M 6.8 22 230 M M 0 3 30 220
12 90 70 80 0 0 15 T M M 6.8 20 250 M M 2 26 250
13 88 66 77 -3 0 12 0.00 M M 7.1 16 170 M M 0 23 90
14 94 73 84 4 0 19 0.00 M M 10.4 21 180 M M 0 27 190
15 93 76 85 5 0 20 T M M 10.1 18 220 M M 3 25 210
16 91 70 81 1 0 16 0.17 M M 4.8 25 300 M M 2 13 37 300
17 95 74 85 5 0 20 T M M 10.3 21 150 M M 1 3 27 150
18 93 77 85 5 0 20 0.00 M M 14.2 22 210 M M 1 29 210
19 93 75 84 4 0 19 0.00 M M 9.6 20 200 M M 1 3 28 40
20 93 73 83 2 0 18 0.00 M M 7.0 16 180 M M 1 20 220
21 90 73 82 1 0 17 0.00 M M 9.3 22 220 M M 2 3 29 220
22 95 71 83 2 0 18 0.00 M M 5.7 13 170 M M 2 18 340
23 94 71 83 2 0 18 0.00 M M 4.8 13 180 M M 2 18 180
24 96 74 85 4 0 20 0.00 M M 7.0 13 140 M M 1 19 150
25 95 73 84 3 0 19 T M M 7.3 16 190 M M 1 22 170
26 95 75 85 4 0 20 T M M 8.0 15 240 M M 2 22 200
27 87 72 80 -1 0 15 0.10 M M 7.9 18 220 M M 4 13 22 230
28 89 71 80 -1 0 15 0.00 M M 3.8 16 250 M M 7 123 19 250
29 86 71 79 -2 0 14 0.64 M M 6.3 18 290 M M 9 13 26 280
30 89 70 80 -1 0 15 0.29 M M 10.4 30 250 M M 5 13 41 250
31 78 64 71 -10 0 6 0.39 M M 10.1 21 360 M M 8 1 33 10
================================================================================
SM 2829 2212 0 512 3.66 M 218.6 M 74
================================================================================
AV 91.3 71.4 7.1 FASTST M M 2 MAX(MPH)
MISC ----> 37 300 45 310
================================================================================
NOTES:
# LAST OF SEVERAL OCCURRENCES
COLUMN 17 PEAK WIND IN M.P.H.
PRELIMINARY LOCAL CLIMATOLOGICAL DATA (WS FORM: F-6) , PAGE 2
STATION: JOPLIN MO
MONTH: JULY
YEAR: 2020
LATITUDE: 37 10 N
LONGITUDE: 94 30 W
[TEMPERATURE DATA] [PRECIPITATION DATA] SYMBOLS USED IN COLUMN 16
AVERAGE MONTHLY: 81.3 TOTAL FOR MONTH: 3.66 1 = FOG OR MIST
DPTR FM NORMAL: 1.1 DPTR FM NORMAL: -0.15 2 = FOG REDUCING VISIBILITY
HIGHEST: 96 ON 24 GRTST 24HR 1.52 ON 2- 2 TO 1/4 MILE OR LESS
LOWEST: 64 ON 31 3 = THUNDER
SNOW, ICE PELLETS, HAIL 4 = ICE PELLETS
TOTAL MONTH: M 5 = HAIL
GRTST 24HR M ON M 6 = FREEZING RAIN OR DRIZZLE
GRTST DEPTH: M ON M 7 = DUSTSTORM OR SANDSTORM:
VSBY 1/2 MILE OR LESS
8 = SMOKE OR HAZE
[NO. OF DAYS WITH] [WEATHER - DAYS WITH] 9 = BLOWING SNOW
X = TORNADO
MAX 32 OR BELOW: 0 0.01 INCH OR MORE: 7
MAX 90 OR ABOVE: 23 0.10 INCH OR MORE: 7
MIN 32 OR BELOW: 0 0.50 INCH OR MORE: 3
MIN 0 OR BELOW: 0 1.00 INCH OR MORE: 1
[HDD (BASE 65) ]
TOTAL THIS MO. 0 CLEAR (SCALE 0-3) 24
DPTR FM NORMAL 0 PTCLDY (SCALE 4-7) 6
TOTAL FM JUL 1 0 CLOUDY (SCALE 8-10) 1
DPTR FM NORMAL 0
[CDD (BASE 65) ]
TOTAL THIS MO. 512
DPTR FM NORMAL 39 [PRESSURE DATA]
TOTAL FM JAN 1 1030 HIGHEST SLP M ON M
DPTR FM NORMAL 59 LOWEST SLP 29.73 ON 9
[REMARKS]
#FINAL-07-20#