000
CXUS51 KCTP 010800
CF6JST
PRELIMINARY LOCAL CLIMATOLOGICAL DATA (WS FORM: F-6)
STATION: JOHNSTOWN
MONTH: JUNE
YEAR: 2023
LATITUDE: 40 18 N
LONGITUDE: 78 50 W
TEMPERATURE IN F: :PCPN: SNOW: WIND :SUNSHINE: SKY :PK WND
================================================================================
1 2 3 4 5 6A 6B 7 8 9 10 11 12 13 14 15 16 17 18
12Z AVG MX 2MIN
DY MAX MIN AVG DEP HDD CDD WTR SNW DPTH SPD SPD DIR MIN PSBL S-S WX SPD DR
================================================================================
1 82 53 68 5 0 3 0.00 M M 3.1 14 70 M M 0 21 70
2 85 59 72 9 0 7 0.00 M M 4.9 14 50 M M 0 22 40
3 84 62 73 10 0 8 0.13 M M 5.8 23 10 M M 2 13 32 10
4 73 53 63 0 2 0 0.01 M M 6.5 13 360 M M 5 1 18 30
5 71 47 59 -5 6 0 0.00 M M 5.7 14 310 M M 1 8 26 350
6 73 49 61 -3 4 0 T M M 10.2 22 310 M M 2 8 30 320
7 68 48 58 -6 7 0 0.00 M M 7.0 16 310 M M 1 8 21 270
8 63 44 54 -10 11 0 T M M 6.7 17 320 M M 6 8 29 280
9 64 47 56 -9 9 0 0.01 M M 8.4 17 300 M M 8 23 350
10 75 51 63 -2 2 0 0.00 M M 7.9 17 290 M M 2 22 280
11 79 56 68 3 0 3 T M M 6.6 16 180 M M 4 22 170
12 68 52 60 -5 5 0 0.71 M M 12.0 17 170 M M 7 12 23 160
13 68 50 59 -7 6 0 0.76 M M M M M M M 7 1 M M
14 68 52 60 -6 5 0 0.55 M M M M M M M 7 1 M M
15 68 48 58 -8 7 0 0.00 M M 5.8 13 280 M M 1 16 250
16 67 54 61 -5 4 0 0.74 M M 7.9 16 320 M M 8 123 23 100
17 72 54 63 -3 2 0 0.00 M M 11.6 22 300 M M 6 128 27 300
18 75 50 63 -4 2 0 0.00 M M 5.4 12 300 M M 0 15 330
19 79 58 69 2 0 4 0.00 M M 6.6 14 160 M M 1 20 150
20 75 62 69 2 0 4 0.00 M M 7.6 17 150 M M 3 1 22 150
21 71 53 62 -5 3 0 0.32 M M 7.9 17 100 M M 4 1 25 80
22 60 53 57 -11 8 0 0.22 M M 7.5 14 90 M M 10 1 22 90
23 73 58 66 -2 0 1 0.26 M M 5.7 10 160 M M 10 1 15 140
24 71 63 67 -1 0 2 0.07 M M 6.8 15 240 M M 9 1 19 260
25 80 62 71 3 0 6 0.30 M M 4.6 21 240 M M 7 123 26 230
26 79 62 71 3 0 6 0.36 M M 7.8 20 230 M M 4 123 26 220
27 66 61 64 -4 1 0 0.53 M M 9.6 16 280 M M 9 1 23 260
28 66 56 61 -8 4 0 0.01 M M 9.2 17 310 M M 8 128 22 300
29 75 53 64 -5 1 0 0.00 M M 4.1 10 260 M M 10 128 14 220
30 73 59 66 -3 0 1 T M M 5.3 14 240 M M 6 18 18 240
================================================================================
SM 2171 1629 89 45 4.98 M 198.2 M 148
================================================================================
AV 72.4 54.3 7.1 FASTST M M 5 MAX(MPH)
MISC ----> 23 10 32 10
================================================================================
NOTES:
# LAST OF SEVERAL OCCURRENCES
COLUMN 17 PEAK WIND IN M.P.H.
PRELIMINARY LOCAL CLIMATOLOGICAL DATA (WS FORM: F-6) , PAGE 2
STATION: JOHNSTOWN
MONTH: JUNE
YEAR: 2023
LATITUDE: 40 18 N
LONGITUDE: 78 50 W
[TEMPERATURE DATA] [PRECIPITATION DATA] SYMBOLS USED IN COLUMN 16
AVERAGE MONTHLY: 63.3 TOTAL FOR MONTH: 4.98 1 = FOG OR MIST
DPTR FM NORMAL: -2.7 DPTR FM NORMAL: 0.58 2 = FOG REDUCING VISIBILITY
HIGHEST: 85 ON 2 GRTST 24HR 1.31 ON 13-14 TO 1/4 MILE OR LESS
LOWEST: 44 ON 8 3 = THUNDER
SNOW, ICE PELLETS, HAIL 4 = ICE PELLETS
TOTAL MONTH: M 5 = HAIL
GRTST 24HR M ON M 6 = FREEZING RAIN OR DRIZZLE
GRTST DEPTH: M ON M 7 = DUSTSTORM OR SANDSTORM:
VSBY 1/2 MILE OR LESS
8 = SMOKE OR HAZE
[NO. OF DAYS WITH] [WEATHER - DAYS WITH] 9 = BLOWING SNOW
X = TORNADO
MAX 32 OR BELOW: 0 0.01 INCH OR MORE: 15
MAX 90 OR ABOVE: 0 0.10 INCH OR MORE: 11
MIN 32 OR BELOW: 0 0.50 INCH OR MORE: 5
MIN 0 OR BELOW: 0 1.00 INCH OR MORE: 0
[HDD (BASE 65) ]
TOTAL THIS MO. 89 CLEAR (SCALE 0-3) 10
DPTR FM NORMAL 30 PTCLDY (SCALE 4-7) 13
TOTAL FM JUL 1 5720 CLOUDY (SCALE 8-10) 7
DPTR FM NORMAL -605
[CDD (BASE 65) ]
TOTAL THIS MO. 45
DPTR FM NORMAL -46 [PRESSURE DATA]
TOTAL FM JAN 1 66 HIGHEST SLP 30.19 ON 21
DPTR FM NORMAL -63 LOWEST SLP 29.48 ON 14
[REMARKS]
#FINAL-06-23#