000
CXUS53 KGRR 010910
CF6JXN
PRELIMINARY LOCAL CLIMATOLOGICAL DATA (WS FORM: F-6)
STATION: JACKSON
MONTH: AUGUST
YEAR: 2022
LATITUDE: 42 16 N
LONGITUDE: 84 28 W
TEMPERATURE IN F: :PCPN: SNOW: WIND :SUNSHINE: SKY :PK WND
================================================================================
1 2 3 4 5 6A 6B 7 8 9 10 11 12 13 14 15 16 17 18
12Z AVG MX 2MIN
DY MAX MIN AVG DEP HDD CDD WTR SNW DPTH SPD SPD DIR MIN PSBL S-S WX SPD DR
================================================================================
1 84 63 74 3 0 9 0.00 M M 8.8 18 240 M M 6 18 31 240
2 83 63 73 2 0 8 0.00 M M 4.3 13 240 M M 3 19 250
3 93 65 79 8 0 14 1.43 M M 10.3 26 290 M M 2 1238 43 230
4 85 70 78 7 0 13 0.63 M M 5.0 23 200 M M 6 138 32 200
5 85 67 76 5 0 11 0.00 M M 3.8 12 100 M M 7 12 15 110
6 88 69 79 8 0 14 0.00 M M 5.4 14 200 M M 1 12 20 210
7 90 70 80 9 0 15 T M M 6.8 29 270 M M 4 42 260
8 86 68 77 6 0 12 0.29 M M 9.2 21 240 M M 8 1 29 240
9 77 58 68 -3 0 3 0.00 M M 4.3 12 340 M M 7 19 330
10 81 53 67 -4 0 2 0.00 M M 2.2 9 310 M M 0 12 16 250
11 78 55 67 -4 0 2 0.00 M M 6.0 14 360 M M 3 21 20
12 78 47 63 -7 2 0 0.00 M M 3.2 9 300 M M 0 1 14 310
13 63 51 57 -13 8 0 0.68 M M 3.5 12 50 M M 6 1 15 170
14 71 58 65 -5 0 0 0.02 M M 6.5 13 90 M M 10 1 19 100
15 79 59 69 -1 0 4 0.01 M M 5.5 14 20 M M 6 23 350
16 81 58 70 0 0 5 0.00 M M 5.4 17 30 M M 1 25 10
17 81 54 68 -2 0 3 0.00 M M 2.9 15 100 M M 2 13 20 110
18 81 52 67 -3 0 2 0.00 M M 4.0 13 220 M M 0 12 18 220
19 82 54 68 -2 0 3 0.00 M M 4.5 13 180 M M 2 1 17 180
20 81 62 72 2 0 7 0.01 M M 5.3 17 160 M M 4 3 23 170
21 80 61 71 1 0 6 0.81 M M 4.1 10 310 M M 6 13 18 300
22 80 58 69 0 0 4 0.00 M M 5.8 12 270 M M 5 1 19 260
23 79 53 66 -3 0 1 0.00 M M 3.4 10 240 M M 0 1 15 340
24 82 58 70 1 0 5 0.00 M M 2.8 8 10 M M 0 1 14 240
25 81 59 70 1 0 5 0.00 M M 4.6 14 180 M M 4 1 17 200
26 76 57 67 -2 0 2 0.00 M M 4.0 12 330 M M 6 1 18 340
27 80 53 67 -2 0 2 0.00 M M 4.6 10 160 M M 1 12 17 170
28 86 58 72 4 0 7 0.00 M M 7.4 17 150 M M 1 1 26 150
29 87 66 77 9 0 12 0.43 M M 8.8 32 270 M M 5 13 54 260
30 78 58 68 0 0 3 0.00 M M 10.8 20 260 M M 5 32 260
31 80 55 68 0 0 3 0.00 M M 7.5 18 240 M M 1 27 240
================================================================================
SM 2516 1832 10 177 4.31 M 170.7 M 112
================================================================================
AV 81.2 59.1 5.5 FASTST M M 4 MAX(MPH)
MISC ----> 32 270 54 260
================================================================================
NOTES:
# LAST OF SEVERAL OCCURRENCES
COLUMN 17 PEAK WIND IN M.P.H.
PRELIMINARY LOCAL CLIMATOLOGICAL DATA (WS FORM: F-6) , PAGE 2
STATION: JACKSON
MONTH: AUGUST
YEAR: 2022
LATITUDE: 42 16 N
LONGITUDE: 84 28 W
[TEMPERATURE DATA] [PRECIPITATION DATA] SYMBOLS USED IN COLUMN 16
AVERAGE MONTHLY: 70.1 TOTAL FOR MONTH: 4.31 1 = FOG OR MIST
DPTR FM NORMAL: 0.2 DPTR FM NORMAL: 0.50 2 = FOG REDUCING VISIBILITY
HIGHEST: 93 ON 3 GRTST 24HR 1.72 ON 3- 4 TO 1/4 MILE OR LESS
LOWEST: 47 ON 12 3 = THUNDER
SNOW, ICE PELLETS, HAIL 4 = ICE PELLETS
TOTAL MONTH: M 5 = HAIL
GRTST 24HR M ON M 6 = FREEZING RAIN OR DRIZZLE
GRTST DEPTH: M ON M 7 = DUSTSTORM OR SANDSTORM:
VSBY 1/2 MILE OR LESS
8 = SMOKE OR HAZE
[NO. OF DAYS WITH] [WEATHER - DAYS WITH] 9 = BLOWING SNOW
X = TORNADO
MAX 32 OR BELOW: 0 0.01 INCH OR MORE: 9
MAX 90 OR ABOVE: 2 0.10 INCH OR MORE: 6
MIN 32 OR BELOW: 0 0.50 INCH OR MORE: 4
MIN 0 OR BELOW: 0 1.00 INCH OR MORE: 1
[HDD (BASE 65) ]
TOTAL THIS MO. 10 CLEAR (SCALE 0-3) 15
DPTR FM NORMAL -8 PTCLDY (SCALE 4-7) 15
TOTAL FM JUL 1 10 CLOUDY (SCALE 8-10) 1
DPTR FM NORMAL -13
[CDD (BASE 65) ]
TOTAL THIS MO. 177
DPTR FM NORMAL 7 [PRESSURE DATA]
TOTAL FM JAN 1 600 HIGHEST SLP 30.27 ON 12
DPTR FM NORMAL 36 LOWEST SLP 29.76 ON 3
[REMARKS]
#FINAL-08-22#