000
CXUS53 KGID 012302
CF6JYR
PRELIMINARY LOCAL CLIMATOLOGICAL DATA (WS FORM: F-6)
STATION: YORK NE
MONTH: JANUARY
YEAR: 2022
LATITUDE: 40 54 N
LONGITUDE: 97 37 W
TEMPERATURE IN F: :PCPN: SNOW: WIND :SUNSHINE: SKY :PK WND
================================================================================
1 2 3 4 5 6A 6B 7 8 9 10 11 12 13 14 15 16 17 18
12Z AVG MX 2MIN
DY MAX MIN AVG DEP HDD CDD WTR SNW DPTH SPD SPD DIR MIN PSBL S-S WX SPD DR
================================================================================
1 7 -4 2 M 63 0 M M M 19.9 32 10 M M 8 8 40 360
2 16 -11 3 M 62 0 0.00 M M 7.7 12 220 M M 0 M M
3 43 9 26 M 39 0 0.00 M M 10.4 15 180 M M 0 20 180
4 59 14 37 M 28 0 0.00 M M 17.2 31 320 M M 1 40 320
5 12 5 9 M 56 0 0.00 M M 19.6 29 310 M M 3 37 310
6 9 -4 3 M 62 0 T M M 10.8 17 350 M M 4 23 350
7 21 7 14 M 51 0 0.00 M M 15.2 23 170 M M 2 28 170
8 43 16 30 M 35 0 0.00 M M 12.9 24 360 M M 2 35 360
9 34 7 21 M 44 0 0.00 M M 9.9 16 360 M M 0 24 360
10 48 16 32 M 33 0 0.00 M M 7.2 12 180 M M 0 M M
11 57 25 41 M 24 0 0.00 M M 10.1 14 310 M M 0 18 330
12 57 25 41 M 24 0 0.00 M M 10.8 17 300 M M 2 17 310
13 55 34 45 M 20 0 0.00 M M 9.6 15 290 M M 0 21 330
14 45 18 32 M 33 0 M M M 14.2 29 360 M M 8 1 47 350
15 21 7 14 M 51 0 M M M 17.4 36 360 M M 4 1 46 360
16 52 9 31 M 34 0 0.00 M M 13.9 20 340 M M 1 31 340
17 55 19 37 M 28 0 0.00 M M 9.4 18 220 M M 1 28 230
18 61 27 44 M 21 0 0.00 M M 11.4 25 360 M M 1 38 360
19 27 0 14 M 51 0 T M M 18.6 28 360 M M 6 37 360
20 16 -6 5 M 60 0 0.00 M M 5.4 9 170 M M 0 M M
21 32 5 19 M 46 0 0.00 M M 14.6 23 190 M M 3 29 190
22 50 18 34 M 31 0 0.00 M M 12.9 21 240 M M 2 27 250
23 48 19 34 M 31 0 0.00 M M 9.9 16 10 M M 8 25 310
24 45 12 29 M 36 0 0.00 M M 13.9 22 360 M M 4 31 10
25 21 3 12 M 53 0 T M M 3.7 12 350 M M 6 15 360
26 39 9 24 M 41 0 0.00 M M 14.0 25 220 M M 2 32 210
27 45 19 32 M 33 0 T M M 12.1 23 10 M M 5 30 10
28 41 18 30 M 35 0 0.00 M M 7.4 12 200 M M 5 18 10
29 61 19 40 M 25 0 0.00 M M 11.7 20 310 M M 0 24 310
30 50 18 34 M 31 0 0.00 M M 8.2 14 210 M M 0 16 200
31 61 21 41 M 24 0 0.00 M M 8.2 16 180 M M 0 24 240
================================================================================
SM 1231 374 1205 0 M M 368.2 M 78
================================================================================
AV 39.7 12.1 11.9 FASTST M M 3 MAX(MPH)
MISC ----> 36 360 M M
================================================================================
NOTES:
# LAST OF SEVERAL OCCURRENCES
COLUMN 17 PEAK WIND IN M.P.H.
PRELIMINARY LOCAL CLIMATOLOGICAL DATA (WS FORM: F-6) , PAGE 2
STATION: YORK NE
MONTH: JANUARY
YEAR: 2022
LATITUDE: 40 54 N
LONGITUDE: 97 37 W
[TEMPERATURE DATA] [PRECIPITATION DATA] SYMBOLS USED IN COLUMN 16
AVERAGE MONTHLY: 25.9 TOTAL FOR MONTH: M 1 = FOG OR MIST
DPTR FM NORMAL: M DPTR FM NORMAL: M 2 = FOG REDUCING VISIBILITY
HIGHEST: 61 ON 31,29 GRTST 24HR M ON M TO 1/4 MILE OR LESS
LOWEST: -11 ON 2 3 = THUNDER
SNOW, ICE PELLETS, HAIL 4 = ICE PELLETS
TOTAL MONTH: M 5 = HAIL
GRTST 24HR M ON M 6 = FREEZING RAIN OR DRIZZLE
GRTST DEPTH: M ON M 7 = DUSTSTORM OR SANDSTORM:
VSBY 1/2 MILE OR LESS
8 = SMOKE OR HAZE
[NO. OF DAYS WITH] [WEATHER - DAYS WITH] 9 = BLOWING SNOW
X = TORNADO
MAX 32 OR BELOW: 10 0.01 INCH OR MORE: M
MAX 90 OR ABOVE: 0 0.10 INCH OR MORE: M
MIN 32 OR BELOW: 30 0.50 INCH OR MORE: M
MIN 0 OR BELOW: 5 1.00 INCH OR MORE: M
[HDD (BASE 65) ]
TOTAL THIS MO. 1205 CLEAR (SCALE 0-3) 21
DPTR FM NORMAL M PTCLDY (SCALE 4-7) 9
TOTAL FM JUL 1 3146 CLOUDY (SCALE 8-10) 1
DPTR FM NORMAL M
[CDD (BASE 65) ]
TOTAL THIS MO. 0
DPTR FM NORMAL M [PRESSURE DATA]
TOTAL FM JAN 1 0 HIGHEST SLP M ON M
DPTR FM NORMAL M LOWEST SLP M ON M
[REMARKS]
#FINAL-01-22#