000
CXUS52 KTBW 102003
CF6LAL
PRELIMINARY LOCAL CLIMATOLOGICAL DATA (WS FORM: F-6)
STATION: LAKELAND LINDER
MONTH: DECEMBER
YEAR: 2021
LATITUDE: 28 0 N
LONGITUDE: 82 3 W
TEMPERATURE IN F: :PCPN: SNOW: WIND :SUNSHINE: SKY :PK WND
================================================================================
1 2 3 4 5 6A 6B 7 8 9 10 11 12 13 14 15 16 17 18
12Z AVG MX 2MIN
DY MAX MIN AVG DEP HDD CDD WTR SNW DPTH SPD SPD DIR MIN PSBL S-S WX SPD DR
================================================================================
1 77 46 62 -4 3 0 0.00 0.0 0 1.7 7 100 M M 2 M M
2 76 55 66 0 0 1 0.00 0.0 0 2.7 10 360 M M 0 M M
3 76 50 63 -2 2 0 0.00 0.0 0 1.7 9 350 M M 3 12 M M
4 77 50 64 -1 1 0 0.00 0.0 0 0.8 4 330 M M 0 1 M M
5 80 55 68 3 0 3 0.00 0.0 0 2.8 7 100 M M 3 M M
6 83 59 71 6 0 6 0.00 0.0 0 2.8 7 270 M M 2 12 M M
7 79 59 69 4 0 4 0.00 0.0 0 2.1 12 270 M M 5 12 M M
8 84 63 74 10 0 9 0.00 0.0 0 6.3 12 240 M M 5 12 M M
9 81 64 73 9 0 8 0.00 0.0 0 1.3 5 200 M M 7 12 M M
10 85 58 72 8 0 7 0.00 0.0 0 5.5 9 120 M M 5 12 M M
11 85 64 75 11 0 10 0.00 0.0 0 4.9 9 190 M M 2 1 M M
12 85 64 75 11 0 10 0.00 0.0 0 3.1 7 20 M M 5 12 M M
13 83 63 73 9 0 8 0.00 0.0 0 5.4 8 30 M M 1 M M
14 81 66 74 10 0 9 0.00 0.0 0 8.1 13 80 M M 7 1 M M
15 81 63 72 9 0 7 0.05 0.0 0 10.0 16 70 M M 4 M M
16 82 66 74 11 0 9 0.00 0.0 0 7.6 14 140 M M 3 M M
17 82 63 73 10 0 8 0.00 0.0 0 5.5 14 130 M M 0 1 M M
18 83 63 73 10 0 8 0.00 0.0 0 4.9 10 170 M M 3 M M
19 85 69 77 14 0 12 0.00 0.0 0 4.8 15 260 M M 4 1 21 230
20 81 67 74 11 0 9 0.00 0.0 0 11.6 15 50 M M 10 21 60
21 73 62 68 5 0 3 0.81 0.0 0 11.0 18 60 M M 10 3 25 60
22 70 52 61 -1 4 0 0.00 0.0 0 8.6 16 290 M M 5 22 320
23 66 45 56 -6 9 0 0.00 0.0 0 3.1 9 360 M M 0 M M
24 75 48 62 0 3 0 0.00 0.0 0 2.7 8 100 M M 1 M M
25 79 44 62 0 3 0 0.00 0.0 0 2.4 8 270 M M 0 M M
26 80 53 67 5 0 2 0.00 0.0 0 1.9 10 270 M M 1 M M
27 81 53 67 5 0 2 0.00 0.0 0 1.5 7 280 M M 3 1 M M
28 80 54 67 5 0 2 0.00 0.0 0 2.6 10 190 M M 2 1 M M
29 84 61 73 11 0 8 0.00 0.0 0 5.4 13 180 M M 3 1 16 210
30 82 61 72 10 0 7 0.00 0.0 0 2.3 7 270 M M 5 12 M M
31 83 68 76 14 0 11 0.00 0.0 0 3.7 7 270 M M 6 1 M M
================================================================================
SM 2479 1808 25 163 0.86 0.0 138.8 M 107
================================================================================
AV 80.0 58.3 4.5 FASTST M M 3 MAX(MPH)
MISC ----> 18 60 25 60
================================================================================
NOTES:
# LAST OF SEVERAL OCCURRENCES
COLUMN 17 PEAK WIND IN M.P.H.
PRELIMINARY LOCAL CLIMATOLOGICAL DATA (WS FORM: F-6) , PAGE 2
STATION: LAKELAND LINDER
MONTH: DECEMBER
YEAR: 2021
LATITUDE: 28 0 N
LONGITUDE: 82 3 W
[TEMPERATURE DATA] [PRECIPITATION DATA] SYMBOLS USED IN COLUMN 16
AVERAGE MONTHLY: 69.1 TOTAL FOR MONTH: 0.86 1 = FOG OR MIST
DPTR FM NORMAL: 4.3 DPTR FM NORMAL: -1.75 2 = FOG REDUCING VISIBILITY
HIGHEST: 85 ON 19,12 GRTST 24HR 0.81 ON 21-21 TO 1/4 MILE OR LESS
LOWEST: 44 ON 25 3 = THUNDER
SNOW, ICE PELLETS, HAIL 4 = ICE PELLETS
TOTAL MONTH: 0.0 INCH 5 = HAIL
GRTST 24HR 0.0 6 = FREEZING RAIN OR DRIZZLE
GRTST DEPTH: 0 7 = DUSTSTORM OR SANDSTORM:
VSBY 1/2 MILE OR LESS
8 = SMOKE OR HAZE
[NO. OF DAYS WITH] [WEATHER - DAYS WITH] 9 = BLOWING SNOW
X = TORNADO
MAX 32 OR BELOW: 0 0.01 INCH OR MORE: 2
MAX 90 OR ABOVE: 0 0.10 INCH OR MORE: 1
MIN 32 OR BELOW: 0 0.50 INCH OR MORE: 1
MIN 0 OR BELOW: 0 1.00 INCH OR MORE: 0
[HDD (BASE 65) ]
TOTAL THIS MO. 25 CLEAR (SCALE 0-3) 16
DPTR FM NORMAL -98 PTCLDY (SCALE 4-7) 13
TOTAL FM JUL 1 63 CLOUDY (SCALE 8-10) 2
DPTR FM NORMAL -105
[CDD (BASE 65) ]
TOTAL THIS MO. 163
DPTR FM NORMAL 89 [PRESSURE DATA]
TOTAL FM JAN 1 4121 HIGHEST SLP M ON M
DPTR FM NORMAL 407 LOWEST SLP M ON M
[REMARKS]
#FINAL-12-21#