000
CXUS55 KCYS 151037
CF6LAR
PRELIMINARY LOCAL CLIMATOLOGICAL DATA (WS FORM: F-6)...CORRECTED
STATION: LARAMIE WYOMING AIRPORT
MONTH: JULY
YEAR: 2021
LATITUDE: 41 18 N
LONGITUDE: 105 40 W
TEMPERATURE IN F: :PCPN: SNOW: WIND :SUNSHINE: SKY :PK WND
================================================================================
1 2 3 4 5 6A 6B 7 8 9 10 11 12 13 14 15 16 17 18
12Z AVG MX 2MIN
DY MAX MIN AVG DEP HDD CDD WTR SNW DPTH SPD SPD DIR MIN PSBL S-S WX SPD DR
================================================================================
1 74 50 62 0 3 0 0.02 M M 10.5 26 300 M M 2 3 33 300
2 80 51 66 3 0 1 0.01 M M 9.5 28 250 M M 2 40 250
3 82 52 67 4 0 2 T M M 9.8 26 190 M M 1 3 33 190
4 80 52 66 3 0 1 T M M 8.5 26 230 M M 1 3 35 240
5 83 52 68 5 0 3 0.17 M M 12.5 30 290 M M 4 138 35 290
6 77 51 64 0 1 0 0.00 M M 8.4 17 60 M M 3 24 60
7 85 51 68 4 0 3 0.00 M M 10.2 18 150 M M 0 25 140
8 91 54 73 9 0 8 T M M 10.5 33 320 M M 1 43 320
9 93 52 73 9 0 8 T M M 14.8 33 300 M M 0 3 46 260
10 78 48 63 -1 2 0 0.00 M M 8.7 23 350 M M 1 31 340
11 82 45 64 -1 1 0 0.00 M M 8.2 16 350 M M 0 21 350
12 86 46 66 1 0 1 T M M 10.0 33 170 M M 1 46 170
13 82 53 68 3 0 3 0.26 M M 10.4 33 270 M M 1 3 50 220
14 81 53 67 2 0 2 0.08 M M 9.3 25 90 M M 2 3 32 80
15 83 48 66 1 0 1 T M M 7.7 26 200 M M 1 38 34 200
16 83 48 66 1 0 1 0.00 M M 9.3 25 210 M M 0 33 220
17 84 48 66 1 0 1 0.00 M M 8.9 36 270 M M 1 46 290
18 87 49 68 2 0 3 0.00 M M 8.4 18 80 M M 0 8 23 90
19 88 49 69 3 0 4 0.00 M M 8.3 20 110 M M 0 29 110
20 89 52 71 5 0 6 1.19 M M 9.9 30 310 M M 2 13 37 310
21 83 58 71 5 0 6 T M M 6.7 18 160 M M 3 24 170
22 83 55 69 3 0 4 0.01 M M 8.8 29 210 M M 5 3 36 210
23 78 58 68 2 0 3 T M M 7.6 21 360 M M 4 29 10
24 80 49 65 -1 0 0 0.00 M M 11.7 25 150 M M 0 8 36 160
25 85 54 70 4 0 5 0.00 M M 11.6 25 140 M M 1 35 150
26 88 50 69 3 0 4 0.00 M M 8.5 20 160 M M 0 26 160
27 87 49 68 2 0 3 0.00 M M 9.1 22 140 M M 0 29 150
28 91 53 72 6 0 7 0.00 M M 9.6 22 60 M M 0 30 350
29 83 52 68 2 0 3 T M M 12.7 33 130 M M 1 38 46 140
30 83 56 70 4 0 5 0.09 M M 7.2 26 150 M M 4 3 38 230
31 69 53 61 -4 4 0 T M M 7.8 17 110 M M 8 18 24 70
================================================================================
SM 2578 1591 11 88 1.83 M 295.1 M 49
================================================================================
AV 83.2 51.3 9.5 FASTST M M 2 MAX(MPH)
MISC ----> 36 270 50 220
================================================================================
NOTES:
# LAST OF SEVERAL OCCURRENCES
COLUMN 17 PEAK WIND IN M.P.H.
PRELIMINARY LOCAL CLIMATOLOGICAL DATA (WS FORM: F-6) , PAGE 2
STATION: LARAMIE WYOMING AIRPORT
MONTH: JULY
YEAR: 2021
LATITUDE: 41 18 N
LONGITUDE: 105 40 W
[TEMPERATURE DATA] [PRECIPITATION DATA] SYMBOLS USED IN COLUMN 16
AVERAGE MONTHLY: 67.2 TOTAL FOR MONTH: 1.83 1 = FOG OR MIST
DPTR FM NORMAL: 2.4 DPTR FM NORMAL: 0.49 2 = FOG REDUCING VISIBILITY
HIGHEST: 93 ON 9 GRTST 24HR 1.19 ON 20-20 TO 1/4 MILE OR LESS
LOWEST: 45 ON 11 3 = THUNDER
SNOW, ICE PELLETS, HAIL 4 = ICE PELLETS
TOTAL MONTH: M 5 = HAIL
GRTST 24HR M ON M 6 = FREEZING RAIN OR DRIZZLE
GRTST DEPTH: M ON M 7 = DUSTSTORM OR SANDSTORM:
VSBY 1/2 MILE OR LESS
8 = SMOKE OR HAZE
[NO. OF DAYS WITH] [WEATHER - DAYS WITH] 9 = BLOWING SNOW
X = TORNADO
MAX 32 OR BELOW: 0 0.01 INCH OR MORE: 8
MAX 90 OR ABOVE: 3 0.10 INCH OR MORE: 3
MIN 32 OR BELOW: 0 0.50 INCH OR MORE: 1
MIN 0 OR BELOW: 0 1.00 INCH OR MORE: 1
[HDD (BASE 65) ]
TOTAL THIS MO. 11 CLEAR (SCALE 0-3) 25
DPTR FM NORMAL -45 PTCLDY (SCALE 4-7) 6
TOTAL FM JUL 1 11 CLOUDY (SCALE 8-10) 0
DPTR FM NORMAL -41
[CDD (BASE 65) ]
TOTAL THIS MO. 88
DPTR FM NORMAL 39 [PRESSURE DATA]
TOTAL FM JAN 1 139 HIGHEST SLP 30.26 ON 31
DPTR FM NORMAL 80 LOWEST SLP 29.75 ON 8
[REMARKS]
JULY 9...RECORD HIGH 93 DEGREES (PREVIOUS 92 DEGREES IN 1989)
JULY 20...RECORD PRECIPITATION 1.19" (PREVIOUS 0.72" IN 1976)
JULY 28...TIED RECORD HIGH 91 DEGREES PREVIOUSLY SET IN 2006
MEAN TEMPERATURE 67.2 DEGREES WAS 5TH WARMEST FOR JULY
#FINAL-07-21#