000
CXUS55 KVEF 010910
CF6LAS
PRELIMINARY LOCAL CLIMATOLOGICAL DATA (WS FORM: F-6)
STATION: LAS VEGAS NV
MONTH: OCTOBER
YEAR: 2023
LATITUDE: 36 4 N
LONGITUDE: 115 10 W
TEMPERATURE IN F: :PCPN: SNOW: WIND :SUNSHINE: SKY :PK WND
================================================================================
1 2 3 4 5 6A 6B 7 8 9 10 11 12 13 14 15 16 17 18
12Z AVG MX 2MIN
DY MAX MIN AVG DEP HDD CDD WTR SNW DPTH SPD SPD DIR MIN PSBL S-S WX SPD DR
================================================================================
1 74 58 66 -11 0 1 0.13 0.0 0 7.3 24 280 M M 4 3 33 260
2 75 55 65 -12 0 0 0.00 0.0 0 3.5 9 10 M M 4 15 320
3 78 58 68 -8 0 3 0.00 0.0 0 2.9 12 320 M M 1 17 290
4 85 62 74 -2 0 9 0.00 0.0 0 7.1 20 40 M M 0 26 30
5 88 63 76 1 0 11 0.00 0.0 0 5.4 15 30 M M 0 8 22 50
6 91 65 78 3 0 13 0.00 0.0 0 6.1 17 60 M M 0 22 40
7 93 67 80 6 0 15 0.00 0.0 0 3.2 12 30 M M 0 17 30
8 94 67 81 7 0 16 0.00 0.0 0 3.1 8 240 M M 1 11 360
9 93 68 81 8 0 16 0.00 0.0 0 5.3 16 240 M M 4 23 240
10 89 72 81 8 0 16 0.00 0.0 0 11.3 18 230 M M 2 28 190
11 84 65 75 3 0 10 0.00 0.0 0 11.9 26 360 M M 1 34 360
12 75 62 69 -3 0 4 0.00 0.0 0 8.8 22 340 M M 0 29 340
13 77 57 67 -5 0 2 0.00 0.0 0 3.6 15 30 M M 5 26 20
14 80 56 68 -3 0 3 0.00 0.0 0 3.0 9 50 M M 2 13 50
15 87 58 73 2 0 8 0.00 0.0 0 3.1 9 10 M M 0 14 20
16 90 61 76 6 0 11 0.00 0.0 0 2.7 8 20 M M 0 10 20
17 90 63 77 7 0 12 0.00 0.0 0 3.8 8 210 M M 1 11 200
18 93 64 79 9 0 14 0.00 0.0 0 3.4 8 200 M M 0 12 30
19 92 66 79 10 0 14 0.00 0.0 0 3.5 8 210 M M 0 13 30
20 93 66 80 11 0 15 0.00 0.0 0 3.6 9 200 M M 0 11 20
21 92 66 79 11 0 14 0.00 0.0 0 4.0 9 200 M M 1 14 180
22 88 65 77 9 0 12 0.00 0.0 0 8.2 24 230 M M 1 35 220
23 77 61 69 2 0 4 0.00 0.0 0 5.4 22 230 M M 1 33 210
24 81 59 70 3 0 5 0.00 0.0 0 3.5 8 230 M M 1 12 70
25 82 59 71 5 0 6 0.00 0.0 0 7.7 23 240 M M 2 33 240
26 77 62 70 4 0 5 0.00 0.0 0 6.3 17 200 M M 4 25 210
27 75 57 66 0 0 1 0.00 0.0 0 3.9 9 230 M M 5 12 80
28 74 55 65 0 0 0 0.00 0.0 0 11.0 26 360 M M 1 36 360
29 63 48 56 -9 9 0 0.00 0.0 0 16.7 26 40 M M 0 41 330
30 67 47 57 -7 8 0 0.00 0.0 0 7.5 18 350 M M 0 26 360
31 72 46 59 -5 6 0 0.00 0.0 0 4.2 15 50 M M 3 22 50
================================================================================
SM 2569 1878 23 240 0.13 0.0 181.0 M 44
================================================================================
AV 82.9 60.6 5.8 FASTST M M 1 MAX(MPH)
MISC ----> # 26 360 41 330
================================================================================
NOTES:
# LAST OF SEVERAL OCCURRENCES
COLUMN 17 PEAK WIND IN M.P.H.
PRELIMINARY LOCAL CLIMATOLOGICAL DATA (WS FORM: F-6) , PAGE 2
STATION: LAS VEGAS NV
MONTH: OCTOBER
YEAR: 2023
LATITUDE: 36 4 N
LONGITUDE: 115 10 W
[TEMPERATURE DATA] [PRECIPITATION DATA] SYMBOLS USED IN COLUMN 16
AVERAGE MONTHLY: 71.7 TOTAL FOR MONTH: 0.13 1 = FOG OR MIST
DPTR FM NORMAL: 1.3 DPTR FM NORMAL: -0.19 2 = FOG REDUCING VISIBILITY
HIGHEST: 94 ON 8 GRTST 24HR 0.13 ON 1- 1 TO 1/4 MILE OR LESS
LOWEST: 46 ON 31 3 = THUNDER
SNOW, ICE PELLETS, HAIL 4 = ICE PELLETS
TOTAL MONTH: 0.0 INCH 5 = HAIL
GRTST 24HR 0.0 6 = FREEZING RAIN OR DRIZZLE
GRTST DEPTH: 0 7 = DUSTSTORM OR SANDSTORM:
VSBY 1/2 MILE OR LESS
8 = SMOKE OR HAZE
[NO. OF DAYS WITH] [WEATHER - DAYS WITH] 9 = BLOWING SNOW
X = TORNADO
MAX 32 OR BELOW: 0 0.01 INCH OR MORE: 1
MAX 90 OR ABOVE: 10 0.10 INCH OR MORE: 1
MIN 32 OR BELOW: 0 0.50 INCH OR MORE: 0
MIN 0 OR BELOW: 0 1.00 INCH OR MORE: 0
[HDD (BASE 65) ]
TOTAL THIS MO. 23 CLEAR (SCALE 0-3) 25
DPTR FM NORMAL -9 PTCLDY (SCALE 4-7) 6
TOTAL FM JUL 1 23 CLOUDY (SCALE 8-10) 0
DPTR FM NORMAL -6
[CDD (BASE 65) ]
TOTAL THIS MO. 240
DPTR FM NORMAL 40 [PRESSURE DATA]
TOTAL FM JAN 1 3641 HIGHEST SLP M ON M
DPTR FM NORMAL -65 LOWEST SLP 29.37 ON 11
[REMARKS]
#FINAL-10-23#