000
CXUS54 KOUN 010910
CF6LAW
PRELIMINARY LOCAL CLIMATOLOGICAL DATA (WS FORM: F-6)
STATION: LAWTON
MONTH: NOVEMBER
YEAR: 2021
LATITUDE: 34 34 N
LONGITUDE: 98 25 W
TEMPERATURE IN F: :PCPN: SNOW: WIND :SUNSHINE: SKY :PK WND
================================================================================
1 2 3 4 5 6A 6B 7 8 9 10 11 12 13 14 15 16 17 18
12Z AVG MX 2MIN
DY MAX MIN AVG DEP HDD CDD WTR SNW DPTH SPD SPD DIR MIN PSBL S-S WX SPD DR
================================================================================
1 67 49 58 1 7 0 0.00 0.0 0 11.0 22 20 M M 5 27 20
2 51 44 48 -8 17 0 0.13 0.0 0 13.0 23 20 M M 10 13 29 20
3 49 44 47 -9 18 0 0.00 0.0 0 8.3 14 40 M M 10 1 17 30
4 53 40 47 -9 18 0 0.00 0.0 0 3.7 10 150 M M 9 1 13 180
5 62 39 51 -4 14 0 0.00 0.0 0 7.2 17 160 M M 4 1 21 160
6 70 36 53 -2 12 0 0.00 0.0 0 5.8 14 170 M M 0 1 18 180
7 78 39 59 5 6 0 0.00 0.0 0 8.1 22 180 M M 0 1 29 170
8 76 49 63 9 2 0 0.00 0.0 0 9.8 20 180 M M 0 27 170
9 76 58 67 13 0 2 0.00 0.0 0 4.4 12 190 M M 3 15 250
10 75 54 65 12 0 0 T 0.0 0 11.5 23 170 M M 4 3 31 170
11 68 45 57 4 8 0 0.00 0.0 0 5.5 15 360 M M 1 24 360
12 64 35 50 -2 15 0 0.00 0.0 0 9.2 29 20 M M 0 39 30
13 67 30 49 -3 16 0 0.00 0.0 0 6.3 17 170 M M 0 23 170
14 69 36 53 1 12 0 0.00 0.0 0 7.2 30 20 M M 0 38 20
15 77 34 56 5 9 0 0.00 0.0 0 3.9 12 130 M M 0 1 16 190
16 86 39 63 12 2 0 0.00 0.0 0 10.9 28 170 M M 2 12 36 170
17 69 48 59 9 6 0 0.00 0.0 0 16.3 29 360 M M 1 37 360
18 60 29 45 -5 20 0 0.00 0.0 0 8.3 22 10 M M 0 26 10
19 62 25 44 -6 21 0 0.00 0.0 0 9.8 23 170 M M 1 32 160
20 77 42 60 11 5 0 0.00 0.0 0 8.9 18 170 M M 0 26 160
21 65 42 54 5 11 0 0.00 0.0 0 13.8 28 10 M M 0 35 10
22 68 27 48 -1 17 0 0.00 0.0 0 4.3 15 230 M M 0 22 230
23 74 30 52 4 13 0 0.00 0.0 0 8.1 24 170 M M 0 30 170
24 71 52 62 14 3 0 0.00 0.0 0 13.1 32 10 M M 1 39 360
25 54 25 40 -7 25 0 0.00 0.0 0 15.1 33 10 M M 0 43 10
26 66 22 44 -3 21 0 0.00 0.0 0 6.1 17 200 M M 0 24 200
27 64 34 49 2 16 0 0.00 0.0 0 2.4 13 230 M M 0 17 230
28 67 34 51 5 14 0 0.00 0.0 0 7.1 17 10 M M 0 20 20
29 76 29 53 7 12 0 0.00 0.0 0 3.4 10 190 M M 0 16 210
30 77 33 55 9 10 0 0.00 0.0 0 4.2 12 170 M M 0 16 150
================================================================================
SM 2038 1143 350 2 0.13 0.0 246.7 M 51
================================================================================
AV 67.9 38.1 8.2 FASTST M M 2 MAX(MPH)
MISC ----> 33 10 43 10
================================================================================
NOTES:
# LAST OF SEVERAL OCCURRENCES
COLUMN 17 PEAK WIND IN M.P.H.
PRELIMINARY LOCAL CLIMATOLOGICAL DATA (WS FORM: F-6) , PAGE 2
STATION: LAWTON
MONTH: NOVEMBER
YEAR: 2021
LATITUDE: 34 34 N
LONGITUDE: 98 25 W
[TEMPERATURE DATA] [PRECIPITATION DATA] SYMBOLS USED IN COLUMN 16
AVERAGE MONTHLY: 53.0 TOTAL FOR MONTH: 0.13 1 = FOG OR MIST
DPTR FM NORMAL: 1.8 DPTR FM NORMAL: -1.37 2 = FOG REDUCING VISIBILITY
HIGHEST: 86 ON 16 GRTST 24HR 0.13 ON 2- 2 TO 1/4 MILE OR LESS
LOWEST: 22 ON 26 3 = THUNDER
SNOW, ICE PELLETS, HAIL 4 = ICE PELLETS
TOTAL MONTH: 0.0 INCH 5 = HAIL
GRTST 24HR 0.0 6 = FREEZING RAIN OR DRIZZLE
GRTST DEPTH: 0 7 = DUSTSTORM OR SANDSTORM:
VSBY 1/2 MILE OR LESS
8 = SMOKE OR HAZE
[NO. OF DAYS WITH] [WEATHER - DAYS WITH] 9 = BLOWING SNOW
X = TORNADO
MAX 32 OR BELOW: 0 0.01 INCH OR MORE: 1
MAX 90 OR ABOVE: 0 0.10 INCH OR MORE: 1
MIN 32 OR BELOW: 8 0.50 INCH OR MORE: 0
MIN 0 OR BELOW: 0 1.00 INCH OR MORE: 0
[HDD (BASE 65) ]
TOTAL THIS MO. 350 CLEAR (SCALE 0-3) 24
DPTR FM NORMAL -72 PTCLDY (SCALE 4-7) 3
TOTAL FM JUL 1 414 CLOUDY (SCALE 8-10) 3
DPTR FM NORMAL -154
[CDD (BASE 65) ]
TOTAL THIS MO. 2
DPTR FM NORMAL -4 [PRESSURE DATA]
TOTAL FM JAN 1 2184 HIGHEST SLP 30.58 ON 18
DPTR FM NORMAL -137 LOWEST SLP 29.66 ON 16
[REMARKS]
#FINAL-11-21#